{"id":781198,"date":"2026-01-20T04:41:29","date_gmt":"2026-01-20T01:41:29","guid":{"rendered":"https:\/\/roveyayinevi.com.tr\/index.php\/urun\/cocukluk-deneyimi-toplu-oykuler-1\/"},"modified":"2026-04-15T03:45:35","modified_gmt":"2026-04-15T00:45:35","slug":"cocukluk-deneyimi-toplu-oykuler-1","status":"publish","type":"product","link":"https:\/\/roveyayinevi.com.tr\/index.php\/urun\/cocukluk-deneyimi-toplu-oykuler-1\/","title":{"rendered":"\u00c7ocukluk Deneyimi: Toplu \u00d6yk\u00fcler 1"},"content":{"rendered":"<p>\u00c7ocuklu\u011fun pastoral manzaralar\u0131, gen\u00e7li\u011fin k\u0131r\u0131lgan tutkular\u0131, ilk dostluklar, ilk yaln\u0131zl\u0131klar\u2026 1899-1902 y\u0131llar\u0131 aras\u0131nda kaleme ald\u0131\u011f\u0131 bu \u00f6yk\u00fclerde Hesse bir yazar olarak hen\u00fcz kendi sesini ararken i\u00e7 d\u00fcnyas\u0131n\u0131 da ke\u015ffediyor. Romantik etkilerin ve bireysel g\u00f6zlemlerinin a\u011f\u0131r bast\u0131\u011f\u0131 bu metinlerde \u00e7ocukluk an\u0131lar\u0131, do\u011faya duyulan derin hayranl\u0131k, edebiyat sevgisi ve \u00f6zg\u00fcrl\u00fck arzusu i\u00e7 i\u00e7e ge\u00e7iyor.   Hermann Hesse\u2019nin toplu \u00f6yk\u00fclerinin ilk cildi olan \u00c7ocukluk Deneyimi gelece\u011fin b\u00fcy\u00fck yazar\u0131n\u0131n toplumdan uzakla\u015fma ve kendine y\u00f6nelme aray\u0131\u015f\u0131, sessiz ama derin bir i\u00e7 konu\u015fma.   \u201cHesse\u2019nin eserleri, s\u0131radan\u0131 ruhani bir d\u00fczleme ta\u015f\u0131yarak onu yeni bir anlam katman\u0131na d\u00f6n\u00fc\u015ft\u00fcr\u00fcr. Bu devrim, politik ya da toplumsal de\u011fil; \u015fiirsel, psikolojik ve insani bir devrimdir.\u201d Thomas Mann<\/p>\n","protected":false},"excerpt":{"rendered":"<p>\u00c7ocuklu\u011fun pastoral manzaralar\u0131, gen\u00e7li\u011fin k\u0131r\u0131lgan tutkular\u0131, ilk dostluklar, ilk yaln\u0131zl\u0131klar\u2026 1899-1902 y\u0131llar\u0131 aras\u0131nda kaleme ald\u0131\u011f\u0131 bu \u00f6yk\u00fclerde Hesse bir yazar olarak hen\u00fcz kendi sesini ararken i\u00e7<span class=\"excerpt-hellip\"> [\u2026]<\/span><\/p>\n","protected":false},"featured_media":0,"template":"","meta":{"_monsterinsights_skip_tracking":false,"_monsterinsights_sitenote_active":false,"_monsterinsights_sitenote_note":"","_monsterinsights_sitenote_category":0},"product_brand":[],"product_cat":[141304],"product_tag":[],"class_list":{"0":"post-781198","1":"product","2":"type-product","3":"status-publish","5":"product_cat-yeni-cikanlar","6":"pa_cilt-ciltsiz","7":"pa_tur-kitap","8":"pa_yayinevi-can-yayinlari","9":"pa_yazar-hermann-hesse","11":"first","12":"instock","13":"sale","14":"shipping-taxable","15":"purchasable","16":"product-type-simple"},"_links":{"self":[{"href":"https:\/\/roveyayinevi.com.tr\/index.php\/wp-json\/wp\/v2\/product\/781198","targetHints":{"allow":["GET"]}}],"collection":[{"href":"https:\/\/roveyayinevi.com.tr\/index.php\/wp-json\/wp\/v2\/product"}],"about":[{"href":"https:\/\/roveyayinevi.com.tr\/index.php\/wp-json\/wp\/v2\/types\/product"}],"wp:attachment":[{"href":"https:\/\/roveyayinevi.com.tr\/index.php\/wp-json\/wp\/v2\/media?parent=781198"}],"wp:term":[{"taxonomy":"product_brand","embeddable":true,"href":"https:\/\/roveyayinevi.com.tr\/index.php\/wp-json\/wp\/v2\/product_brand?post=781198"},{"taxonomy":"product_cat","embeddable":true,"href":"https:\/\/roveyayinevi.com.tr\/index.php\/wp-json\/wp\/v2\/product_cat?post=781198"},{"taxonomy":"product_tag","embeddable":true,"href":"https:\/\/roveyayinevi.com.tr\/index.php\/wp-json\/wp\/v2\/product_tag?post=781198"}],"curies":[{"name":"wp","href":"https:\/\/api.w.org\/{rel}","templated":true}]}}