{"id":781191,"date":"2026-01-20T04:41:15","date_gmt":"2026-01-20T01:41:15","guid":{"rendered":"https:\/\/roveyayinevi.com.tr\/index.php\/urun\/askin-ikinci-sansi-bir-prens-2-kitap\/"},"modified":"2026-04-15T03:45:35","modified_gmt":"2026-04-15T00:45:35","slug":"askin-ikinci-sansi-bir-prens-2-kitap","status":"publish","type":"product","link":"https:\/\/roveyayinevi.com.tr\/index.php\/urun\/askin-ikinci-sansi-bir-prens-2-kitap\/","title":{"rendered":"A\u015fk\u0131n \u0130kinci  \u015eans\u0131: Bir Prens  2. Kitap"},"content":{"rendered":"<p>N\u0130\u015eANLISININ &#8220;GER\u00c7EK \u00c2\u015eKINA&#8221; ENGEL OLAN K\u00d6T\u00dc B\u0130R KIZ OLARAK T\u00dcM OKULDA DED\u0130KODULARI YANKILANAN AMELIA, \u00c7EVRES\u0130 TARAFINDAN ZORBALI\u011eA MARUZ KALMAYA DEVAM ETMEKTED\u0130R. ANCAK PRENS SARGE VE D\u0130\u011eER KRAL\u0130YET A\u0130LES\u0130 B\u0130REYLER\u0130 SAYES\u0130NDE ARTIK YALNIZ DE\u011e\u0130LD\u0130R. JULIUS VE SARGE, AMELIA&#8217;YI KRAL\u0130YET SARAYI&#8217;NA G\u00d6T\u00dcR\u00dcRLER. SARAYDAK\u0130 HERKES AMELIA&#8217;YI \u00c7OK SICAK KAR\u015eILAR. GEN\u00c7 PRENS SARGE, ARA\u015eTIRMASINA OLDUK\u00c7A YO\u011eUNLA\u015eIR VE G\u00d6Z\u00dc ARA\u015eTIRMASI DI\u015eINDA B\u0130R \u015eEY G\u00d6RMEMEKTED\u0130R. BU S\u00dcRE\u00c7TE G\u00dcVENEB\u0130LD\u0130\u011e\u0130 TEK K\u0130\u015e\u0130 AMELIA OLUR VE AMELIA SARGE&#8217;DAN GELEN TEKL\u0130FLE KAR\u015eI KAR\u015eIYA KALIR. SARGE&#8217;IN TEKL\u0130F\u0130NE AMELIA&#8217;NIN CEVABI NE OLACAKTIR? ONA G\u0130ZL\u0130CE HAYRANLIK BESLEYEN D\u00c2H\u0130 B\u0130R PRENS \u0130LE ZORBALI\u011eA MARUZ KALAN ZEK\u0130 VE SEV\u0130ML\u0130 AMELIA\u2019NIN A\u015eK H\u0130K\u00c2YES\u0130 DEVAM ED\u0130YOR!<\/p>\n","protected":false},"excerpt":{"rendered":"<p>N\u0130\u015eANLISININ &#8220;GER\u00c7EK \u00c2\u015eKINA&#8221; ENGEL OLAN K\u00d6T\u00dc B\u0130R KIZ OLARAK T\u00dcM OKULDA DED\u0130KODULARI YANKILANAN AMELIA, \u00c7EVRES\u0130 TARAFINDAN ZORBALI\u011eA MARUZ KALMAYA DEVAM ETMEKTED\u0130R. ANCAK PRENS SARGE VE D\u0130\u011eER<span class=\"excerpt-hellip\"> [\u2026]<\/span><\/p>\n","protected":false},"featured_media":0,"template":"","meta":{"_monsterinsights_skip_tracking":false,"_monsterinsights_sitenote_active":false,"_monsterinsights_sitenote_note":"","_monsterinsights_sitenote_category":0},"product_brand":[],"product_cat":[12291,18202],"product_tag":[],"class_list":{"0":"post-781191","1":"product","2":"type-product","3":"status-publish","5":"product_cat-edebiyat","6":"product_cat-hikaye","7":"pa_cilt-ciltsiz","8":"pa_tur-kitap","9":"pa_yayinevi-artemis-yayinlari","10":"pa_yazar-micoto-sakurai-levin-aoi","12":"first","13":"instock","14":"sale","15":"shipping-taxable","16":"purchasable","17":"product-type-simple"},"_links":{"self":[{"href":"https:\/\/roveyayinevi.com.tr\/index.php\/wp-json\/wp\/v2\/product\/781191","targetHints":{"allow":["GET"]}}],"collection":[{"href":"https:\/\/roveyayinevi.com.tr\/index.php\/wp-json\/wp\/v2\/product"}],"about":[{"href":"https:\/\/roveyayinevi.com.tr\/index.php\/wp-json\/wp\/v2\/types\/product"}],"wp:attachment":[{"href":"https:\/\/roveyayinevi.com.tr\/index.php\/wp-json\/wp\/v2\/media?parent=781191"}],"wp:term":[{"taxonomy":"product_brand","embeddable":true,"href":"https:\/\/roveyayinevi.com.tr\/index.php\/wp-json\/wp\/v2\/product_brand?post=781191"},{"taxonomy":"product_cat","embeddable":true,"href":"https:\/\/roveyayinevi.com.tr\/index.php\/wp-json\/wp\/v2\/product_cat?post=781191"},{"taxonomy":"product_tag","embeddable":true,"href":"https:\/\/roveyayinevi.com.tr\/index.php\/wp-json\/wp\/v2\/product_tag?post=781191"}],"curies":[{"name":"wp","href":"https:\/\/api.w.org\/{rel}","templated":true}]}}