{"id":781185,"date":"2026-01-20T04:41:04","date_gmt":"2026-01-20T01:41:04","guid":{"rendered":"https:\/\/roveyayinevi.com.tr\/index.php\/urun\/hak-hukuk-medya\/"},"modified":"2026-04-15T03:45:35","modified_gmt":"2026-04-15T00:45:35","slug":"hak-hukuk-medya","status":"publish","type":"product","link":"https:\/\/roveyayinevi.com.tr\/index.php\/urun\/hak-hukuk-medya\/","title":{"rendered":"Hak, Hukuk, Medya"},"content":{"rendered":"<p>Elinizdeki kitap, bir \u0131srar\u0131n, kararl\u0131l\u0131\u011f\u0131n ve direncin eseridir. Kitab\u0131n i\u00e7indeki makaleler, g\u00fcn\u00fcm\u00fcz medya sisteminin olu\u015fma-olu\u015fturulma tarihi ve s\u00fcrecinden sendikas\u0131zla\u015ft\u0131rmaya, ifade \u00f6zg\u00fcrl\u00fc\u011f\u00fcn\u00fcn olabildi\u011fine k\u0131s\u0131tlanmas\u0131ndan e\u011fitim hakk\u0131n\u0131n i\u011fdi\u015f edilmesine, medyan\u0131n \u015fiddet temsillerindeki sorunlardan \u00e7evre hakk\u0131 ihlallerine, bar\u0131nma hakk\u0131 ihlallerinden kad\u0131n haklar\u0131 ihlallerine kadar b\u00fct\u00fcn toplumsal, ekonomik ve politik sorunlar\u0131n \u00f6znel ve nesnel analizlerini i\u00e7eriyor. Bu nedenle makalelerin ortak derdi, yaz\u0131ld\u0131\u011f\u0131 tarihlerin hak ihlallerini, tarihsel, politik, sosyolojik, hukuksal ve k\u00fclt\u00fcrel \u00f6r\u00fcnt\u00fcleriyle birlikte kayda ge\u00e7irmek. Kitab\u0131n i\u00e7indeki makalelerin yazarlar\u0131n\u0131n neredeyse t\u00fcm\u00fc ya KHK ile ihra\u00e7 edilerek ya da mobbinge u\u011frayarak hak ihlaline u\u011fram\u0131\u015f \u00f6znelerden ol\u015futu\u011fu i\u00e7in, makaleleri bir yandan nesnel tarihsel ko\u015fullar\u0131 bilimsel olarak analiz eden de\u011ferlendirmeler, di\u011fer yandan da \u00f6zd\u00fc\u015f\u00fcn\u00fcmsel birer serimleme olarak okuyabilirsiniz. Zira kitaptaki makaleler yoluyla g\u00fcn\u00fcm\u00fcz medya ve siyaset ortam\u0131n\u0131n \u00e7orakl\u0131\u011f\u0131n\u0131 ve bunun yaratt\u0131\u011f\u0131 sans\u00fcr-otosans\u00fcr, bask\u0131, denetleme ve b\u00fcy\u00fck g\u00f6zalt\u0131-g\u00f6zetleme mekanizmalar\u0131n\u0131n tarihsel ge\u00e7mi\u015fini incelemek, g\u00fcn\u00fcm\u00fcze de \u0131\u015f\u0131k tutan retrospektif bir \u00f6zd\u00fc\u015f\u00fcn\u00fcme yol a\u00e7m\u0131\u015ft\u0131r; ki bu kitab\u0131n meram\u0131 da bu \u00f6zd\u00fc\u015f\u00fcm\u00fcn \u00e7abas\u0131na geni\u015f bir okur kitlesini davet etmektir.<\/p>\n","protected":false},"excerpt":{"rendered":"<p>Elinizdeki kitap, bir \u0131srar\u0131n, kararl\u0131l\u0131\u011f\u0131n ve direncin eseridir. Kitab\u0131n i\u00e7indeki makaleler, g\u00fcn\u00fcm\u00fcz medya sisteminin olu\u015fma-olu\u015fturulma tarihi ve s\u00fcrecinden sendikas\u0131zla\u015ft\u0131rmaya, ifade \u00f6zg\u00fcrl\u00fc\u011f\u00fcn\u00fcn olabildi\u011fine k\u0131s\u0131tlanmas\u0131ndan e\u011fitim hakk\u0131n\u0131n i\u011fdi\u015f<span class=\"excerpt-hellip\"> [\u2026]<\/span><\/p>\n","protected":false},"featured_media":0,"template":"","meta":{"_monsterinsights_skip_tracking":false,"_monsterinsights_sitenote_active":false,"_monsterinsights_sitenote_note":"","_monsterinsights_sitenote_category":0},"product_brand":[],"product_cat":[15350],"product_tag":[],"class_list":{"0":"post-781185","1":"product","2":"type-product","3":"status-publish","5":"product_cat-hukuk","6":"pa_cilt-ciltsiz","7":"pa_tur-kitap","8":"pa_yayinevi-heretik-yayincilik","9":"pa_yazar-tezcan-durna","11":"first","12":"instock","13":"sale","14":"shipping-taxable","15":"purchasable","16":"product-type-simple"},"_links":{"self":[{"href":"https:\/\/roveyayinevi.com.tr\/index.php\/wp-json\/wp\/v2\/product\/781185","targetHints":{"allow":["GET"]}}],"collection":[{"href":"https:\/\/roveyayinevi.com.tr\/index.php\/wp-json\/wp\/v2\/product"}],"about":[{"href":"https:\/\/roveyayinevi.com.tr\/index.php\/wp-json\/wp\/v2\/types\/product"}],"wp:attachment":[{"href":"https:\/\/roveyayinevi.com.tr\/index.php\/wp-json\/wp\/v2\/media?parent=781185"}],"wp:term":[{"taxonomy":"product_brand","embeddable":true,"href":"https:\/\/roveyayinevi.com.tr\/index.php\/wp-json\/wp\/v2\/product_brand?post=781185"},{"taxonomy":"product_cat","embeddable":true,"href":"https:\/\/roveyayinevi.com.tr\/index.php\/wp-json\/wp\/v2\/product_cat?post=781185"},{"taxonomy":"product_tag","embeddable":true,"href":"https:\/\/roveyayinevi.com.tr\/index.php\/wp-json\/wp\/v2\/product_tag?post=781185"}],"curies":[{"name":"wp","href":"https:\/\/api.w.org\/{rel}","templated":true}]}}