{"id":781177,"date":"2026-01-20T04:40:51","date_gmt":"2026-01-20T01:40:51","guid":{"rendered":"https:\/\/roveyayinevi.com.tr\/index.php\/urun\/modern-istanbulun-yeniden-temsili\/"},"modified":"2026-04-15T03:45:34","modified_gmt":"2026-04-15T00:45:34","slug":"modern-istanbulun-yeniden-temsili","status":"publish","type":"product","link":"https:\/\/roveyayinevi.com.tr\/index.php\/urun\/modern-istanbulun-yeniden-temsili\/","title":{"rendered":"Modern \u0130stanbul\u2019un Yeniden Temsili"},"content":{"rendered":"<p>Osmanl\u0131 \u0130mparatorlu\u011fu&#8217;nun \u00e7\u00f6k\u00fc\u015f\u00fcn\u00fc takiben, \u0130stanbul ba\u015fkent olma stat\u00fcs\u00fcn\u00fc kaybetmi\u015f olsa da T\u00fcrkiye Cumhuriyeti&#8217;nin yeni d\u00f6neminde \u00f6nemli bir kentsel merkez olma konumunu korumu\u015ftur. 1950\u2019lerden bu yanaysa orta \u00f6l\u00e7ekli bir \u015fehirden bir megakente d\u00f6n\u00fc\u015ferek b\u00fcy\u00fck bir de\u011fi\u015fim ge\u00e7irmi\u015ftir. Tarihsel olarak Avrupa el\u00e7iliklerine ve k\u00fclt\u00fcrel kurumlara ev sahipli\u011fi yapm\u0131\u015f, \u0130stanbul\u2019un en \u201ckozmopolit\u201d semti olarak temsil edilen Beyo\u011flu, bu d\u00f6n\u00fc\u015f\u00fcm\u00fcn bir mikrokozmosudur. Bu kitap, daha \u00f6nce \u00e7al\u0131\u015f\u0131lmam\u0131\u015f ar\u015fiv materyallerini kullanan bir dizi vaka \u00e7al\u0131\u015fmas\u0131 arac\u0131l\u0131\u011f\u0131yla Beyo\u011flu\u2019nun kentsel tarihini ele almaktad\u0131r. Bu s\u00fcre\u00e7te kitap, s\u00fcreklilik ve k\u00fclt\u00fcrleraras\u0131 etkile\u015fimler gibi unsurlar\u0131 g\u00f6zler \u00f6n\u00fcne sererken hem g\u00fcn\u00fcm\u00fcz \u0130stanbulu hem de Beyo\u011flu\u2019nun tarihi hakk\u0131ndaki anlay\u0131\u015f\u0131n geli\u015fmesine \u00f6nemli bir katk\u0131da bulunmaktad\u0131r.   \u201cMaessen\u2019in \u00f6zg\u00fcn \u00e7al\u0131\u015fmas\u0131, s\u00f6zde kozmopolit bir kentsel \u00e7evrenin nas\u0131l toplumsal ve k\u00fclt\u00fcrel alan korumas\u0131 i\u00e7in yeni ve tart\u0131\u015fmal\u0131 bir laboratuvara d\u00f6n\u00fc\u015ft\u00fc\u011f\u00fcn\u00fc ortaya koyuyor. Osmanl\u0131\u2019n\u0131n son d\u00f6nemindeki \u00e7o\u011fulculu\u011funun hat\u0131ralar\u0131, So\u011fuk Sava\u015f\u2019\u0131n yans\u0131malar\u0131, ulus in\u015fas\u0131 anlay\u0131\u015f\u0131 ve az\u0131nl\u0131klar\u0131n kente dair haklar\u0131. T\u00fcm bunlar, me\u015fru \u2018sahiplerinin\u2019 h\u00e2l\u00e2 sorguland\u0131\u011f\u0131 bir kentsel manzarada i\u00e7 i\u00e7e ge\u00e7mi\u015ftir.\u201d \u2013Paolo Girardelli, Bo\u011fazi\u00e7i \u00dcniversitesi<\/p>\n","protected":false},"excerpt":{"rendered":"<p>Osmanl\u0131 \u0130mparatorlu\u011fu&#8217;nun \u00e7\u00f6k\u00fc\u015f\u00fcn\u00fc takiben, \u0130stanbul ba\u015fkent olma stat\u00fcs\u00fcn\u00fc kaybetmi\u015f olsa da T\u00fcrkiye Cumhuriyeti&#8217;nin yeni d\u00f6neminde \u00f6nemli bir kentsel merkez olma konumunu korumu\u015ftur. 1950\u2019lerden bu yanaysa orta<span class=\"excerpt-hellip\"> [\u2026]<\/span><\/p>\n","protected":false},"featured_media":0,"template":"","meta":{"_monsterinsights_skip_tracking":false,"_monsterinsights_sitenote_active":false,"_monsterinsights_sitenote_note":"","_monsterinsights_sitenote_category":0},"product_brand":[],"product_cat":[12370,12304],"product_tag":[],"class_list":{"0":"post-781177","1":"product","2":"type-product","3":"status-publish","5":"product_cat-arastirma-inceleme","6":"product_cat-tarih","7":"pa_cilt-ciltsiz","8":"pa_tur-kitap","9":"pa_yayinevi-alfa-yayinlari","10":"pa_yazar-enno-maessen","12":"first","13":"instock","14":"sale","15":"shipping-taxable","16":"purchasable","17":"product-type-simple"},"_links":{"self":[{"href":"https:\/\/roveyayinevi.com.tr\/index.php\/wp-json\/wp\/v2\/product\/781177","targetHints":{"allow":["GET"]}}],"collection":[{"href":"https:\/\/roveyayinevi.com.tr\/index.php\/wp-json\/wp\/v2\/product"}],"about":[{"href":"https:\/\/roveyayinevi.com.tr\/index.php\/wp-json\/wp\/v2\/types\/product"}],"wp:attachment":[{"href":"https:\/\/roveyayinevi.com.tr\/index.php\/wp-json\/wp\/v2\/media?parent=781177"}],"wp:term":[{"taxonomy":"product_brand","embeddable":true,"href":"https:\/\/roveyayinevi.com.tr\/index.php\/wp-json\/wp\/v2\/product_brand?post=781177"},{"taxonomy":"product_cat","embeddable":true,"href":"https:\/\/roveyayinevi.com.tr\/index.php\/wp-json\/wp\/v2\/product_cat?post=781177"},{"taxonomy":"product_tag","embeddable":true,"href":"https:\/\/roveyayinevi.com.tr\/index.php\/wp-json\/wp\/v2\/product_tag?post=781177"}],"curies":[{"name":"wp","href":"https:\/\/api.w.org\/{rel}","templated":true}]}}