{"id":781156,"date":"2026-01-20T04:40:18","date_gmt":"2026-01-20T01:40:18","guid":{"rendered":"https:\/\/roveyayinevi.com.tr\/index.php\/urun\/mutlu-kalpler-kulubu-tatli-ruyalar-cikartmali-boyama-kitabim\/"},"modified":"2026-04-15T03:45:33","modified_gmt":"2026-04-15T00:45:33","slug":"mutlu-kalpler-kulubu-tatli-ruyalar-cikartmali-boyama-kitabim","status":"publish","type":"product","link":"https:\/\/roveyayinevi.com.tr\/index.php\/urun\/mutlu-kalpler-kulubu-tatli-ruyalar-cikartmali-boyama-kitabim\/","title":{"rendered":"Mutlu Kalpler Kul\u00fcb\u00fc &#8211; Tatl\u0131 R\u00fcyalar \u00c7\u0131kartmal\u0131 Boyama Kitab\u0131m"},"content":{"rendered":"<p>Rahat bir yere ge\u00e7, arkana yaslan ve Mutlu Kalpler Kul\u00fcb\u00fc\u2019n\u00fcn d\u00fcnyas\u0131yla tan\u0131\u015f!Sevimli hayvan dostlar\u0131m\u0131z\u0131 uykuya haz\u0131rlamak i\u00e7in sayfalar\u0131 boya ve istedi\u011fin \u00e7\u0131kartmalarla s\u00fcsle.\u015eimdi yarat\u0131c\u0131l\u0131\u011f\u0131n\u0131 g\u00f6sterme s\u0131ras\u0131 sende<\/p>\n","protected":false},"excerpt":{"rendered":"<p>Rahat bir yere ge\u00e7, arkana yaslan ve Mutlu Kalpler Kul\u00fcb\u00fc\u2019n\u00fcn d\u00fcnyas\u0131yla tan\u0131\u015f!Sevimli hayvan dostlar\u0131m\u0131z\u0131 uykuya haz\u0131rlamak i\u00e7in sayfalar\u0131 boya ve istedi\u011fin \u00e7\u0131kartmalarla s\u00fcsle.\u015eimdi yarat\u0131c\u0131l\u0131\u011f\u0131n\u0131 g\u00f6sterme s\u0131ras\u0131<span class=\"excerpt-hellip\"> [\u2026]<\/span><\/p>\n","protected":false},"featured_media":0,"template":"","meta":{"_monsterinsights_skip_tracking":false,"_monsterinsights_sitenote_active":false,"_monsterinsights_sitenote_note":"","_monsterinsights_sitenote_category":0},"product_brand":[],"product_cat":[12644,12274],"product_tag":[],"class_list":{"0":"post-781156","1":"product","2":"type-product","3":"status-publish","5":"product_cat-boyama-kitaplari","6":"product_cat-cocuk-ve-genclik-kitaplari","7":"pa_cilt-ciltsiz","8":"pa_tur-kitap","9":"pa_yayinevi-is-bankasi-kultur-yayinlari","10":"pa_yazar-kiku-ren","12":"first","13":"instock","14":"sale","15":"shipping-taxable","16":"purchasable","17":"product-type-simple"},"_links":{"self":[{"href":"https:\/\/roveyayinevi.com.tr\/index.php\/wp-json\/wp\/v2\/product\/781156","targetHints":{"allow":["GET"]}}],"collection":[{"href":"https:\/\/roveyayinevi.com.tr\/index.php\/wp-json\/wp\/v2\/product"}],"about":[{"href":"https:\/\/roveyayinevi.com.tr\/index.php\/wp-json\/wp\/v2\/types\/product"}],"wp:attachment":[{"href":"https:\/\/roveyayinevi.com.tr\/index.php\/wp-json\/wp\/v2\/media?parent=781156"}],"wp:term":[{"taxonomy":"product_brand","embeddable":true,"href":"https:\/\/roveyayinevi.com.tr\/index.php\/wp-json\/wp\/v2\/product_brand?post=781156"},{"taxonomy":"product_cat","embeddable":true,"href":"https:\/\/roveyayinevi.com.tr\/index.php\/wp-json\/wp\/v2\/product_cat?post=781156"},{"taxonomy":"product_tag","embeddable":true,"href":"https:\/\/roveyayinevi.com.tr\/index.php\/wp-json\/wp\/v2\/product_tag?post=781156"}],"curies":[{"name":"wp","href":"https:\/\/api.w.org\/{rel}","templated":true}]}}