{"id":781151,"date":"2026-01-20T04:40:08","date_gmt":"2026-01-20T01:40:08","guid":{"rendered":"https:\/\/roveyayinevi.com.tr\/index.php\/urun\/4te-1-hayat\/"},"modified":"2026-04-15T03:45:33","modified_gmt":"2026-04-15T00:45:33","slug":"4te-1-hayat","status":"publish","type":"product","link":"https:\/\/roveyayinevi.com.tr\/index.php\/urun\/4te-1-hayat\/","title":{"rendered":"4\u2019te 1 Hayat"},"content":{"rendered":"<p>Bu kitap iki aya\u011f\u0131 ve bir kolu olmayan bir \u00e7ocu\u011fun ger\u00e7ek hayat hik\u00e2yesidir. Bu kitap ayn\u0131 zamanda; y\u0131llar \u00f6nce engelli bir \u00e7ocu\u011fu b\u00fcy\u00fctmek, yeti\u015ftirmek e\u011fitim vermek ve hayata haz\u0131rlamak i\u00e7in bin bir zorlu\u011fa katlanm\u0131\u015f bir anne, baban\u0131n zafer \u00f6yk\u00fcs\u00fcd\u00fcr. Bu kitapta, \u0130lkokuldan ba\u015flayarak lise e\u011fitimimin biti\u015fine kadar olan zorlu bir d\u00f6nemi anlatmaya \u00e7al\u0131\u015ft\u0131m. S\u00fcsl\u00fc c\u00fcmleler yerine yal\u0131n bir anlat\u0131mla sizin de, ya\u015fad\u0131klar\u0131m\u0131n i\u00e7inde olman\u0131z\u0131 istedim. Bu kitapla, engelli insanlar\u0131m\u0131z\u0131n isterlerse neler ba\u015farabileceklerini, hi\u00e7bir engeli olmamas\u0131na ra\u011fmen ya\u015famdan korkup, ba\u015far\u0131s\u0131z olacaklar\u0131n\u0131 sanan di\u011fer insanlar\u0131m\u0131z\u0131 biraz olsun y\u00fcreklendirmek istedim. Bu kitab\u0131n devam\u0131 olan ikincisinde, \u00dcniversite e\u011fitimimi, yurt d\u0131\u015f\u0131ndaki akademik \u00e7al\u0131\u015fmalara kat\u0131lmam\u0131, evlili\u011fimi, \u00e7al\u0131\u015fma hayat\u0131na at\u0131lmam\u0131 ve \u00fc\u00e7 \u00e7ocuk babas\u0131 olmam\u0131n \u00f6yk\u00fcs\u00fcn\u00fc anlataca\u011f\u0131m. Umar\u0131m yine bulu\u015furuz. Sevgiyle kal\u0131n.<\/p>\n","protected":false},"excerpt":{"rendered":"<p>Bu kitap iki aya\u011f\u0131 ve bir kolu olmayan bir \u00e7ocu\u011fun ger\u00e7ek hayat hik\u00e2yesidir. Bu kitap ayn\u0131 zamanda; y\u0131llar \u00f6nce engelli bir \u00e7ocu\u011fu b\u00fcy\u00fctmek, yeti\u015ftirmek e\u011fitim vermek<span class=\"excerpt-hellip\"> [\u2026]<\/span><\/p>\n","protected":false},"featured_media":0,"template":"","meta":{"_monsterinsights_skip_tracking":false,"_monsterinsights_sitenote_active":false,"_monsterinsights_sitenote_note":"","_monsterinsights_sitenote_category":0},"product_brand":[],"product_cat":[141304],"product_tag":[],"class_list":{"0":"post-781151","1":"product","2":"type-product","3":"status-publish","5":"product_cat-yeni-cikanlar","6":"pa_cilt-ciltsiz","7":"pa_tur-kitap","8":"pa_yayinevi-bilge-budun-yayinlari","9":"pa_yazar-hikmet-ozturk","11":"first","12":"instock","13":"sale","14":"shipping-taxable","15":"purchasable","16":"product-type-simple"},"_links":{"self":[{"href":"https:\/\/roveyayinevi.com.tr\/index.php\/wp-json\/wp\/v2\/product\/781151","targetHints":{"allow":["GET"]}}],"collection":[{"href":"https:\/\/roveyayinevi.com.tr\/index.php\/wp-json\/wp\/v2\/product"}],"about":[{"href":"https:\/\/roveyayinevi.com.tr\/index.php\/wp-json\/wp\/v2\/types\/product"}],"wp:attachment":[{"href":"https:\/\/roveyayinevi.com.tr\/index.php\/wp-json\/wp\/v2\/media?parent=781151"}],"wp:term":[{"taxonomy":"product_brand","embeddable":true,"href":"https:\/\/roveyayinevi.com.tr\/index.php\/wp-json\/wp\/v2\/product_brand?post=781151"},{"taxonomy":"product_cat","embeddable":true,"href":"https:\/\/roveyayinevi.com.tr\/index.php\/wp-json\/wp\/v2\/product_cat?post=781151"},{"taxonomy":"product_tag","embeddable":true,"href":"https:\/\/roveyayinevi.com.tr\/index.php\/wp-json\/wp\/v2\/product_tag?post=781151"}],"curies":[{"name":"wp","href":"https:\/\/api.w.org\/{rel}","templated":true}]}}