{"id":781142,"date":"2026-01-20T04:39:54","date_gmt":"2026-01-20T01:39:54","guid":{"rendered":"https:\/\/roveyayinevi.com.tr\/index.php\/urun\/kendime-dusunceler-6\/"},"modified":"2026-04-15T03:45:33","modified_gmt":"2026-04-15T00:45:33","slug":"kendime-dusunceler-6","status":"publish","type":"product","link":"https:\/\/roveyayinevi.com.tr\/index.php\/urun\/kendime-dusunceler-6\/","title":{"rendered":"Kendime D\u00fc\u015f\u00fcnceler"},"content":{"rendered":"<p>\u201c\u0130nsan kendi zihnini y\u00f6netebildi\u011fi anda, evreni de y\u00f6netebilir.\u201d \u2014 Marcus AureliusBir imparatorun taht\u0131nda yaz\u0131lm\u0131\u015f, ama bir insan\u0131n y\u00fcre\u011finden ta\u015fan s\u00f6zler\u2026Kendime D\u00fc\u015f\u00fcnceler, Roma\u2019n\u0131n en kudretli imparatorlar\u0131ndan Marcus Aurelius\u2019un, d\u00fcnyan\u0131n g\u00fcr\u00fclt\u00fcs\u00fc i\u00e7in-de kendi i\u00e7 sesini duyma \u00e7abas\u0131n\u0131n samimi bir belgesidir.Bu kitap bir manifestodan, bir siyasi bildiriden ya da halka hitaben yaz\u0131lm\u0131\u015f bir metinden \u00e7ok uzakt\u0131r. Sayfala-r\u0131ndaki her c\u00fcmle, imparatorun yaln\u0131z kald\u0131\u011f\u0131nda kendine s\u00f6yledi\u011fi s\u00f6zlerdir; bir liderin de\u011fil, bir insan\u0131n ken-dini terbiye etme, dizginleme ve anlamland\u0131rma \u00e7abas\u0131d\u0131r. \u00d6l\u00fcm, g\u00fc\u00e7, h\u0131rs, adalet, \u00f6fke, korku, zaman, do\u011fave kader\u2026 Hayat\u0131n en temel meselelerine dair binlerce y\u0131ll\u0131k bir bilgelik, burada yal\u0131n ve d\u00fcr\u00fcst bir dille dilegelir.Marcus Aurelius\u2019un kaleminden y\u00fckselen bu s\u00f6zler, y\u00fczy\u0131llar boyunca filozoflara, devlet adamlar\u0131na ve s\u0131ra-dan insanlara rehberlik etti. Bug\u00fcn de h\u00e2l\u00e2 ayn\u0131 g\u00fc\u00e7le yol g\u00f6steriyor:\u2013 D\u0131\u015f d\u00fcnyan\u0131n karma\u015fas\u0131nda i\u00e7 huzuru bulmak isteyenlere,\u2013 Adil, dengeli ve anlaml\u0131 bir hayat kurmay\u0131 hedefleyenlere,\u2013 Zihinlerini tutkular\u0131n esaretinden kurtarmak isteyenlere\u2026Kendime D\u00fc\u015f\u00fcnceler, yaln\u0131zca bir kitap de\u011fil; insan olman\u0131n \u00f6z\u00fcne yap\u0131lan derin bir yolculuktur.Bu yolculu\u011fa \u00e7\u0131kt\u0131\u011f\u0131n\u0131zda, yaln\u0131zca Marcus Aurelius\u2019un d\u00fcnyas\u0131n\u0131 de\u011fil, kendi i\u00e7 d\u00fcnyan\u0131z\u0131 da yeniden ke\u015ffe-deceksiniz.<\/p>\n","protected":false},"excerpt":{"rendered":"<p>\u201c\u0130nsan kendi zihnini y\u00f6netebildi\u011fi anda, evreni de y\u00f6netebilir.\u201d \u2014 Marcus AureliusBir imparatorun taht\u0131nda yaz\u0131lm\u0131\u015f, ama bir insan\u0131n y\u00fcre\u011finden ta\u015fan s\u00f6zler\u2026Kendime D\u00fc\u015f\u00fcnceler, Roma\u2019n\u0131n en kudretli imparatorlar\u0131ndan Marcus<span class=\"excerpt-hellip\"> [\u2026]<\/span><\/p>\n","protected":false},"featured_media":0,"template":"","meta":{"_monsterinsights_skip_tracking":false,"_monsterinsights_sitenote_active":false,"_monsterinsights_sitenote_note":"","_monsterinsights_sitenote_category":0},"product_brand":[],"product_cat":[12388],"product_tag":[],"class_list":{"0":"post-781142","1":"product","2":"type-product","3":"status-publish","5":"product_cat-felsefe","6":"pa_cilt-ciltsiz","7":"pa_tur-kitap","8":"pa_yayinevi-bambuk-yayinevi","9":"pa_yazar-marcus-aurelius","11":"first","12":"instock","13":"sale","14":"shipping-taxable","15":"purchasable","16":"product-type-simple"},"_links":{"self":[{"href":"https:\/\/roveyayinevi.com.tr\/index.php\/wp-json\/wp\/v2\/product\/781142","targetHints":{"allow":["GET"]}}],"collection":[{"href":"https:\/\/roveyayinevi.com.tr\/index.php\/wp-json\/wp\/v2\/product"}],"about":[{"href":"https:\/\/roveyayinevi.com.tr\/index.php\/wp-json\/wp\/v2\/types\/product"}],"wp:attachment":[{"href":"https:\/\/roveyayinevi.com.tr\/index.php\/wp-json\/wp\/v2\/media?parent=781142"}],"wp:term":[{"taxonomy":"product_brand","embeddable":true,"href":"https:\/\/roveyayinevi.com.tr\/index.php\/wp-json\/wp\/v2\/product_brand?post=781142"},{"taxonomy":"product_cat","embeddable":true,"href":"https:\/\/roveyayinevi.com.tr\/index.php\/wp-json\/wp\/v2\/product_cat?post=781142"},{"taxonomy":"product_tag","embeddable":true,"href":"https:\/\/roveyayinevi.com.tr\/index.php\/wp-json\/wp\/v2\/product_tag?post=781142"}],"curies":[{"name":"wp","href":"https:\/\/api.w.org\/{rel}","templated":true}]}}