{"id":781111,"date":"2026-01-20T04:38:53","date_gmt":"2026-01-20T01:38:53","guid":{"rendered":"https:\/\/roveyayinevi.com.tr\/index.php\/urun\/antik-comlekcilik-tarihi-1\/"},"modified":"2026-04-15T03:45:31","modified_gmt":"2026-04-15T00:45:31","slug":"antik-comlekcilik-tarihi-1","status":"publish","type":"product","link":"https:\/\/roveyayinevi.com.tr\/index.php\/urun\/antik-comlekcilik-tarihi-1\/","title":{"rendered":"Antik \u00c7\u00f6mlek\u00e7ilik Tarihi-1"},"content":{"rendered":"<p>Samuel Birch\u2019in &#8220;History of Ancient Pottery&#8221; (Antik \u00c7\u00f6mlek\u00e7ilik Tarihi) adl\u0131 eseri, arkeoloji ve sanat tarihi disiplinleri i\u00e7in sadece bir kitap de\u011fil, seramik \u00e7al\u0131\u015fmalar\u0131n\u0131 bilimsel bir zemine oturtan kurucu bir metindir. \u0130lk kez 1858 y\u0131l\u0131nda yay\u0131mlanan bu \u00e7al\u0131\u015fma, o d\u00f6neme kadar &#8220;antika merak\u0131&#8221; d\u00fczeyinde kalan \u00e7\u00f6mlek\u00e7ilik incelemelerini, sistematik bir s\u0131n\u0131fland\u0131rma ve tarihsel analizle akademik bir seviyeye ta\u015f\u0131m\u0131\u015ft\u0131r.<\/p>\n","protected":false},"excerpt":{"rendered":"<p>Samuel Birch\u2019in &#8220;History of Ancient Pottery&#8221; (Antik \u00c7\u00f6mlek\u00e7ilik Tarihi) adl\u0131 eseri, arkeoloji ve sanat tarihi disiplinleri i\u00e7in sadece bir kitap de\u011fil, seramik \u00e7al\u0131\u015fmalar\u0131n\u0131 bilimsel bir zemine<span class=\"excerpt-hellip\"> [\u2026]<\/span><\/p>\n","protected":false},"featured_media":0,"template":"","meta":{"_monsterinsights_skip_tracking":false,"_monsterinsights_sitenote_active":false,"_monsterinsights_sitenote_note":"","_monsterinsights_sitenote_category":0},"product_brand":[],"product_cat":[141304],"product_tag":[],"class_list":{"0":"post-781111","1":"product","2":"type-product","3":"status-publish","5":"product_cat-yeni-cikanlar","6":"pa_cilt-ciltsiz","7":"pa_tur-kitap","8":"pa_yayinevi-toz-yayinlari","9":"pa_yazar-samuel-birch","11":"first","12":"instock","13":"sale","14":"shipping-taxable","15":"purchasable","16":"product-type-simple"},"_links":{"self":[{"href":"https:\/\/roveyayinevi.com.tr\/index.php\/wp-json\/wp\/v2\/product\/781111","targetHints":{"allow":["GET"]}}],"collection":[{"href":"https:\/\/roveyayinevi.com.tr\/index.php\/wp-json\/wp\/v2\/product"}],"about":[{"href":"https:\/\/roveyayinevi.com.tr\/index.php\/wp-json\/wp\/v2\/types\/product"}],"wp:attachment":[{"href":"https:\/\/roveyayinevi.com.tr\/index.php\/wp-json\/wp\/v2\/media?parent=781111"}],"wp:term":[{"taxonomy":"product_brand","embeddable":true,"href":"https:\/\/roveyayinevi.com.tr\/index.php\/wp-json\/wp\/v2\/product_brand?post=781111"},{"taxonomy":"product_cat","embeddable":true,"href":"https:\/\/roveyayinevi.com.tr\/index.php\/wp-json\/wp\/v2\/product_cat?post=781111"},{"taxonomy":"product_tag","embeddable":true,"href":"https:\/\/roveyayinevi.com.tr\/index.php\/wp-json\/wp\/v2\/product_tag?post=781111"}],"curies":[{"name":"wp","href":"https:\/\/api.w.org\/{rel}","templated":true}]}}