{"id":781104,"date":"2026-01-20T04:38:41","date_gmt":"2026-01-20T01:38:41","guid":{"rendered":"https:\/\/roveyayinevi.com.tr\/index.php\/urun\/stratejik-lojistik-koridorlar-baglaminda-turkiye\/"},"modified":"2026-04-15T03:45:31","modified_gmt":"2026-04-15T00:45:31","slug":"stratejik-lojistik-koridorlar-baglaminda-turkiye","status":"publish","type":"product","link":"https:\/\/roveyayinevi.com.tr\/index.php\/urun\/stratejik-lojistik-koridorlar-baglaminda-turkiye\/","title":{"rendered":"Stratejik Lojistik Koridorlar Ba\u011flam\u0131nda T\u00fcrkiye"},"content":{"rendered":"<p>\u0130\u00e7indekiler :   1.      KAVRAMSAL \u00c7ER\u00c7EVE   2.      ULUSLARARASI T\u0130CARET VE K\u00dcRESEL TEDAR\u0130K Z\u0130NC\u0130RLER\u0130   3.      ULUSLARARASI LOJ\u0130ST\u0130K KOR\u0130DORLARI   4.      ORTA LOJ\u0130ST\u0130K KOR\u0130DOR   5.      KUZEY LOJ\u0130ST\u0130K KOR\u0130DOR   6.      DEN\u0130Z \u0130PEK YOLU   7.      ZENGEZUR KOR\u0130DORU   8.      T\u00dcRK\u0130YE\u2019N\u0130N K\u00dcRESEL LOJ\u0130ST\u0130K \u00dcS OLMA POTANS\u0130YEL\u0130   9.      SONU\u00c7 VE \u00d6NER\u0130LER<\/p>\n","protected":false},"excerpt":{"rendered":"<p>\u0130\u00e7indekiler : 1. KAVRAMSAL \u00c7ER\u00c7EVE 2. ULUSLARARASI T\u0130CARET VE K\u00dcRESEL TEDAR\u0130K Z\u0130NC\u0130RLER\u0130 3. ULUSLARARASI LOJ\u0130ST\u0130K KOR\u0130DORLARI 4. ORTA LOJ\u0130ST\u0130K KOR\u0130DOR 5. KUZEY LOJ\u0130ST\u0130K KOR\u0130DOR 6. DEN\u0130Z<span class=\"excerpt-hellip\"> [\u2026]<\/span><\/p>\n","protected":false},"featured_media":0,"template":"","meta":{"_monsterinsights_skip_tracking":false,"_monsterinsights_sitenote_active":false,"_monsterinsights_sitenote_note":"","_monsterinsights_sitenote_category":0},"product_brand":[],"product_cat":[13005,40995],"product_tag":[],"class_list":{"0":"post-781104","1":"product","2":"type-product","3":"status-publish","5":"product_cat-bilim-muhendislik","6":"product_cat-sosyal-bilimler","7":"pa_cilt-ciltsiz","8":"pa_tur-kitap","9":"pa_yayinevi-gazi-kitabevi","10":"pa_yazar-omer-cengiz","12":"first","13":"instock","14":"sale","15":"shipping-taxable","16":"purchasable","17":"product-type-simple"},"_links":{"self":[{"href":"https:\/\/roveyayinevi.com.tr\/index.php\/wp-json\/wp\/v2\/product\/781104","targetHints":{"allow":["GET"]}}],"collection":[{"href":"https:\/\/roveyayinevi.com.tr\/index.php\/wp-json\/wp\/v2\/product"}],"about":[{"href":"https:\/\/roveyayinevi.com.tr\/index.php\/wp-json\/wp\/v2\/types\/product"}],"wp:attachment":[{"href":"https:\/\/roveyayinevi.com.tr\/index.php\/wp-json\/wp\/v2\/media?parent=781104"}],"wp:term":[{"taxonomy":"product_brand","embeddable":true,"href":"https:\/\/roveyayinevi.com.tr\/index.php\/wp-json\/wp\/v2\/product_brand?post=781104"},{"taxonomy":"product_cat","embeddable":true,"href":"https:\/\/roveyayinevi.com.tr\/index.php\/wp-json\/wp\/v2\/product_cat?post=781104"},{"taxonomy":"product_tag","embeddable":true,"href":"https:\/\/roveyayinevi.com.tr\/index.php\/wp-json\/wp\/v2\/product_tag?post=781104"}],"curies":[{"name":"wp","href":"https:\/\/api.w.org\/{rel}","templated":true}]}}