{"id":781088,"date":"2026-01-20T04:38:03","date_gmt":"2026-01-20T01:38:03","guid":{"rendered":"https:\/\/roveyayinevi.com.tr\/index.php\/urun\/kotulerin-kaderi-yok-olmaktir-4\/"},"modified":"2026-04-15T03:45:30","modified_gmt":"2026-04-15T00:45:30","slug":"kotulerin-kaderi-yok-olmaktir-4","status":"publish","type":"product","link":"https:\/\/roveyayinevi.com.tr\/index.php\/urun\/kotulerin-kaderi-yok-olmaktir-4\/","title":{"rendered":"K\u00f6t\u00fclerin Kaderi Yok Olmakt\u0131r 4"},"content":{"rendered":"<p>LANET OLASI CALL\u0130STO, G\u00d6REVDEN BA\u011eIMSIZ, BEN\u0130 DEFALARCA \u00d6L\u00dcMDEN KURTARDI.   Nihayet av turnuvas\u0131 ba\u015flar! Penelope, Eckles\u2019e hediye edebilece\u011fi bir av bulmak i\u00e7in k\u00fc\u00e7\u00fck hayvanlar\u0131n bulundu\u011fu b\u00f6lgeye girer. Ancak av giri\u015fimi ba\u015far\u0131s\u0131z olur ve ormanda tek ba\u015f\u0131na dola\u015f\u0131rken devasa bir bozay\u0131yla burun buruna gelir.   Hayat\u0131 tehlikeye giren Penelope, Callisto\u2019nun aniden ortaya \u00e7\u0131kmas\u0131 sayesinde kurtulur. Ard\u0131ndan ya\u011fmur bast\u0131r\u0131nca ikili, s\u0131\u011f\u0131nacak bir yer arar. Ancak o s\u0131rada Callisto\u2019yu hedef alan bir ok f\u0131rlat\u0131l\u0131r!   Penelope ve Castillo birlikte bu gizemli sald\u0131rgan\u0131n elinden kurtulmay\u0131 ba\u015farabilecek mi?&#8230;<\/p>\n","protected":false},"excerpt":{"rendered":"<p>LANET OLASI CALL\u0130STO, G\u00d6REVDEN BA\u011eIMSIZ, BEN\u0130 DEFALARCA \u00d6L\u00dcMDEN KURTARDI. Nihayet av turnuvas\u0131 ba\u015flar! Penelope, Eckles\u2019e hediye edebilece\u011fi bir av bulmak i\u00e7in k\u00fc\u00e7\u00fck hayvanlar\u0131n bulundu\u011fu b\u00f6lgeye girer.<span class=\"excerpt-hellip\"> [\u2026]<\/span><\/p>\n","protected":false},"featured_media":0,"template":"","meta":{"_monsterinsights_skip_tracking":false,"_monsterinsights_sitenote_active":false,"_monsterinsights_sitenote_note":"","_monsterinsights_sitenote_category":0},"product_brand":[],"product_cat":[12416,12291],"product_tag":[],"class_list":{"0":"post-781088","1":"product","2":"type-product","3":"status-publish","5":"product_cat-cizgi-roman","6":"product_cat-edebiyat","7":"pa_cilt-ciltsiz","8":"pa_tur-kitap","9":"pa_yayinevi-athica-yayinlari","10":"pa_yazar-gwon-gyeoeul","12":"first","13":"instock","14":"sale","15":"shipping-taxable","16":"purchasable","17":"product-type-simple"},"_links":{"self":[{"href":"https:\/\/roveyayinevi.com.tr\/index.php\/wp-json\/wp\/v2\/product\/781088","targetHints":{"allow":["GET"]}}],"collection":[{"href":"https:\/\/roveyayinevi.com.tr\/index.php\/wp-json\/wp\/v2\/product"}],"about":[{"href":"https:\/\/roveyayinevi.com.tr\/index.php\/wp-json\/wp\/v2\/types\/product"}],"wp:attachment":[{"href":"https:\/\/roveyayinevi.com.tr\/index.php\/wp-json\/wp\/v2\/media?parent=781088"}],"wp:term":[{"taxonomy":"product_brand","embeddable":true,"href":"https:\/\/roveyayinevi.com.tr\/index.php\/wp-json\/wp\/v2\/product_brand?post=781088"},{"taxonomy":"product_cat","embeddable":true,"href":"https:\/\/roveyayinevi.com.tr\/index.php\/wp-json\/wp\/v2\/product_cat?post=781088"},{"taxonomy":"product_tag","embeddable":true,"href":"https:\/\/roveyayinevi.com.tr\/index.php\/wp-json\/wp\/v2\/product_tag?post=781088"}],"curies":[{"name":"wp","href":"https:\/\/api.w.org\/{rel}","templated":true}]}}