{"id":781077,"date":"2026-01-20T04:37:42","date_gmt":"2026-01-20T01:37:42","guid":{"rendered":"https:\/\/roveyayinevi.com.tr\/index.php\/urun\/kuskral-cilt-1\/"},"modified":"2026-04-15T03:45:30","modified_gmt":"2026-04-15T00:45:30","slug":"kuskral-cilt-1","status":"publish","type":"product","link":"https:\/\/roveyayinevi.com.tr\/index.php\/urun\/kuskral-cilt-1\/","title":{"rendered":"Ku\u015fkral Cilt 1"},"content":{"rendered":"<p>Raiders\u2019in yarat\u0131c\u0131lar\u0131 Daniel Freedman ve CROM\u2019dan, b\u00fcy\u00fc ve destans\u0131 maceralarla dolu \u00f6zg\u00fcn bir karanl\u0131k fantezi \u00e7izgi roman geliyor.  K\u00f6t\u00fc \u015f\u00f6hretli gizemli bir demircinin \u00e7\u0131ra\u011f\u0131 olan gen\u00e7 Bianca, memleketinden ka\u00e7mak zorunda kal\u0131r ve \u201cTemiz Tanr\u0131\u2019n\u0131n\u201d h\u00fck\u00fcm s\u00fcrd\u00fc\u011f\u00fc efsanevi \u0131\u015f\u0131k diyar\u0131 Atlas\u2019\u0131 aramaya koyulur. Bu maceras\u0131nda Bianca\u2019ya \u201cKu\u015fkral\u201d olarak bilinen gizemli bir koruyucu ruh e\u015flik eder.  Atlas\u2019a ula\u015fmaya \u00e7al\u0131\u015ft\u0131klar\u0131 bu yolda, onlarca d\u00fc\u015fman\u0131 alt etmeleri ve yol boyunca Ku\u015fkral\u2019\u0131n gizemini ve atalar\u0131yla olan ba\u011flant\u0131lar\u0131n\u0131 \u00e7\u00f6zmeleri gerekecektir.<\/p>\n","protected":false},"excerpt":{"rendered":"<p>Raiders\u2019in yarat\u0131c\u0131lar\u0131 Daniel Freedman ve CROM\u2019dan, b\u00fcy\u00fc ve destans\u0131 maceralarla dolu \u00f6zg\u00fcn bir karanl\u0131k fantezi \u00e7izgi roman geliyor. K\u00f6t\u00fc \u015f\u00f6hretli gizemli bir demircinin \u00e7\u0131ra\u011f\u0131 olan gen\u00e7<span class=\"excerpt-hellip\"> [\u2026]<\/span><\/p>\n","protected":false},"featured_media":0,"template":"","meta":{"_monsterinsights_skip_tracking":false,"_monsterinsights_sitenote_active":false,"_monsterinsights_sitenote_note":"","_monsterinsights_sitenote_category":0},"product_brand":[],"product_cat":[12416,12291],"product_tag":[],"class_list":{"0":"post-781077","1":"product","2":"type-product","3":"status-publish","5":"product_cat-cizgi-roman","6":"product_cat-edebiyat","7":"pa_cilt-ciltsiz","8":"pa_tur-kitap","9":"pa_yayinevi-artemis-yayinlari","10":"pa_yazar-crom-daniel-freedman","12":"first","13":"instock","14":"sale","15":"shipping-taxable","16":"purchasable","17":"product-type-simple"},"_links":{"self":[{"href":"https:\/\/roveyayinevi.com.tr\/index.php\/wp-json\/wp\/v2\/product\/781077","targetHints":{"allow":["GET"]}}],"collection":[{"href":"https:\/\/roveyayinevi.com.tr\/index.php\/wp-json\/wp\/v2\/product"}],"about":[{"href":"https:\/\/roveyayinevi.com.tr\/index.php\/wp-json\/wp\/v2\/types\/product"}],"wp:attachment":[{"href":"https:\/\/roveyayinevi.com.tr\/index.php\/wp-json\/wp\/v2\/media?parent=781077"}],"wp:term":[{"taxonomy":"product_brand","embeddable":true,"href":"https:\/\/roveyayinevi.com.tr\/index.php\/wp-json\/wp\/v2\/product_brand?post=781077"},{"taxonomy":"product_cat","embeddable":true,"href":"https:\/\/roveyayinevi.com.tr\/index.php\/wp-json\/wp\/v2\/product_cat?post=781077"},{"taxonomy":"product_tag","embeddable":true,"href":"https:\/\/roveyayinevi.com.tr\/index.php\/wp-json\/wp\/v2\/product_tag?post=781077"}],"curies":[{"name":"wp","href":"https:\/\/api.w.org\/{rel}","templated":true}]}}