{"id":781065,"date":"2026-01-20T04:37:17","date_gmt":"2026-01-20T01:37:17","guid":{"rendered":"https:\/\/roveyayinevi.com.tr\/index.php\/urun\/bir-kiyida\/"},"modified":"2026-04-15T03:45:30","modified_gmt":"2026-04-15T00:45:30","slug":"bir-kiyida","status":"publish","type":"product","link":"https:\/\/roveyayinevi.com.tr\/index.php\/urun\/bir-kiyida\/","title":{"rendered":"Bir K\u0131y\u0131da"},"content":{"rendered":"<p>\u00c7\u00fcnk\u00fc yama\u00e7lardan sonra zirve birdenbire gelir. Milyonlarca y\u0131l boyunca ses zerrelerinden kat\u0131la\u015fan g\u00f6\u011f\u00fcn \u00e7at\u0131s\u0131 bir anda \u00e7\u00f6k\u00fcverir. Bir kapak a\u00e7\u0131l\u0131r. Biriken her \u015fey birbirinin i\u00e7inde birbirine kar\u0131\u015farak tek g\u00f6vdeyle akar. Hi\u00e7li\u011fe. Denize. Diplerdeki zirvelere. Bug\u00fcnse insan k\u00f6pek cesetleriyle y\u00fcz\u00fcyordu \u00e7\u00f6pl\u00fcklerde.   Bir K\u0131y\u0131da, ka\u00e7\u0131\u015fla y\u00fczle\u015fmenin, i\u00e7e d\u00f6n\u00fck itirafla y\u00fcksek sesli if\u015fan\u0131n, yenilgiyle itiraz\u0131n kar\u015f\u0131la\u015fma sahas\u0131. \u00d6yk\u00fcler \u00e7e\u015fitli bi\u00e7imlerde bask\u0131 alt\u0131nda tutulan bireyin varolu\u015f deneyimindeki kritik e\u015fiklere sahne oluyor. Yaln\u0131zl\u0131ktan, f\u0131rt\u0131nal\u0131 sessizlikten, kolektif d\u00fc\u015f ve d\u00fc\u015f\u00fcncelerden filizlenen hik\u00e2yeler sars\u0131lmaz bir g\u00f6rme iradesiyle hayata kat\u0131l\u0131yor.   Bir K\u0131y\u0131da, ki\u015fisel deneyimin \u00f6zg\u00fcnl\u00fc\u011f\u00fc ile ortak duygular\u0131n kesi\u015fti\u011fi noktada okura \u00e7ok katmanl\u0131 bir anlat\u0131 sunuyor.   Fadime Uslu, herkesin kendisinden bir \u015feyler bulabilece\u011fi, kendisini ait hissedebilece\u011fi, i\u00e7 hesapla\u015fmalar\u0131yla kar\u015f\u0131la\u015fabilece\u011fi \u00f6yk\u00fcler sunuyor okura.<\/p>\n","protected":false},"excerpt":{"rendered":"<p>\u00c7\u00fcnk\u00fc yama\u00e7lardan sonra zirve birdenbire gelir. Milyonlarca y\u0131l boyunca ses zerrelerinden kat\u0131la\u015fan g\u00f6\u011f\u00fcn \u00e7at\u0131s\u0131 bir anda \u00e7\u00f6k\u00fcverir. Bir kapak a\u00e7\u0131l\u0131r. Biriken her \u015fey birbirinin i\u00e7inde birbirine<span class=\"excerpt-hellip\"> [\u2026]<\/span><\/p>\n","protected":false},"featured_media":0,"template":"","meta":{"_monsterinsights_skip_tracking":false,"_monsterinsights_sitenote_active":false,"_monsterinsights_sitenote_note":"","_monsterinsights_sitenote_category":0},"product_brand":[],"product_cat":[12291,18202],"product_tag":[],"class_list":{"0":"post-781065","1":"product","2":"type-product","3":"status-publish","5":"product_cat-edebiyat","6":"product_cat-hikaye","7":"pa_cilt-ciltsiz","8":"pa_tur-kitap","9":"pa_yayinevi-can-yayinlari","10":"pa_yazar-fadime-uslu","12":"first","13":"instock","14":"sale","15":"shipping-taxable","16":"purchasable","17":"product-type-simple"},"_links":{"self":[{"href":"https:\/\/roveyayinevi.com.tr\/index.php\/wp-json\/wp\/v2\/product\/781065","targetHints":{"allow":["GET"]}}],"collection":[{"href":"https:\/\/roveyayinevi.com.tr\/index.php\/wp-json\/wp\/v2\/product"}],"about":[{"href":"https:\/\/roveyayinevi.com.tr\/index.php\/wp-json\/wp\/v2\/types\/product"}],"wp:attachment":[{"href":"https:\/\/roveyayinevi.com.tr\/index.php\/wp-json\/wp\/v2\/media?parent=781065"}],"wp:term":[{"taxonomy":"product_brand","embeddable":true,"href":"https:\/\/roveyayinevi.com.tr\/index.php\/wp-json\/wp\/v2\/product_brand?post=781065"},{"taxonomy":"product_cat","embeddable":true,"href":"https:\/\/roveyayinevi.com.tr\/index.php\/wp-json\/wp\/v2\/product_cat?post=781065"},{"taxonomy":"product_tag","embeddable":true,"href":"https:\/\/roveyayinevi.com.tr\/index.php\/wp-json\/wp\/v2\/product_tag?post=781065"}],"curies":[{"name":"wp","href":"https:\/\/api.w.org\/{rel}","templated":true}]}}