{"id":781052,"date":"2026-01-20T04:36:51","date_gmt":"2026-01-20T01:36:51","guid":{"rendered":"https:\/\/roveyayinevi.com.tr\/index.php\/urun\/efsane-aslanim\/"},"modified":"2026-04-15T03:45:29","modified_gmt":"2026-04-15T00:45:29","slug":"efsane-aslanim","status":"publish","type":"product","link":"https:\/\/roveyayinevi.com.tr\/index.php\/urun\/efsane-aslanim\/","title":{"rendered":"Efsane Aslan\u2019\u0131m"},"content":{"rendered":"<p>Futbol sadece bir oyun mu, yoksa dostluk, tak\u0131m ruhu ve heyecan dolu bir macera m\u0131? EFSANE ASLAN\u2019IM adl\u0131 kitab\u0131 okurken kahramanlar\u0131m\u0131z\u0131n hayallerine ve maceralar\u0131na e\u015flik ederek futbolun temel kurallar\u0131n\u0131, sporun g\u00fczelliklerini ve birlikte ba\u015farman\u0131n mutlulu\u011funu \u00f6\u011frenece\u011fiz. ASLAN\u2019IN EFSANE MACERASINI KE\u015eFET!<\/p>\n","protected":false},"excerpt":{"rendered":"<p>Futbol sadece bir oyun mu, yoksa dostluk, tak\u0131m ruhu ve heyecan dolu bir macera m\u0131? EFSANE ASLAN\u2019IM adl\u0131 kitab\u0131 okurken kahramanlar\u0131m\u0131z\u0131n hayallerine ve maceralar\u0131na e\u015flik ederek<span class=\"excerpt-hellip\"> [\u2026]<\/span><\/p>\n","protected":false},"featured_media":0,"template":"","meta":{"_monsterinsights_skip_tracking":false,"_monsterinsights_sitenote_active":false,"_monsterinsights_sitenote_note":"","_monsterinsights_sitenote_category":0},"product_brand":[],"product_cat":[12274,12284],"product_tag":[],"class_list":{"0":"post-781052","1":"product","2":"type-product","3":"status-publish","5":"product_cat-cocuk-ve-genclik-kitaplari","6":"product_cat-hikayeler","7":"pa_cilt-ciltsiz","8":"pa_tur-kitap","9":"pa_yayinevi-turkuvaz-kitap","10":"pa_yazar-semra-kosovali","12":"first","13":"instock","14":"sale","15":"shipping-taxable","16":"purchasable","17":"product-type-simple"},"_links":{"self":[{"href":"https:\/\/roveyayinevi.com.tr\/index.php\/wp-json\/wp\/v2\/product\/781052","targetHints":{"allow":["GET"]}}],"collection":[{"href":"https:\/\/roveyayinevi.com.tr\/index.php\/wp-json\/wp\/v2\/product"}],"about":[{"href":"https:\/\/roveyayinevi.com.tr\/index.php\/wp-json\/wp\/v2\/types\/product"}],"wp:attachment":[{"href":"https:\/\/roveyayinevi.com.tr\/index.php\/wp-json\/wp\/v2\/media?parent=781052"}],"wp:term":[{"taxonomy":"product_brand","embeddable":true,"href":"https:\/\/roveyayinevi.com.tr\/index.php\/wp-json\/wp\/v2\/product_brand?post=781052"},{"taxonomy":"product_cat","embeddable":true,"href":"https:\/\/roveyayinevi.com.tr\/index.php\/wp-json\/wp\/v2\/product_cat?post=781052"},{"taxonomy":"product_tag","embeddable":true,"href":"https:\/\/roveyayinevi.com.tr\/index.php\/wp-json\/wp\/v2\/product_tag?post=781052"}],"curies":[{"name":"wp","href":"https:\/\/api.w.org\/{rel}","templated":true}]}}