{"id":781047,"date":"2026-01-20T04:36:42","date_gmt":"2026-01-20T01:36:42","guid":{"rendered":"https:\/\/roveyayinevi.com.tr\/index.php\/urun\/anahtar-acmazi\/"},"modified":"2026-04-15T03:45:29","modified_gmt":"2026-04-15T00:45:29","slug":"anahtar-acmazi","status":"publish","type":"product","link":"https:\/\/roveyayinevi.com.tr\/index.php\/urun\/anahtar-acmazi\/","title":{"rendered":"Anahtar A\u00e7maz\u0131"},"content":{"rendered":"<p>Ge\u00e7en y\u00fczy\u0131ldan kalma bir s\u0131r ayd\u0131nl\u0131\u011fa kavu\u015fuyor&#8230;Alex evlerinin tavan aras\u0131nda 1910 y\u0131l\u0131ndan kalma bir mektup bulur. Osman Hamdi Bey&#8217;e g\u00f6nderilen ama al\u0131c\u0131s\u0131na ula\u015famad\u0131\u011f\u0131 i\u00e7in iade edilen mektup \u00f6nemli bir s\u0131rr\u0131n da habercisidir. Buna g\u00f6re, \u0130stanbul Arkeoloji M\u00fczeleri&#8217;ne gizlenmi\u015f bir anahtar Paris tren gar\u0131ndaki dolaplardan birine aittir ve i\u00e7inde paha bi\u00e7ilmez bir hazine sakl\u0131d\u0131r.Alex, arkada\u015flar\u0131 Nilay ve Emre&#8217;yle birlikte anahtar\u0131n pe\u015fine d\u00fc\u015fer. Ancak &#8220;k\u00fc\u00e7\u00fck&#8221; bir sorun vard\u0131r! Anahtar\u0131 bulsalar bile, mektupta s\u00f6z\u00fc edilen gar art\u0131k yoktur, yerini yakla\u015f\u0131k k\u0131rk y\u0131l \u00f6nce Orsay M\u00fczesi&#8217;ne b\u0131rakm\u0131\u015ft\u0131r. Dolab\u0131n ise nerede oldu\u011fu belirsizdir.Anahtar\u0131 bulmay\u0131 kafas\u0131na koyan \u00fc\u00e7 arkada\u015f, kendilerini yaln\u0131zca \u0130stanbul&#8217;dan Paris&#8217;e uzanan bir ser\u00fcvenin de\u011fil i\u00e7inden \u00e7\u0131k\u0131lmas\u0131 zor bir a&amp; ccedil;maz\u0131n tam ortas\u0131nda bulurlar. Alm\u0131la Ayd\u0131n okuru ge\u00e7mi\u015fle \u015fimdi aras\u0131nda gizemli bir yolculu\u011fa davet ediyor&#8230;<\/p>\n","protected":false},"excerpt":{"rendered":"<p>Ge\u00e7en y\u00fczy\u0131ldan kalma bir s\u0131r ayd\u0131nl\u0131\u011fa kavu\u015fuyor&#8230;Alex evlerinin tavan aras\u0131nda 1910 y\u0131l\u0131ndan kalma bir mektup bulur. Osman Hamdi Bey&#8217;e g\u00f6nderilen ama al\u0131c\u0131s\u0131na ula\u015famad\u0131\u011f\u0131 i\u00e7in iade edilen<span class=\"excerpt-hellip\"> [\u2026]<\/span><\/p>\n","protected":false},"featured_media":0,"template":"","meta":{"_monsterinsights_skip_tracking":false,"_monsterinsights_sitenote_active":false,"_monsterinsights_sitenote_note":"","_monsterinsights_sitenote_category":0},"product_brand":[],"product_cat":[141304],"product_tag":[],"class_list":{"0":"post-781047","1":"product","2":"type-product","3":"status-publish","5":"product_cat-yeni-cikanlar","6":"pa_cilt-ciltsiz","7":"pa_tur-kitap","8":"pa_yayinevi-altin-kitaplar-ozel-yayinlar","9":"pa_yazar-almila-aydin","11":"first","12":"instock","13":"sale","14":"shipping-taxable","15":"purchasable","16":"product-type-simple"},"_links":{"self":[{"href":"https:\/\/roveyayinevi.com.tr\/index.php\/wp-json\/wp\/v2\/product\/781047","targetHints":{"allow":["GET"]}}],"collection":[{"href":"https:\/\/roveyayinevi.com.tr\/index.php\/wp-json\/wp\/v2\/product"}],"about":[{"href":"https:\/\/roveyayinevi.com.tr\/index.php\/wp-json\/wp\/v2\/types\/product"}],"wp:attachment":[{"href":"https:\/\/roveyayinevi.com.tr\/index.php\/wp-json\/wp\/v2\/media?parent=781047"}],"wp:term":[{"taxonomy":"product_brand","embeddable":true,"href":"https:\/\/roveyayinevi.com.tr\/index.php\/wp-json\/wp\/v2\/product_brand?post=781047"},{"taxonomy":"product_cat","embeddable":true,"href":"https:\/\/roveyayinevi.com.tr\/index.php\/wp-json\/wp\/v2\/product_cat?post=781047"},{"taxonomy":"product_tag","embeddable":true,"href":"https:\/\/roveyayinevi.com.tr\/index.php\/wp-json\/wp\/v2\/product_tag?post=781047"}],"curies":[{"name":"wp","href":"https:\/\/api.w.org\/{rel}","templated":true}]}}