{"id":781044,"date":"2026-01-20T04:36:35","date_gmt":"2026-01-20T01:36:35","guid":{"rendered":"https:\/\/roveyayinevi.com.tr\/index.php\/urun\/zuleyha-3\/"},"modified":"2026-04-15T03:45:29","modified_gmt":"2026-04-15T00:45:29","slug":"zuleyha-3","status":"publish","type":"product","link":"https:\/\/roveyayinevi.com.tr\/index.php\/urun\/zuleyha-3\/","title":{"rendered":"Z\u00fcleyha"},"content":{"rendered":"<p>Z\u00dcLEYHA\u2026 B\u0130R ANNE, B\u0130R KADIN, B\u0130R HAYAL&#8230; Hayat\u0131n t\u00fcm y\u00fck\u00fcn\u00fc tek ba\u015f\u0131na ta\u015f\u0131rken bir g\u00fcn ans\u0131z\u0131n hayattan kopar\u0131ld\u0131. Z\u00fcleyha\u2019n\u0131n \u00f6l\u00fcm\u00fc, \u015fehrin sabah\u0131na d\u00fc\u015fen s\u0131radan bir haber gibi g\u00f6r\u00fcnse de Savc\u0131 Mazhar i\u00e7in bu vaka ge\u00e7mi\u015fin derinlerine g\u00f6m\u00fclm\u00fc\u015f ac\u0131lar\u0131 yeniden uyand\u0131racakt\u0131r. Z\u00fcleyha\u2019n\u0131n ard\u0131nda b\u0131rakt\u0131\u011f\u0131 izler kimsenin g\u00f6rmek istemedi\u011fi, kimilerinin ise \u00f6l\u00fcm\u00fcne saklad\u0131\u011f\u0131 bir ger\u00e7e\u011fe uzan\u0131r. Mazhar, Ba\u015fkomiser Zeynep ve Denetmen \u015eenol ile birlikte g\u00f6r\u00fcnenden fazlas\u0131n\u0131 aramak zorundad\u0131r. Bu hik\u00e2ye; ayakta kalmaya \u00e7al\u0131\u015fan kad\u0131nlar\u0131n ger\u00e7e\u011fini, adalet aray\u0131\u015f\u0131n\u0131n a\u011f\u0131rl\u0131\u011f\u0131n\u0131 ve sessizce ta\u015f\u0131nan y\u00fcklerin ard\u0131ndaki derin ac\u0131lar\u0131 anlat\u0131yor. Bu bir polisiyeden fazlas\u0131\u2026 Dikkat! Bu hik\u00e2ye ger\u00e7ek bir ac\u0131dan uyarlanm\u0131\u015ft\u0131r\u2026<\/p>\n","protected":false},"excerpt":{"rendered":"<p>Z\u00dcLEYHA\u2026 B\u0130R ANNE, B\u0130R KADIN, B\u0130R HAYAL&#8230; Hayat\u0131n t\u00fcm y\u00fck\u00fcn\u00fc tek ba\u015f\u0131na ta\u015f\u0131rken bir g\u00fcn ans\u0131z\u0131n hayattan kopar\u0131ld\u0131. Z\u00fcleyha\u2019n\u0131n \u00f6l\u00fcm\u00fc, \u015fehrin sabah\u0131na d\u00fc\u015fen s\u0131radan bir haber<span class=\"excerpt-hellip\"> [\u2026]<\/span><\/p>\n","protected":false},"featured_media":0,"template":"","meta":{"_monsterinsights_skip_tracking":false,"_monsterinsights_sitenote_active":false,"_monsterinsights_sitenote_note":"","_monsterinsights_sitenote_category":0},"product_brand":[],"product_cat":[12364,12376],"product_tag":[],"class_list":{"0":"post-781044","1":"product","2":"type-product","3":"status-publish","5":"product_cat-genel-konular","6":"product_cat-kisisel-gelisim","7":"pa_cilt-ciltsiz","8":"pa_tur-kitap","9":"pa_yayinevi-elpis-yayinlari","10":"pa_yazar-serafettin-yildiz","12":"first","13":"instock","14":"sale","15":"shipping-taxable","16":"purchasable","17":"product-type-simple"},"_links":{"self":[{"href":"https:\/\/roveyayinevi.com.tr\/index.php\/wp-json\/wp\/v2\/product\/781044","targetHints":{"allow":["GET"]}}],"collection":[{"href":"https:\/\/roveyayinevi.com.tr\/index.php\/wp-json\/wp\/v2\/product"}],"about":[{"href":"https:\/\/roveyayinevi.com.tr\/index.php\/wp-json\/wp\/v2\/types\/product"}],"wp:attachment":[{"href":"https:\/\/roveyayinevi.com.tr\/index.php\/wp-json\/wp\/v2\/media?parent=781044"}],"wp:term":[{"taxonomy":"product_brand","embeddable":true,"href":"https:\/\/roveyayinevi.com.tr\/index.php\/wp-json\/wp\/v2\/product_brand?post=781044"},{"taxonomy":"product_cat","embeddable":true,"href":"https:\/\/roveyayinevi.com.tr\/index.php\/wp-json\/wp\/v2\/product_cat?post=781044"},{"taxonomy":"product_tag","embeddable":true,"href":"https:\/\/roveyayinevi.com.tr\/index.php\/wp-json\/wp\/v2\/product_tag?post=781044"}],"curies":[{"name":"wp","href":"https:\/\/api.w.org\/{rel}","templated":true}]}}