{"id":781039,"date":"2026-01-20T04:36:16","date_gmt":"2026-01-20T01:36:16","guid":{"rendered":"https:\/\/roveyayinevi.com.tr\/index.php\/urun\/halamin-sus-fenerleri\/"},"modified":"2026-04-15T03:45:29","modified_gmt":"2026-04-15T00:45:29","slug":"halamin-sus-fenerleri","status":"publish","type":"product","link":"https:\/\/roveyayinevi.com.tr\/index.php\/urun\/halamin-sus-fenerleri\/","title":{"rendered":"Halam\u0131n S\u00fcs Fenerleri"},"content":{"rendered":"<p>Zeli\u015f, halas\u0131n\u0131n gelece\u011fi g\u00fcn\u00fc sab\u0131rs\u0131zl\u0131kla bekler. K\u00e2\u011f\u0131ttan fenerler, masallar ve g\u00fcl\u00fc\u015flerle dolu bir zaman\u0131\u2026 Birlikte yap\u0131lan s\u00fcs fenerleri, oyunlar ve masallar k\u0131sac\u0131k bir ak\u015fam\u0131 unutulmaz k\u0131lar. Ama trenin \u00e7uh \u00e7uh sesleri yakla\u015fmaya ba\u015flad\u0131\u011f\u0131nda, vedan\u0131n ayak sesleri de duyulur. Zeli\u015f, karanl\u0131ktan ve vedalardan korksa da; s\u00fcs fenerlerinin soluk \u0131\u015f\u0131\u011f\u0131nda yava\u015f yava\u015f b\u00fcy\u00fcmeyi, \u00f6zlemi ve umudu \u00f6\u011frenir. Belki bir g\u00fcn, halas\u0131 yine gamzeli g\u00fcl\u00fc\u015f\u00fcyle  kap\u0131y\u0131 \u00e7alar\u2026<\/p>\n","protected":false},"excerpt":{"rendered":"<p>Zeli\u015f, halas\u0131n\u0131n gelece\u011fi g\u00fcn\u00fc sab\u0131rs\u0131zl\u0131kla bekler. K\u00e2\u011f\u0131ttan fenerler, masallar ve g\u00fcl\u00fc\u015flerle dolu bir zaman\u0131\u2026 Birlikte yap\u0131lan s\u00fcs fenerleri, oyunlar ve masallar k\u0131sac\u0131k bir ak\u015fam\u0131 unutulmaz k\u0131lar.<span class=\"excerpt-hellip\"> [\u2026]<\/span><\/p>\n","protected":false},"featured_media":0,"template":"","meta":{"_monsterinsights_skip_tracking":false,"_monsterinsights_sitenote_active":false,"_monsterinsights_sitenote_note":"","_monsterinsights_sitenote_category":0},"product_brand":[],"product_cat":[12274,12284],"product_tag":[],"class_list":{"0":"post-781039","1":"product","2":"type-product","3":"status-publish","5":"product_cat-cocuk-ve-genclik-kitaplari","6":"product_cat-hikayeler","7":"pa_cilt-ciltsiz","8":"pa_tur-kitap","9":"pa_yayinevi-perseus","10":"pa_yazar-ayda-erulgen-cayir","12":"first","13":"instock","14":"sale","15":"shipping-taxable","16":"purchasable","17":"product-type-simple"},"_links":{"self":[{"href":"https:\/\/roveyayinevi.com.tr\/index.php\/wp-json\/wp\/v2\/product\/781039","targetHints":{"allow":["GET"]}}],"collection":[{"href":"https:\/\/roveyayinevi.com.tr\/index.php\/wp-json\/wp\/v2\/product"}],"about":[{"href":"https:\/\/roveyayinevi.com.tr\/index.php\/wp-json\/wp\/v2\/types\/product"}],"wp:attachment":[{"href":"https:\/\/roveyayinevi.com.tr\/index.php\/wp-json\/wp\/v2\/media?parent=781039"}],"wp:term":[{"taxonomy":"product_brand","embeddable":true,"href":"https:\/\/roveyayinevi.com.tr\/index.php\/wp-json\/wp\/v2\/product_brand?post=781039"},{"taxonomy":"product_cat","embeddable":true,"href":"https:\/\/roveyayinevi.com.tr\/index.php\/wp-json\/wp\/v2\/product_cat?post=781039"},{"taxonomy":"product_tag","embeddable":true,"href":"https:\/\/roveyayinevi.com.tr\/index.php\/wp-json\/wp\/v2\/product_tag?post=781039"}],"curies":[{"name":"wp","href":"https:\/\/api.w.org\/{rel}","templated":true}]}}