{"id":781018,"date":"2026-01-20T04:34:52","date_gmt":"2026-01-20T01:34:52","guid":{"rendered":"https:\/\/roveyayinevi.com.tr\/index.php\/urun\/karanligin-ardinda\/"},"modified":"2026-04-15T03:45:28","modified_gmt":"2026-04-15T00:45:28","slug":"karanligin-ardinda","status":"publish","type":"product","link":"https:\/\/roveyayinevi.com.tr\/index.php\/urun\/karanligin-ardinda\/","title":{"rendered":"Karanl\u0131\u011f\u0131n Ard\u0131nda"},"content":{"rendered":"<p>Bir annenin yard\u0131m \u00e7\u0131\u011fl\u0131klar\u0131na kim sessiz kalabilir ki? Ba\u015far\u0131l\u0131 bir avukat olan Asl\u0131, davan\u0131n bu kadar derinle\u015febilece\u011fini asla tahmin edemezdi. Peki, bu davan\u0131n seni de oyunun par\u00e7as\u0131 yapaca\u011f\u0131n\u0131 bilseydin, yine devam eder miydin? Karanl\u0131\u011f\u0131n ard\u0131nda saklanan ger\u00e7ekleri ortaya \u00e7\u0131karmak i\u00e7in sen nelerden vazge\u00e7erdin? T\u00fcm bu sorular\u0131n cevaplar\u0131n\u0131 bulmaya haz\u0131r m\u0131s\u0131n?<\/p>\n","protected":false},"excerpt":{"rendered":"<p>Bir annenin yard\u0131m \u00e7\u0131\u011fl\u0131klar\u0131na kim sessiz kalabilir ki? Ba\u015far\u0131l\u0131 bir avukat olan Asl\u0131, davan\u0131n bu kadar derinle\u015febilece\u011fini asla tahmin edemezdi. Peki, bu davan\u0131n seni de oyunun<span class=\"excerpt-hellip\"> [\u2026]<\/span><\/p>\n","protected":false},"featured_media":0,"template":"","meta":{"_monsterinsights_skip_tracking":false,"_monsterinsights_sitenote_active":false,"_monsterinsights_sitenote_note":"","_monsterinsights_sitenote_category":0},"product_brand":[],"product_cat":[12291,12711],"product_tag":[],"class_list":{"0":"post-781018","1":"product","2":"type-product","3":"status-publish","5":"product_cat-edebiyat","6":"product_cat-roman-oyku","7":"pa_cilt-ciltsiz","8":"pa_tur-kitap","9":"pa_yayinevi-ulysses-yayinlari","10":"pa_yazar-elsea","12":"first","13":"instock","14":"sale","15":"shipping-taxable","16":"purchasable","17":"product-type-simple"},"_links":{"self":[{"href":"https:\/\/roveyayinevi.com.tr\/index.php\/wp-json\/wp\/v2\/product\/781018","targetHints":{"allow":["GET"]}}],"collection":[{"href":"https:\/\/roveyayinevi.com.tr\/index.php\/wp-json\/wp\/v2\/product"}],"about":[{"href":"https:\/\/roveyayinevi.com.tr\/index.php\/wp-json\/wp\/v2\/types\/product"}],"wp:attachment":[{"href":"https:\/\/roveyayinevi.com.tr\/index.php\/wp-json\/wp\/v2\/media?parent=781018"}],"wp:term":[{"taxonomy":"product_brand","embeddable":true,"href":"https:\/\/roveyayinevi.com.tr\/index.php\/wp-json\/wp\/v2\/product_brand?post=781018"},{"taxonomy":"product_cat","embeddable":true,"href":"https:\/\/roveyayinevi.com.tr\/index.php\/wp-json\/wp\/v2\/product_cat?post=781018"},{"taxonomy":"product_tag","embeddable":true,"href":"https:\/\/roveyayinevi.com.tr\/index.php\/wp-json\/wp\/v2\/product_tag?post=781018"}],"curies":[{"name":"wp","href":"https:\/\/api.w.org\/{rel}","templated":true}]}}