{"id":781015,"date":"2026-01-20T04:34:38","date_gmt":"2026-01-20T01:34:38","guid":{"rendered":"https:\/\/roveyayinevi.com.tr\/index.php\/urun\/baharda-zemheri\/"},"modified":"2026-04-15T03:45:28","modified_gmt":"2026-04-15T00:45:28","slug":"baharda-zemheri","status":"publish","type":"product","link":"https:\/\/roveyayinevi.com.tr\/index.php\/urun\/baharda-zemheri\/","title":{"rendered":"Baharda Zemheri"},"content":{"rendered":"<p>Bahar\u0131n s\u0131ca\u011f\u0131nda iliklerine kadar \u00fc\u015f\u00fcd\u00fc\u011f\u00fcn oldu mu hi\u00e7? Tam her \u015fey yoluna giriyor derken, aniden bast\u0131ran bir ayaz\u0131n solu\u011funu kesmesi gibi&#8230; \u0130\u015fte onlar\u0131n hik\u00e2yesi de b\u00f6yleydi. Lina, ailesini bir depremde kaybetti\u011finde, hayat ona sert bir k\u0131\u015f gibi \u00e7arpm\u0131\u015ft\u0131. Yetimli\u011fin so\u011fuk tenini k\u00fc\u00e7\u00fck ya\u015fta \u00f6\u011frenmi\u015f, yaralar\u0131n\u0131 kendi sarmay\u0131 ezberlemi\u015fti. Ve sonra Yunus Emre&#8230; Kendi i\u00e7inde firtinalar koparan, annesinin \u00f6l\u00fcm\u00fcn\u00fc omuzlar\u0131na y\u00fck gibi al\u0131p babas\u0131n\u0131n sevgisizli\u011fiyle donmu\u015f bir \u00e7ocuk&#8230; Onlar, bir ortaokul bah\u00e7esinde birbirlerinin yaralar\u0131na merhem oldular. Dost oldular. Sonra kalpleri onlar\u0131 daha derin bir ba\u011fa s\u00fcr\u00fckledi. Ama baz\u0131 hik\u00e2yeler mutlu sonlara ula\u015fmaz. Yunus Emre, en b\u00fcy\u00fck korkusuyla y\u00fczle\u015femedi. Lina&#8217;y\u0131 ard\u0131nda b\u0131rak\u0131p gitti\u011finde, bahar\u0131n ortas\u0131nda zemheri gibi \u00e7\u00f6kt\u00fc onun d\u00fcnyas\u0131na. Ve y\u0131llar sonra d\u00f6nd\u00fc\u011f\u00fcnde, Lina&#8217;n\u0131n g\u00f6zleri art\u0131k ba\u015fka bir adam\u0131 ar\u0131yordu. Onu unuttu\u011funu, ge\u00e7mi\u015fin izlerinin silindi\u011fini sand\u0131. Ama baz\u0131 a\u015fklar, tenin de\u011fil, ruhun en derin k\u00f6\u015felerinde saklan\u0131r. \u015eimdi ge\u00e7mi\u015fin g\u00f6lgesi \u00fczerlerine \u00e7\u00f6kerken, Lina ve Yunus Emre yeniden kar\u015f\u0131 kar\u015f\u0131ya. Ama bu kez zaman, onlar\u0131 en b\u00fcy\u00fck d\u00fc\u015fman\u0131. Unutulmu\u015f duygular k\u00fcllerinden do\u011farken, Lina sevmekten mi yoksa yeniden yanmaktan mi korkacak? Ve Yunus Emre&#8230; Zamana ve kadere kar\u015f\u0131 koyup, kaybetti\u011fi her \u015feyi geri alabilecek mi? &#8220;Baz\u0131 ayr\u0131l\u0131klar, bir mevsimi de\u011fil, bir \u00f6mr\u00fc k\u0131\u015fa \u00e7evirir. Peki, baharda gelen zemheri ge\u00e7er mi?&#8221;<\/p>\n","protected":false},"excerpt":{"rendered":"<p>Bahar\u0131n s\u0131ca\u011f\u0131nda iliklerine kadar \u00fc\u015f\u00fcd\u00fc\u011f\u00fcn oldu mu hi\u00e7? Tam her \u015fey yoluna giriyor derken, aniden bast\u0131ran bir ayaz\u0131n solu\u011funu kesmesi gibi&#8230; \u0130\u015fte onlar\u0131n hik\u00e2yesi de b\u00f6yleydi.<span class=\"excerpt-hellip\"> [\u2026]<\/span><\/p>\n","protected":false},"featured_media":0,"template":"","meta":{"_monsterinsights_skip_tracking":false,"_monsterinsights_sitenote_active":false,"_monsterinsights_sitenote_note":"","_monsterinsights_sitenote_category":0},"product_brand":[],"product_cat":[12291,12711],"product_tag":[],"class_list":{"0":"post-781015","1":"product","2":"type-product","3":"status-publish","5":"product_cat-edebiyat","6":"product_cat-roman-oyku","7":"pa_cilt-ciltsiz","8":"pa_tur-kitap","9":"pa_yayinevi-ulysses-yayinlari","10":"pa_yazar-ravza-nur-dongel","12":"first","13":"instock","14":"sale","15":"shipping-taxable","16":"purchasable","17":"product-type-simple"},"_links":{"self":[{"href":"https:\/\/roveyayinevi.com.tr\/index.php\/wp-json\/wp\/v2\/product\/781015","targetHints":{"allow":["GET"]}}],"collection":[{"href":"https:\/\/roveyayinevi.com.tr\/index.php\/wp-json\/wp\/v2\/product"}],"about":[{"href":"https:\/\/roveyayinevi.com.tr\/index.php\/wp-json\/wp\/v2\/types\/product"}],"wp:attachment":[{"href":"https:\/\/roveyayinevi.com.tr\/index.php\/wp-json\/wp\/v2\/media?parent=781015"}],"wp:term":[{"taxonomy":"product_brand","embeddable":true,"href":"https:\/\/roveyayinevi.com.tr\/index.php\/wp-json\/wp\/v2\/product_brand?post=781015"},{"taxonomy":"product_cat","embeddable":true,"href":"https:\/\/roveyayinevi.com.tr\/index.php\/wp-json\/wp\/v2\/product_cat?post=781015"},{"taxonomy":"product_tag","embeddable":true,"href":"https:\/\/roveyayinevi.com.tr\/index.php\/wp-json\/wp\/v2\/product_tag?post=781015"}],"curies":[{"name":"wp","href":"https:\/\/api.w.org\/{rel}","templated":true}]}}