{"id":781007,"date":"2026-01-20T04:34:14","date_gmt":"2026-01-20T01:34:14","guid":{"rendered":"https:\/\/roveyayinevi.com.tr\/index.php\/urun\/iliskiler-2\/"},"modified":"2026-04-15T03:45:28","modified_gmt":"2026-04-15T00:45:28","slug":"iliskiler-2","status":"publish","type":"product","link":"https:\/\/roveyayinevi.com.tr\/index.php\/urun\/iliskiler-2\/","title":{"rendered":"\u0130li\u015fkiler"},"content":{"rendered":"<p>\u0130li\u015fkiler, metafizi\u011fin temel konu ve kavramlar\u0131na ili\u015fkin k\u0131sa ama kapsaml\u0131 giri\u015f metinlerini okuyucuyla bulu\u015fturmay\u0131 ama\u00e7layan Metafizik Bug\u00fcn serisinin yeni kitab\u0131. Yazar\u0131n ifadesiyle \u201c\u00e7o\u011funlukla tali meseleler olarak\u201d g\u00f6r\u00fclen ili\u015fkiler, esas\u0131nda dil, d\u00fc\u015f\u00fcnce ve varl\u0131\u011fa ili\u015fkin tart\u0131\u015fmalar\u0131n g\u00f6z ard\u0131 edemeyece\u011fi merkez\u00ee meselelerden biridir. Bir \u015fey ba\u015fka bir \u015feyle nas\u0131l ili\u015fkilenir? \u0130li\u015fkinin ontolojik stat\u00fcs\u00fc nedir? Onlara bir ger\u00e7eklik atfetmeli miyiz yoksa yaln\u0131zca kendinde var oldu\u011funu s\u00f6yledi\u011fimiz \u015feylere g\u00f6reli olarak d\u00fc\u015f\u00fcn\u00fclebileceklerini mi s\u00f6ylemeliyiz? Heil\u2019in kitab\u0131, bu sorular etraf\u0131nda \u201cili\u015fki\u201dnin do\u011fas\u0131n\u0131, t\u00fcrlerini ve felsefi a\u00e7\u0131dan anlam\u0131n\u0131 tart\u0131\u015fmay\u0131 ama\u00e7l\u0131yor. Bu ba\u011flamda \u00f6zellikle \u00f6nemli g\u00f6rd\u00fc\u011f\u00fc bir ismin, F. H. Bradley\u2019nin g\u00f6r\u00fc\u015flerini ve g\u00fcn\u00fcm\u00fcz a\u00e7\u0131s\u0131ndan \u00f6nemini de\u011ferlendiriyor. \u0130li\u015fkiler, kavram\u0131n \u00e7a\u011fda\u015f metafizik tart\u0131\u015fmalar\u0131 i\u00e7inde nas\u0131l ele al\u0131nd\u0131\u011f\u0131n\u0131, hangi \u00f6nemli isimlerin bu tart\u0131\u015fmaya katk\u0131da bulundu\u011funu ve g\u00fcn\u00fcm\u00fcz i\u00e7in anlam\u0131n\u0131 merak eden herkes i\u00e7in temel bir eser.<\/p>\n","protected":false},"excerpt":{"rendered":"<p>\u0130li\u015fkiler, metafizi\u011fin temel konu ve kavramlar\u0131na ili\u015fkin k\u0131sa ama kapsaml\u0131 giri\u015f metinlerini okuyucuyla bulu\u015fturmay\u0131 ama\u00e7layan Metafizik Bug\u00fcn serisinin yeni kitab\u0131. Yazar\u0131n ifadesiyle \u201c\u00e7o\u011funlukla tali meseleler olarak\u201d<span class=\"excerpt-hellip\"> [\u2026]<\/span><\/p>\n","protected":false},"featured_media":0,"template":"","meta":{"_monsterinsights_skip_tracking":false,"_monsterinsights_sitenote_active":false,"_monsterinsights_sitenote_note":"","_monsterinsights_sitenote_category":0},"product_brand":[],"product_cat":[12388],"product_tag":[],"class_list":{"0":"post-781007","1":"product","2":"type-product","3":"status-publish","5":"product_cat-felsefe","6":"pa_cilt-ciltsiz","7":"pa_tur-kitap","8":"pa_yayinevi-vakifbank-kultur-yayinlari","9":"pa_yazar-john-heil","11":"first","12":"instock","13":"sale","14":"shipping-taxable","15":"purchasable","16":"product-type-simple"},"_links":{"self":[{"href":"https:\/\/roveyayinevi.com.tr\/index.php\/wp-json\/wp\/v2\/product\/781007","targetHints":{"allow":["GET"]}}],"collection":[{"href":"https:\/\/roveyayinevi.com.tr\/index.php\/wp-json\/wp\/v2\/product"}],"about":[{"href":"https:\/\/roveyayinevi.com.tr\/index.php\/wp-json\/wp\/v2\/types\/product"}],"wp:attachment":[{"href":"https:\/\/roveyayinevi.com.tr\/index.php\/wp-json\/wp\/v2\/media?parent=781007"}],"wp:term":[{"taxonomy":"product_brand","embeddable":true,"href":"https:\/\/roveyayinevi.com.tr\/index.php\/wp-json\/wp\/v2\/product_brand?post=781007"},{"taxonomy":"product_cat","embeddable":true,"href":"https:\/\/roveyayinevi.com.tr\/index.php\/wp-json\/wp\/v2\/product_cat?post=781007"},{"taxonomy":"product_tag","embeddable":true,"href":"https:\/\/roveyayinevi.com.tr\/index.php\/wp-json\/wp\/v2\/product_tag?post=781007"}],"curies":[{"name":"wp","href":"https:\/\/api.w.org\/{rel}","templated":true}]}}