{"id":781002,"date":"2026-01-20T04:33:56","date_gmt":"2026-01-20T01:33:56","guid":{"rendered":"https:\/\/roveyayinevi.com.tr\/index.php\/urun\/denizler-icinde-bir-deniz\/"},"modified":"2026-04-15T03:45:28","modified_gmt":"2026-04-15T00:45:28","slug":"denizler-icinde-bir-deniz","status":"publish","type":"product","link":"https:\/\/roveyayinevi.com.tr\/index.php\/urun\/denizler-icinde-bir-deniz\/","title":{"rendered":"Denizler \u0130\u00e7inde Bir Deniz"},"content":{"rendered":"<p>Adalar\u0131n i\u00e7inde bir Burgazadas\u0131 vard\u0131r. Bir sandal vard\u0131r, tam Kaloyeros\u2019la Leandros\u2019un g\u00f6z\u00fckt\u00fc\u011f\u00fc ni\u015fanda. \u0130\u015fte o benim. Ben, sandallar i\u00e7inde bir sandal, denizler i\u00e7inde bir deniz, insanlar i\u00e7inde bir insan. Sait Faik\u2019in ada \u00f6yk\u00fcleri, \u0130stanbul Adalar\u0131\u2019n\u0131n \u0131\u015f\u0131\u011f\u0131n\u0131, kokusunu, insan\u0131n\u0131 ve do\u011fas\u0131n\u0131 edebiyat\u0131m\u0131z\u0131n en \u00f6zg\u00fcn sayfalar\u0131na ta\u015f\u0131r. Bal\u0131k\u00e7\u0131lar\u0131n sesi, ku\u015flar\u0131n g\u00f6lgesi, denizin \u00e7alkant\u0131l\u0131 ruhu ve Adalar\u2019\u0131n \u00e7ok k\u00fclt\u00fcrl\u00fc dokusu, onun kaleminde hem bir mek\u00e2n hem de bir ya\u015fam bi\u00e7imine d\u00f6n\u00fc\u015f\u00fcr. Elinizdeki se\u00e7ki, Sait Faik\u2019in ada temal\u0131 \u00f6yk\u00fclerini s\u00fcreli yay\u0131nlardaki ilk versiyonlar\u0131 ile kitaplarda yer alan son bi\u00e7imleri kar\u015f\u0131la\u015ft\u0131rarak haz\u0131rlanm\u0131\u015f \u00f6zel bir derlemedir. B\u00f6ylece okur, Sait Faik\u2019in \u00f6yk\u00fclerini nas\u0131l d\u00f6n\u00fc\u015ft\u00fcrd\u00fc\u011f\u00fcn\u00fc, dilinin ve ritminin zaman i\u00e7inde nas\u0131l olgunla\u015ft\u0131\u011f\u0131n\u0131 yak\u0131ndan g\u00f6rme imk\u00e2n\u0131 bulur.  Ada yaln\u0131zca bir arka plan de\u011fil; insanlar\u0131n, ku\u015flar\u0131n, vapurlar\u0131n, r\u00fczg\u00e2r\u0131n ve g\u00fcndelik hayat\u0131n bir arada soluk ald\u0131\u011f\u0131 canl\u0131 bir karakterdir Sait Faik\u2019te. Vak\u0131fBank K\u00fclt\u00fcr Yay\u0131nlar\u0131 etiketiyle okurla bulu\u015fan Denizler \u0130\u00e7inde Bir Deniz, onun ada ile kurdu\u011fu derin ba\u011f\u0131 ve yaz\u0131ya tutunma bi\u00e7imini g\u00f6r\u00fcn\u00fcr k\u0131lan, hem edebiyat merakl\u0131lar\u0131na hem de ara\u015ft\u0131rmac\u0131lara hitap eden kapsaml\u0131 bir se\u00e7ki.<\/p>\n","protected":false},"excerpt":{"rendered":"<p>Adalar\u0131n i\u00e7inde bir Burgazadas\u0131 vard\u0131r. Bir sandal vard\u0131r, tam Kaloyeros\u2019la Leandros\u2019un g\u00f6z\u00fckt\u00fc\u011f\u00fc ni\u015fanda. \u0130\u015fte o benim. Ben, sandallar i\u00e7inde bir sandal, denizler i\u00e7inde bir deniz, insanlar<span class=\"excerpt-hellip\"> [\u2026]<\/span><\/p>\n","protected":false},"featured_media":0,"template":"","meta":{"_monsterinsights_skip_tracking":false,"_monsterinsights_sitenote_active":false,"_monsterinsights_sitenote_note":"","_monsterinsights_sitenote_category":0},"product_brand":[],"product_cat":[12291],"product_tag":[],"class_list":{"0":"post-781002","1":"product","2":"type-product","3":"status-publish","5":"product_cat-edebiyat","6":"pa_cilt-ciltsiz","7":"pa_tur-kitap","8":"pa_yayinevi-vakifbank-kultur-yayinlari","9":"pa_yazar-sait-faik-abasiyanik","11":"first","12":"instock","13":"sale","14":"shipping-taxable","15":"purchasable","16":"product-type-simple"},"_links":{"self":[{"href":"https:\/\/roveyayinevi.com.tr\/index.php\/wp-json\/wp\/v2\/product\/781002","targetHints":{"allow":["GET"]}}],"collection":[{"href":"https:\/\/roveyayinevi.com.tr\/index.php\/wp-json\/wp\/v2\/product"}],"about":[{"href":"https:\/\/roveyayinevi.com.tr\/index.php\/wp-json\/wp\/v2\/types\/product"}],"wp:attachment":[{"href":"https:\/\/roveyayinevi.com.tr\/index.php\/wp-json\/wp\/v2\/media?parent=781002"}],"wp:term":[{"taxonomy":"product_brand","embeddable":true,"href":"https:\/\/roveyayinevi.com.tr\/index.php\/wp-json\/wp\/v2\/product_brand?post=781002"},{"taxonomy":"product_cat","embeddable":true,"href":"https:\/\/roveyayinevi.com.tr\/index.php\/wp-json\/wp\/v2\/product_cat?post=781002"},{"taxonomy":"product_tag","embeddable":true,"href":"https:\/\/roveyayinevi.com.tr\/index.php\/wp-json\/wp\/v2\/product_tag?post=781002"}],"curies":[{"name":"wp","href":"https:\/\/api.w.org\/{rel}","templated":true}]}}