{"id":780961,"date":"2026-01-20T04:31:42","date_gmt":"2026-01-20T01:31:42","guid":{"rendered":"https:\/\/roveyayinevi.com.tr\/index.php\/urun\/baklava-prens\/"},"modified":"2026-04-15T03:45:27","modified_gmt":"2026-04-15T00:45:27","slug":"baklava-prens","status":"publish","type":"product","link":"https:\/\/roveyayinevi.com.tr\/index.php\/urun\/baklava-prens\/","title":{"rendered":"Baklava Prens"},"content":{"rendered":"<p>Baklava dilimleriyle \u00f6r\u00fclm\u00fc\u015f bir saray.\u0130\u00e7inde ya\u015fayan Baklava ailesi\u2026Baklava Kral, Baklava Krali\u00e7e, Baklava Prenses ve Baklava Prens.\u0130\u00e7i s\u00fct dolu bir havuz.Ah, Baklava Prens ayr\u0131lam\u0131yor havuzun ba\u015f\u0131ndan.L\u0131k\u0131r l\u0131k\u0131r i\u00e7se de doyam\u0131yor s\u00fcte.Ve bir g\u00fcn\u2026Kar\u0131\u015f\u0131veriyor i\u015fler havuz ba\u015f\u0131nda! D\u00fcnyan\u0131n En Tatl\u0131 Hikayesi, en az onlar kadar tatl\u0131 \u00e7ocuklar\u0131, Tatl\u0131 Diyar\u0131\u2019na davet ediyor!Haydi, ge\u00e7in bu tatl\u0131 m\u0131 tatl\u0131 baklava kap\u0131s\u0131ndan.<\/p>\n","protected":false},"excerpt":{"rendered":"<p>Baklava dilimleriyle \u00f6r\u00fclm\u00fc\u015f bir saray.\u0130\u00e7inde ya\u015fayan Baklava ailesi\u2026Baklava Kral, Baklava Krali\u00e7e, Baklava Prenses ve Baklava Prens.\u0130\u00e7i s\u00fct dolu bir havuz.Ah, Baklava Prens ayr\u0131lam\u0131yor havuzun ba\u015f\u0131ndan.L\u0131k\u0131r l\u0131k\u0131r<span class=\"excerpt-hellip\"> [\u2026]<\/span><\/p>\n","protected":false},"featured_media":0,"template":"","meta":{"_monsterinsights_skip_tracking":false,"_monsterinsights_sitenote_active":false,"_monsterinsights_sitenote_note":"","_monsterinsights_sitenote_category":0},"product_brand":[],"product_cat":[12274,12284],"product_tag":[],"class_list":{"0":"post-780961","1":"product","2":"type-product","3":"status-publish","5":"product_cat-cocuk-ve-genclik-kitaplari","6":"product_cat-hikayeler","7":"pa_cilt-ciltsiz","8":"pa_tur-kitap","9":"pa_yayinevi-luna-cocuk-yayinlari","10":"pa_yazar-mehmet-akgul","12":"first","13":"instock","14":"sale","15":"shipping-taxable","16":"purchasable","17":"product-type-simple"},"_links":{"self":[{"href":"https:\/\/roveyayinevi.com.tr\/index.php\/wp-json\/wp\/v2\/product\/780961","targetHints":{"allow":["GET"]}}],"collection":[{"href":"https:\/\/roveyayinevi.com.tr\/index.php\/wp-json\/wp\/v2\/product"}],"about":[{"href":"https:\/\/roveyayinevi.com.tr\/index.php\/wp-json\/wp\/v2\/types\/product"}],"wp:attachment":[{"href":"https:\/\/roveyayinevi.com.tr\/index.php\/wp-json\/wp\/v2\/media?parent=780961"}],"wp:term":[{"taxonomy":"product_brand","embeddable":true,"href":"https:\/\/roveyayinevi.com.tr\/index.php\/wp-json\/wp\/v2\/product_brand?post=780961"},{"taxonomy":"product_cat","embeddable":true,"href":"https:\/\/roveyayinevi.com.tr\/index.php\/wp-json\/wp\/v2\/product_cat?post=780961"},{"taxonomy":"product_tag","embeddable":true,"href":"https:\/\/roveyayinevi.com.tr\/index.php\/wp-json\/wp\/v2\/product_tag?post=780961"}],"curies":[{"name":"wp","href":"https:\/\/api.w.org\/{rel}","templated":true}]}}