{"id":780960,"date":"2026-01-20T04:31:38","date_gmt":"2026-01-20T01:31:38","guid":{"rendered":"https:\/\/roveyayinevi.com.tr\/index.php\/urun\/iki-ses\/"},"modified":"2026-04-15T03:45:27","modified_gmt":"2026-04-15T00:45:27","slug":"iki-ses","status":"publish","type":"product","link":"https:\/\/roveyayinevi.com.tr\/index.php\/urun\/iki-ses\/","title":{"rendered":"\u0130ki Ses"},"content":{"rendered":"<p>Her insan\u0131n i\u00e7inde konu\u015fan bir ses vard\u0131r; biri d\u00fcnyaya seslenen, di\u011feri yaln\u0131zca kendine f\u0131s\u0131ldayan. \u0130ki Ses, bazen bir \u00e7\u0131nar g\u00f6vdesine yaslanan yorgunlu\u011fu, bazen sessizce s\u00f6ylenen bir \u201cbelki\u201dyi, bazen de hi\u00e7bir yere varmayan ama her \u015feyi anlatan bir noktay\u0131 ta\u015f\u0131r i\u00e7inde. Ayr\u0131l\u0131klar, y\u00fczle\u015fmeler, arzular, bo\u015fluklar\u2026 Ve yine de bir umut gibi b\u00fcy\u00fcyen kelimelerle \u00f6r\u00fcl\u00fcr her dize.\u015eiirler sessizce konu\u015fur: Kimi zaman bir dara\u011fac\u0131n\u0131n g\u00f6lgesinde kalan inad\u0131m\u0131zla kimi zamansa y\u0131ld\u0131zlara bakarken susmaya cesaret edemeyen kalbimizle. Anlatman\u0131n, susman\u0131n \u00f6n\u00fcne ge\u00e7ti\u011fi anlar var. Ve bazen sadece iki ses yeter: Biri senden, di\u011feri sana ra\u011fmen. \u0130\u00e7imize g\u00f6m\u00fclen kelimeleri g\u00f6r\u00fcn\u00fcr k\u0131lan bir duyarl\u0131l\u0131kla Kaz\u0131m Sar\u011f\u0131n\u2019\u0131n kaleminden \u00e7\u0131kan bu dizeler, kendini duymaya yeniden cesaret eden herkese sesleniyor. Zeynep \u00c7okran<\/p>\n","protected":false},"excerpt":{"rendered":"<p>Her insan\u0131n i\u00e7inde konu\u015fan bir ses vard\u0131r; biri d\u00fcnyaya seslenen, di\u011feri yaln\u0131zca kendine f\u0131s\u0131ldayan. \u0130ki Ses, bazen bir \u00e7\u0131nar g\u00f6vdesine yaslanan yorgunlu\u011fu, bazen sessizce s\u00f6ylenen bir<span class=\"excerpt-hellip\"> [\u2026]<\/span><\/p>\n","protected":false},"featured_media":0,"template":"","meta":{"_monsterinsights_skip_tracking":false,"_monsterinsights_sitenote_active":false,"_monsterinsights_sitenote_note":"","_monsterinsights_sitenote_category":0},"product_brand":[],"product_cat":[12291,12509],"product_tag":[],"class_list":{"0":"post-780960","1":"product","2":"type-product","3":"status-publish","5":"product_cat-edebiyat","6":"product_cat-siir","7":"pa_cilt-ciltsiz","8":"pa_tur-kitap","9":"pa_yayinevi-luna-yayinlari","10":"pa_yazar-kazim-sargin","12":"first","13":"instock","14":"sale","15":"shipping-taxable","16":"purchasable","17":"product-type-simple"},"_links":{"self":[{"href":"https:\/\/roveyayinevi.com.tr\/index.php\/wp-json\/wp\/v2\/product\/780960","targetHints":{"allow":["GET"]}}],"collection":[{"href":"https:\/\/roveyayinevi.com.tr\/index.php\/wp-json\/wp\/v2\/product"}],"about":[{"href":"https:\/\/roveyayinevi.com.tr\/index.php\/wp-json\/wp\/v2\/types\/product"}],"wp:attachment":[{"href":"https:\/\/roveyayinevi.com.tr\/index.php\/wp-json\/wp\/v2\/media?parent=780960"}],"wp:term":[{"taxonomy":"product_brand","embeddable":true,"href":"https:\/\/roveyayinevi.com.tr\/index.php\/wp-json\/wp\/v2\/product_brand?post=780960"},{"taxonomy":"product_cat","embeddable":true,"href":"https:\/\/roveyayinevi.com.tr\/index.php\/wp-json\/wp\/v2\/product_cat?post=780960"},{"taxonomy":"product_tag","embeddable":true,"href":"https:\/\/roveyayinevi.com.tr\/index.php\/wp-json\/wp\/v2\/product_tag?post=780960"}],"curies":[{"name":"wp","href":"https:\/\/api.w.org\/{rel}","templated":true}]}}