{"id":780940,"date":"2026-01-20T04:30:14","date_gmt":"2026-01-20T01:30:14","guid":{"rendered":"https:\/\/roveyayinevi.com.tr\/index.php\/urun\/bay-golge\/"},"modified":"2026-04-15T03:45:26","modified_gmt":"2026-04-15T00:45:26","slug":"bay-golge","status":"publish","type":"product","link":"https:\/\/roveyayinevi.com.tr\/index.php\/urun\/bay-golge\/","title":{"rendered":"Bay G\u00f6lge"},"content":{"rendered":"<p>T\u00fcrkiye\u2019nin yak\u0131n tarihine y\u00f6n veren en kritik d\u00f6neme\u00e7lerden biri: 27 May\u0131s 1960 \u0130htilali. Resmi anlat\u0131lar\u0131n g\u00f6lgesinde kalan, perde arkas\u0131nda kurulan dengeler ve isimsiz akt\u00f6rler&#8230; Bir devrin gizeminden s\u00fcz\u00fclen siluet: Bay G\u00f6lge. 27 May\u0131s\u2019\u0131n so\u011fuk duvarlar\u0131 aras\u0131nda dola\u015fan bu fig\u00fcr ne tam g\u00f6r\u00fcn\u00fcr ne de tamamen kaybolur. O, bir d\u00f6nemin gizli lideridir ama ayn\u0131 zamanda kendi g\u00f6lgesinde kaybolmu\u015f bir adam. Devletin koridorlar\u0131nda yank\u0131lanan f\u0131s\u0131lt\u0131lar, masalarda gizli tutulan dosyalar, susturulmu\u015f sesler&#8230; Fatih Ergin Bay G\u00f6lge\u2019de, bir ihtilalin arka plan\u0131n\u0131, iktidar ve vicdan aras\u0131ndaki g\u00f6r\u00fcnmez sava\u015f hatt\u0131n\u0131 anlat\u0131yor. Tarih, burada sadece bir sahne de\u011fil; insan ruhunun en karanl\u0131k k\u0131vr\u0131mlar\u0131na a\u00e7\u0131lan bir aynad\u0131r. Gazeteci Ergin, bu kitapta devletin i\u00e7indeki g\u00fc\u00e7 \u00e7at\u0131\u015fmalar\u0131n\u0131, ihtilalcilerin so\u011fuk akl\u0131n\u0131 ve d\u00f6nemin psikolojik atmosferini mercek alt\u0131na al\u0131yor. Bu kitapta sadece bir d\u00f6nemi de\u011fil, T\u00fcrkiye\u2019nin h\u00e2l\u00e2 s\u00fcren \u201cg\u00f6lgeyle y\u00f6netilme\u201d h\u00e2lini de ke\u015ffedeceksiniz. Bir yanda vatan, g\u00f6rev, sadakat&#8230; Di\u011fer yanda korku, su\u00e7, yaln\u0131zl\u0131k. Ger\u00e7e\u011fe yakla\u015fmak, g\u00f6lgenin i\u00e7ine ad\u0131m atmakt\u0131r. Karanl\u0131k her zaman k\u00f6t\u00fcl\u00fc\u011f\u00fcn de\u011fil, bazen de hakikatin sakland\u0131\u011f\u0131 yerdir.<\/p>\n","protected":false},"excerpt":{"rendered":"<p>T\u00fcrkiye\u2019nin yak\u0131n tarihine y\u00f6n veren en kritik d\u00f6neme\u00e7lerden biri: 27 May\u0131s 1960 \u0130htilali. Resmi anlat\u0131lar\u0131n g\u00f6lgesinde kalan, perde arkas\u0131nda kurulan dengeler ve isimsiz akt\u00f6rler&#8230; Bir devrin<span class=\"excerpt-hellip\"> [\u2026]<\/span><\/p>\n","protected":false},"featured_media":0,"template":"","meta":{"_monsterinsights_skip_tracking":false,"_monsterinsights_sitenote_active":false,"_monsterinsights_sitenote_note":"","_monsterinsights_sitenote_category":0},"product_brand":[],"product_cat":[12337],"product_tag":[],"class_list":{"0":"post-780940","1":"product","2":"type-product","3":"status-publish","5":"product_cat-politika-siyaset","6":"pa_cilt-ciltsiz","7":"pa_tur-kitap","8":"pa_yayinevi-kirmizi-kedi-yayinevi","9":"pa_yazar-fatih-ergin","11":"first","12":"instock","13":"sale","14":"shipping-taxable","15":"purchasable","16":"product-type-simple"},"_links":{"self":[{"href":"https:\/\/roveyayinevi.com.tr\/index.php\/wp-json\/wp\/v2\/product\/780940","targetHints":{"allow":["GET"]}}],"collection":[{"href":"https:\/\/roveyayinevi.com.tr\/index.php\/wp-json\/wp\/v2\/product"}],"about":[{"href":"https:\/\/roveyayinevi.com.tr\/index.php\/wp-json\/wp\/v2\/types\/product"}],"wp:attachment":[{"href":"https:\/\/roveyayinevi.com.tr\/index.php\/wp-json\/wp\/v2\/media?parent=780940"}],"wp:term":[{"taxonomy":"product_brand","embeddable":true,"href":"https:\/\/roveyayinevi.com.tr\/index.php\/wp-json\/wp\/v2\/product_brand?post=780940"},{"taxonomy":"product_cat","embeddable":true,"href":"https:\/\/roveyayinevi.com.tr\/index.php\/wp-json\/wp\/v2\/product_cat?post=780940"},{"taxonomy":"product_tag","embeddable":true,"href":"https:\/\/roveyayinevi.com.tr\/index.php\/wp-json\/wp\/v2\/product_tag?post=780940"}],"curies":[{"name":"wp","href":"https:\/\/api.w.org\/{rel}","templated":true}]}}