{"id":780922,"date":"2026-01-20T04:29:11","date_gmt":"2026-01-20T01:29:11","guid":{"rendered":"https:\/\/roveyayinevi.com.tr\/index.php\/urun\/dost-kazanma-ve-insanlari-etkileme-sanati-ciltli\/"},"modified":"2026-04-03T03:37:10","modified_gmt":"2026-04-03T00:37:10","slug":"dost-kazanma-ve-insanlari-etkileme-sanati-ciltli","status":"publish","type":"product","link":"https:\/\/roveyayinevi.com.tr\/index.php\/urun\/dost-kazanma-ve-insanlari-etkileme-sanati-ciltli\/","title":{"rendered":"Dost Kazanma ve \u0130nsanlar\u0131 Etkileme Sanat\u0131 (Ciltli)"},"content":{"rendered":"<p>Ba\u015far\u0131l\u0131 Olmak \u0130\u00e7in \u0130htiya\u00e7 Duydu\u011funuz Tek Kitap!Bir i\u015fe girmek, kariyerinizde y\u00fckselmek, toplant\u0131larda \u00f6ne \u00e7\u0131kmak ve hayatta kar\u015f\u0131n\u0131za \u00e7\u0131kan sorunlar\u0131 rahat\u00e7a a\u015fmak m\u0131 istiyorsunuz? Bu kitap sizin i\u00e7in!Otuz milyondan fazla satan ve say\u0131s\u0131z insana i\u015f ve ki\u015fisel hayat\u0131nda yard\u0131m eden, t\u00fcm zamanlar\u0131n en \u00e7ok satan ki\u015fisel geli\u015fim kitab\u0131 Dost Kazanma ve \u0130nsanlar\u0131 Etkileme Sanat\u0131 sayesinde \u00e7evrenizdekilerle \u00e7ok daha g\u00fc\u00e7l\u00fc bir ileti\u015fim kurabileceksiniz.\u25cf Nas\u0131l daha iyi bir ilk izlenim yaratabilirsiniz?\u25cf Nas\u0131l daha fazla insan\u0131 ikna edebilirsiniz?\u25cf \u0130nsanlar\u0131 g\u00fccendirmeden onlar\u0131 nas\u0131l ele\u015ftirebilirsiniz?\u25cf Nas\u0131l daha iyi bir lider olabilirsiniz?\u25cf Hi\u00e7bir \u015fey i\u015fe yaramad\u0131\u011f\u0131nda neler yapabilirsiniz?T\u00fcm bu sorular\u0131n ve daha fazlas\u0131n\u0131n cevab\u0131 bu kitapta.<\/p>\n","protected":false},"excerpt":{"rendered":"<p>Ba\u015far\u0131l\u0131 Olmak \u0130\u00e7in \u0130htiya\u00e7 Duydu\u011funuz Tek Kitap!Bir i\u015fe girmek, kariyerinizde y\u00fckselmek, toplant\u0131larda \u00f6ne \u00e7\u0131kmak ve hayatta kar\u015f\u0131n\u0131za \u00e7\u0131kan sorunlar\u0131 rahat\u00e7a a\u015fmak m\u0131 istiyorsunuz? Bu kitap sizin<span class=\"excerpt-hellip\"> [\u2026]<\/span><\/p>\n","protected":false},"featured_media":0,"template":"","meta":{"_monsterinsights_skip_tracking":false,"_monsterinsights_sitenote_active":false,"_monsterinsights_sitenote_note":"","_monsterinsights_sitenote_category":0},"product_brand":[],"product_cat":[12364,12376],"product_tag":[],"class_list":{"0":"post-780922","1":"product","2":"type-product","3":"status-publish","5":"product_cat-genel-konular","6":"product_cat-kisisel-gelisim","7":"pa_cilt-ciltli","8":"pa_tur-kitap","9":"pa_yayinevi-dogan-novus","10":"pa_yazar-dale-carnegie","12":"first","13":"instock","14":"sale","15":"shipping-taxable","16":"purchasable","17":"product-type-simple"},"_links":{"self":[{"href":"https:\/\/roveyayinevi.com.tr\/index.php\/wp-json\/wp\/v2\/product\/780922","targetHints":{"allow":["GET"]}}],"collection":[{"href":"https:\/\/roveyayinevi.com.tr\/index.php\/wp-json\/wp\/v2\/product"}],"about":[{"href":"https:\/\/roveyayinevi.com.tr\/index.php\/wp-json\/wp\/v2\/types\/product"}],"wp:attachment":[{"href":"https:\/\/roveyayinevi.com.tr\/index.php\/wp-json\/wp\/v2\/media?parent=780922"}],"wp:term":[{"taxonomy":"product_brand","embeddable":true,"href":"https:\/\/roveyayinevi.com.tr\/index.php\/wp-json\/wp\/v2\/product_brand?post=780922"},{"taxonomy":"product_cat","embeddable":true,"href":"https:\/\/roveyayinevi.com.tr\/index.php\/wp-json\/wp\/v2\/product_cat?post=780922"},{"taxonomy":"product_tag","embeddable":true,"href":"https:\/\/roveyayinevi.com.tr\/index.php\/wp-json\/wp\/v2\/product_tag?post=780922"}],"curies":[{"name":"wp","href":"https:\/\/api.w.org\/{rel}","templated":true}]}}