{"id":780915,"date":"2026-01-20T04:28:42","date_gmt":"2026-01-20T01:28:42","guid":{"rendered":"https:\/\/roveyayinevi.com.tr\/index.php\/urun\/kurumu-yasatan-anlam\/"},"modified":"2026-04-12T03:35:47","modified_gmt":"2026-04-12T00:35:47","slug":"kurumu-yasatan-anlam","status":"publish","type":"product","link":"https:\/\/roveyayinevi.com.tr\/index.php\/urun\/kurumu-yasatan-anlam\/","title":{"rendered":"Kurumu Ya\u015fatan Anlam"},"content":{"rendered":"<p>Balta\u015f Grubu\u2019nun 41 y\u0131l\u0131 a\u015fan hik\u00e2yesi; bilimin \u0131\u015f\u0131\u011f\u0131nda geli\u015fen, i\u015f d\u00fcnyas\u0131n\u0131n de\u011fi\u015fim ihtiya\u00e7lar\u0131na uyum sa\u011flayan, k\u00fclt\u00fcr de\u011ferlerini \u00f6nceleyen ve en \u00f6nemlisi insan\u0131 merkeze alan bir birikimin hik\u00e2yesi.  Kurumu Ya\u015fatan Anlam\u2019da bu hik\u00e2yeyi birlikte yazd\u0131\u011f\u0131m\u0131z arkada\u015flar\u0131m\u0131z\u0131n deneyimlerinden s\u00fcz\u00fclen \u00f6z\u00fc bulacaks\u0131n\u0131z. \u2014 Acar Balta\u015fBu kitaba verdi\u011fimiz isimle okuyucular\u0131m\u0131z\u0131 i\u015f hayat\u0131nda anlam\u0131n nas\u0131l yap\u0131land\u0131r\u0131laca\u011f\u0131 konusunda b\u00fct\u00fcnsel bir yolculu\u011fa \u00e7\u0131kar\u0131yoruz. Yolumuz, yaln\u0131zca daha verimli kurumlar in\u015fa etmeyi de\u011fil; insanlar\u0131n ait hissetti\u011fi, katk\u0131 vermek istedi\u011fi bir kurum iklimi yaratmay\u0131 hedefleyen ve i\u00e7inde kalmak istedi\u011fi organizasyonlar i\u00e7in emek veren herkesle kesi\u015fecektir. \u2014 Zuhal Balta\u015f Kurumu Ya\u015fatan Anlam, Balta\u015f Grubu dan\u0131\u015fmanlar\u0131n\u0131n sahadaki g\u00f6zlemlerinden, yap\u0131lan say\u0131s\u0131z e\u011fitim ve dan\u0131\u015fmanl\u0131k program\u0131ndan, ara\u015ft\u0131rmalardan ve binlerce insanla yan yana y\u00fcr\u00fctt\u00fc\u011f\u00fc \u00e7al\u0131\u015fmalardan olu\u015fan ortak deneyimleri i\u00e7eriyor. \u2014 Handan O. U\u015fakl\u0131gil<\/p>\n","protected":false},"excerpt":{"rendered":"<p>Balta\u015f Grubu\u2019nun 41 y\u0131l\u0131 a\u015fan hik\u00e2yesi; bilimin \u0131\u015f\u0131\u011f\u0131nda geli\u015fen, i\u015f d\u00fcnyas\u0131n\u0131n de\u011fi\u015fim ihtiya\u00e7lar\u0131na uyum sa\u011flayan, k\u00fclt\u00fcr de\u011ferlerini \u00f6nceleyen ve en \u00f6nemlisi insan\u0131 merkeze alan bir birikimin<span class=\"excerpt-hellip\"> [\u2026]<\/span><\/p>\n","protected":false},"featured_media":0,"template":"","meta":{"_monsterinsights_skip_tracking":false,"_monsterinsights_sitenote_active":false,"_monsterinsights_sitenote_note":"","_monsterinsights_sitenote_category":0},"product_brand":[],"product_cat":[12364,12376],"product_tag":[],"class_list":{"0":"post-780915","1":"product","2":"type-product","3":"status-publish","5":"product_cat-genel-konular","6":"product_cat-kisisel-gelisim","7":"pa_cilt-ciltsiz","8":"pa_tur-kitap","9":"pa_yayinevi-dogan-kitap","10":"pa_yazar-zuhal-baltas-acar-baltas","12":"first","13":"instock","14":"sale","15":"shipping-taxable","16":"purchasable","17":"product-type-simple"},"_links":{"self":[{"href":"https:\/\/roveyayinevi.com.tr\/index.php\/wp-json\/wp\/v2\/product\/780915","targetHints":{"allow":["GET"]}}],"collection":[{"href":"https:\/\/roveyayinevi.com.tr\/index.php\/wp-json\/wp\/v2\/product"}],"about":[{"href":"https:\/\/roveyayinevi.com.tr\/index.php\/wp-json\/wp\/v2\/types\/product"}],"wp:attachment":[{"href":"https:\/\/roveyayinevi.com.tr\/index.php\/wp-json\/wp\/v2\/media?parent=780915"}],"wp:term":[{"taxonomy":"product_brand","embeddable":true,"href":"https:\/\/roveyayinevi.com.tr\/index.php\/wp-json\/wp\/v2\/product_brand?post=780915"},{"taxonomy":"product_cat","embeddable":true,"href":"https:\/\/roveyayinevi.com.tr\/index.php\/wp-json\/wp\/v2\/product_cat?post=780915"},{"taxonomy":"product_tag","embeddable":true,"href":"https:\/\/roveyayinevi.com.tr\/index.php\/wp-json\/wp\/v2\/product_tag?post=780915"}],"curies":[{"name":"wp","href":"https:\/\/api.w.org\/{rel}","templated":true}]}}