{"id":780903,"date":"2026-01-20T04:28:00","date_gmt":"2026-01-20T01:28:00","guid":{"rendered":"https:\/\/roveyayinevi.com.tr\/index.php\/urun\/en-pratik-etik\/"},"modified":"2026-04-15T03:45:25","modified_gmt":"2026-04-15T00:45:25","slug":"en-pratik-etik","status":"publish","type":"product","link":"https:\/\/roveyayinevi.com.tr\/index.php\/urun\/en-pratik-etik\/","title":{"rendered":"En Pratik Etik"},"content":{"rendered":"<p>En Pratik Etik, s\u0131radan insanlar\u0131n g\u00fcndelik ya\u015famlar\u0131nda kar\u015f\u0131la\u015ft\u0131klar\u0131 ahl\u00e2ki sorunlar\u0131 ele al\u0131r. Bunlar yaln\u0131zca ola\u011fan\u00fcst\u00fc ko\u015fullarda ortaya \u00e7\u0131kan, yaln\u0131zca belirli ki\u015filerin mesleki ya da kamusal rolleri i\u00e7inde kar\u015f\u0131la\u015ft\u0131klar\u0131 sorunlar de\u011fildir. Aksine, \u00e7o\u011fu insan\u0131n d\u00fczenli olarak kar\u015f\u0131la\u015ft\u0131\u011f\u0131 sorunlard\u0131r. Hem yayg\u0131n olu\u015flar\u0131 hem de bireylerin bu sorunlara ili\u015fkin vard\u0131klar\u0131 sonu\u00e7lar\u0131 genellikle rahatl\u0131kla hayata ge\u00e7irebilmeleri nedeniyle son derece pratik meselelerdir. Kitapta sorulan sorular aras\u0131nda \u015funlar yer al\u0131r:   Cinsel ili\u015fki hangi durumlarda ahl\u00e2ki a\u00e7\u0131dan kabul edilebilirdir? Bir birey olarak \u00e7evreyle ilgili hangi y\u00fck\u00fcml\u00fcl\u00fcklere sahibim? Ba\u015fkalar\u0131n\u0131 rahats\u0131z edecek ve onlar i\u00e7in risk yaratabilecek sigara i\u00e7mek gibi pratiklere ne zaman ba\u015fvurabiliriz? Bireyin yoksullara ya da d\u00fcnyadaki di\u011fer derin yoksunluk i\u00e7indeki insanlara ba\u011f\u0131\u015fta bulunma ya da ba\u015fka \u015fekillerde yard\u0131m etme y\u00fck\u00fcml\u00fcl\u00fc\u011f\u00fc ne kadar kapsaml\u0131d\u0131r? Hayvanlar\u0131 ve hayvansal \u00fcr\u00fcnleri t\u00fcketmek ahl\u00e2ki a\u00e7\u0131dan kabul edilebilir midir? Dil ne zaman \u00f6nyarg\u0131l\u0131 olur? K\u00fcfretmek yanl\u0131\u015f m\u0131d\u0131r? Ba\u015fkalar\u0131na nas\u0131l hitap etmeliyiz? Tart\u0131\u015fmal\u0131 mizah ne zaman ahl\u00e2ki a\u00e7\u0131dan kabul edilebilir olur? Sa\u00e7malamak ya da ba\u015fkalar\u0131n\u0131n sa\u00e7mal\u0131\u011f\u0131n\u0131 ortaya \u00e7\u0131kar\u0131p dile getirmemek her zaman yanl\u0131\u015f m\u0131d\u0131r? Ne zaman ba\u011f\u0131\u015flamal\u0131y\u0131z \u2013ve ne zaman ba\u011f\u0131\u015flamamal\u0131y\u0131z?<\/p>\n","protected":false},"excerpt":{"rendered":"<p>En Pratik Etik, s\u0131radan insanlar\u0131n g\u00fcndelik ya\u015famlar\u0131nda kar\u015f\u0131la\u015ft\u0131klar\u0131 ahl\u00e2ki sorunlar\u0131 ele al\u0131r. Bunlar yaln\u0131zca ola\u011fan\u00fcst\u00fc ko\u015fullarda ortaya \u00e7\u0131kan, yaln\u0131zca belirli ki\u015filerin mesleki ya da kamusal rolleri<span class=\"excerpt-hellip\"> [\u2026]<\/span><\/p>\n","protected":false},"featured_media":0,"template":"","meta":{"_monsterinsights_skip_tracking":false,"_monsterinsights_sitenote_active":false,"_monsterinsights_sitenote_note":"","_monsterinsights_sitenote_category":0},"product_brand":[],"product_cat":[12324],"product_tag":[],"class_list":{"0":"post-780903","1":"product","2":"type-product","3":"status-publish","5":"product_cat-sosyoloji","6":"pa_cilt-ciltsiz","7":"pa_tur-kitap","8":"pa_yayinevi-dogu-bati-yayinlari","9":"pa_yazar-david-benatar","11":"first","12":"instock","13":"sale","14":"shipping-taxable","15":"purchasable","16":"product-type-simple"},"_links":{"self":[{"href":"https:\/\/roveyayinevi.com.tr\/index.php\/wp-json\/wp\/v2\/product\/780903","targetHints":{"allow":["GET"]}}],"collection":[{"href":"https:\/\/roveyayinevi.com.tr\/index.php\/wp-json\/wp\/v2\/product"}],"about":[{"href":"https:\/\/roveyayinevi.com.tr\/index.php\/wp-json\/wp\/v2\/types\/product"}],"wp:attachment":[{"href":"https:\/\/roveyayinevi.com.tr\/index.php\/wp-json\/wp\/v2\/media?parent=780903"}],"wp:term":[{"taxonomy":"product_brand","embeddable":true,"href":"https:\/\/roveyayinevi.com.tr\/index.php\/wp-json\/wp\/v2\/product_brand?post=780903"},{"taxonomy":"product_cat","embeddable":true,"href":"https:\/\/roveyayinevi.com.tr\/index.php\/wp-json\/wp\/v2\/product_cat?post=780903"},{"taxonomy":"product_tag","embeddable":true,"href":"https:\/\/roveyayinevi.com.tr\/index.php\/wp-json\/wp\/v2\/product_tag?post=780903"}],"curies":[{"name":"wp","href":"https:\/\/api.w.org\/{rel}","templated":true}]}}