{"id":780895,"date":"2026-01-20T04:27:32","date_gmt":"2026-01-20T01:27:32","guid":{"rendered":"https:\/\/roveyayinevi.com.tr\/index.php\/urun\/khabzist-paganizm\/"},"modified":"2026-04-15T03:45:25","modified_gmt":"2026-04-15T00:45:25","slug":"khabzist-paganizm","status":"publish","type":"product","link":"https:\/\/roveyayinevi.com.tr\/index.php\/urun\/khabzist-paganizm\/","title":{"rendered":"Khabzist Paganizm"},"content":{"rendered":"<p>Khabzist Paganizm, \u00c7erkeslerin Khabre\/Xabze dedikleri, hakikatte \u00c7erkeslerin atalar\u0131n\u0131n ya\u015fad\u0131\u011f\u0131 kadim dini inan\u0131\u015flar\u0131yla i\u00e7 i\u00e7e olan ya\u015fam tarz\u0131 kurallar\u0131n\u0131n ruhani boyutuna odaklanan ve bu inan\u0131\u015flar\u0131n hem teorik olarak bilinmesi, hem de pratik olarak uygulanmas\u0131 i\u00e7in haz\u0131rlanm\u0131\u015f bir rehberdir. Folklorik temsil, nostalji ya da inan\u00e7  Kimin hangi rit\u00fceli ne ama\u00e7la yapt\u0131\u011f\u0131 \u00f6nemsizdir &#8211; bu kitab\u0131n amac\u0131, onu yar\u0131nlara ta\u015f\u0131makt\u0131r.<\/p>\n","protected":false},"excerpt":{"rendered":"<p>Khabzist Paganizm, \u00c7erkeslerin Khabre\/Xabze dedikleri, hakikatte \u00c7erkeslerin atalar\u0131n\u0131n ya\u015fad\u0131\u011f\u0131 kadim dini inan\u0131\u015flar\u0131yla i\u00e7 i\u00e7e olan ya\u015fam tarz\u0131 kurallar\u0131n\u0131n ruhani boyutuna odaklanan ve bu inan\u0131\u015flar\u0131n hem teorik<span class=\"excerpt-hellip\"> [\u2026]<\/span><\/p>\n","protected":false},"featured_media":0,"template":"","meta":{"_monsterinsights_skip_tracking":false,"_monsterinsights_sitenote_active":false,"_monsterinsights_sitenote_note":"","_monsterinsights_sitenote_category":0},"product_brand":[],"product_cat":[12304],"product_tag":[],"class_list":{"0":"post-780895","1":"product","2":"type-product","3":"status-publish","5":"product_cat-tarih","6":"pa_cilt-ciltsiz","7":"pa_tur-kitap","8":"pa_yayinevi-ganesa-yayinevi","9":"pa_yazar-john-hamlet","11":"first","12":"instock","13":"sale","14":"shipping-taxable","15":"purchasable","16":"product-type-simple"},"_links":{"self":[{"href":"https:\/\/roveyayinevi.com.tr\/index.php\/wp-json\/wp\/v2\/product\/780895","targetHints":{"allow":["GET"]}}],"collection":[{"href":"https:\/\/roveyayinevi.com.tr\/index.php\/wp-json\/wp\/v2\/product"}],"about":[{"href":"https:\/\/roveyayinevi.com.tr\/index.php\/wp-json\/wp\/v2\/types\/product"}],"wp:attachment":[{"href":"https:\/\/roveyayinevi.com.tr\/index.php\/wp-json\/wp\/v2\/media?parent=780895"}],"wp:term":[{"taxonomy":"product_brand","embeddable":true,"href":"https:\/\/roveyayinevi.com.tr\/index.php\/wp-json\/wp\/v2\/product_brand?post=780895"},{"taxonomy":"product_cat","embeddable":true,"href":"https:\/\/roveyayinevi.com.tr\/index.php\/wp-json\/wp\/v2\/product_cat?post=780895"},{"taxonomy":"product_tag","embeddable":true,"href":"https:\/\/roveyayinevi.com.tr\/index.php\/wp-json\/wp\/v2\/product_tag?post=780895"}],"curies":[{"name":"wp","href":"https:\/\/api.w.org\/{rel}","templated":true}]}}