{"id":780891,"date":"2026-01-20T04:27:17","date_gmt":"2026-01-20T01:27:17","guid":{"rendered":"https:\/\/roveyayinevi.com.tr\/index.php\/urun\/daglarin-havasi-nazim-hikmet-ran\/"},"modified":"2026-04-15T03:45:22","modified_gmt":"2026-04-15T00:45:22","slug":"daglarin-havasi-nazim-hikmet-ran","status":"publish","type":"product","link":"https:\/\/roveyayinevi.com.tr\/index.php\/urun\/daglarin-havasi-nazim-hikmet-ran\/","title":{"rendered":"Da\u011flar\u0131n Havas\u0131 &#8211; Naz\u0131m Hikmet Ran"},"content":{"rendered":"<p>Bu \u00f6nemli eserin; Naz\u0131m Hikmet\u2019in ilk \u015fiiri, ilk manzum roman\u0131 DA\u011eLARIN HAVASI 1925 y\u0131l\u0131 Akbaba Dergisinin dokuz adet say\u0131s\u0131 boyunca, tefrika edilmi\u015f, \u015fairin yasakl\u0131 olmas\u0131 nedeniyle \u201cKartal\u201d imzas\u0131yla yay\u0131mlanm\u0131\u015f olan n\u00fcshalar\u0131ndan al\u0131nm\u0131\u015f oldu\u011funu g\u00f6rd\u00fck. (Bu d\u00f6nemde Naz\u0131m Hikmet, \u0130stikl\u00e2l Mahkemelerince aran\u0131yor olmas\u0131 nedeniyle, Rusya\u2019ya ka\u00e7arken \u015fiirini yay\u0131mlanmas\u0131 i\u00e7in Akbaba Dergisinin sahiplerinden Yusuf Ziya Ortaca teslim etmi\u015ftir.) \u015eimdi ise ara\u015ft\u0131rmalar\u0131m\u0131z\u0131n ucu, eserin yurt d\u0131\u015f\u0131 kaynaklardaki yank\u0131lar\u0131na y\u00f6neldi, bu kaynaklarda \u015fiirin analizlerini bulduk. Bu yank\u0131lar\u0131n en soluklusu \u0130sve\u00e7\u2019ten Uppsala \u00dcniversitesi Carolina Rediviva K\u00fct\u00fcphanesinden geliyordu. Burada Naz\u0131m Hikmet\u2019in ilk \u015fiir kitab\u0131 olan \u201cDa\u011flar\u0131n Havas\u0131\u201d ele al\u0131nm\u0131\u015f, incelenmi\u015f ve \u00dcnl\u00fc T\u00fcrkologlar\u0131n katalog \u00e7al\u0131\u015fmalar\u0131yla kay\u0131t alt\u0131na al\u0131nm\u0131\u015ft\u0131r. B\u00fcy\u00fck \u00f6l\u00e7\u00fcde yararlanm\u0131\u015f oldu\u011fumuz bu g\u00fczel \u00e7al\u0131\u015fmalardan ve \u00e7ok say\u0131da yabanc\u0131 kaynaklardan ald\u0131\u011f\u0131m\u0131z bilgilerle harmanlay\u0131p \u201cDa\u011flar\u0131n Havas\u0131\u201d \u015fiirinin bir analizini yaparak okuyucumuzun bilgisine sunmay\u0131 uygun g\u00f6rd\u00fck. Ayr\u0131ca, bu b\u00fcy\u00fck \u015fairin ba\u015f d\u00f6nd\u00fcr\u00fcc\u00fc hayat ser\u00fcvenini k\u0131saca anlatt\u0131k ve ayr\u0131ca merakl\u0131s\u0131 i\u00e7in, eserin Osmanl\u0131ca orijinal t\u0131pk\u0131 bas\u0131m\u0131n\u0131da okurlar\u0131m\u0131za arz etmeyi uygun g\u00f6rd\u00fck. Cemil G\u00fcrkan<\/p>\n","protected":false},"excerpt":{"rendered":"<p>Bu \u00f6nemli eserin; Naz\u0131m Hikmet\u2019in ilk \u015fiiri, ilk manzum roman\u0131 DA\u011eLARIN HAVASI 1925 y\u0131l\u0131 Akbaba Dergisinin dokuz adet say\u0131s\u0131 boyunca, tefrika edilmi\u015f, \u015fairin yasakl\u0131 olmas\u0131 nedeniyle<span class=\"excerpt-hellip\"> [\u2026]<\/span><\/p>\n","protected":false},"featured_media":0,"template":"","meta":{"_monsterinsights_skip_tracking":false,"_monsterinsights_sitenote_active":false,"_monsterinsights_sitenote_note":"","_monsterinsights_sitenote_category":0},"product_brand":[],"product_cat":[12777,12291],"product_tag":[],"class_list":{"0":"post-780891","1":"product","2":"type-product","3":"status-publish","5":"product_cat-deneme","6":"product_cat-edebiyat","7":"pa_cilt-ciltsiz","8":"pa_tur-kitap","9":"pa_yayinevi-zet-yayinlari","10":"pa_yazar-cemil-gurkan","12":"first","13":"instock","14":"sale","15":"shipping-taxable","16":"purchasable","17":"product-type-simple"},"_links":{"self":[{"href":"https:\/\/roveyayinevi.com.tr\/index.php\/wp-json\/wp\/v2\/product\/780891","targetHints":{"allow":["GET"]}}],"collection":[{"href":"https:\/\/roveyayinevi.com.tr\/index.php\/wp-json\/wp\/v2\/product"}],"about":[{"href":"https:\/\/roveyayinevi.com.tr\/index.php\/wp-json\/wp\/v2\/types\/product"}],"wp:attachment":[{"href":"https:\/\/roveyayinevi.com.tr\/index.php\/wp-json\/wp\/v2\/media?parent=780891"}],"wp:term":[{"taxonomy":"product_brand","embeddable":true,"href":"https:\/\/roveyayinevi.com.tr\/index.php\/wp-json\/wp\/v2\/product_brand?post=780891"},{"taxonomy":"product_cat","embeddable":true,"href":"https:\/\/roveyayinevi.com.tr\/index.php\/wp-json\/wp\/v2\/product_cat?post=780891"},{"taxonomy":"product_tag","embeddable":true,"href":"https:\/\/roveyayinevi.com.tr\/index.php\/wp-json\/wp\/v2\/product_tag?post=780891"}],"curies":[{"name":"wp","href":"https:\/\/api.w.org\/{rel}","templated":true}]}}