{"id":780890,"date":"2026-01-20T04:27:11","date_gmt":"2026-01-20T01:27:11","guid":{"rendered":"https:\/\/roveyayinevi.com.tr\/index.php\/urun\/hayalim-istanbul\/"},"modified":"2026-04-15T03:45:22","modified_gmt":"2026-04-15T00:45:22","slug":"hayalim-istanbul","status":"publish","type":"product","link":"https:\/\/roveyayinevi.com.tr\/index.php\/urun\/hayalim-istanbul\/","title":{"rendered":"Hayalim \u0130stanbul"},"content":{"rendered":"<p>Hayalim \u0130stanbul, bir y\u00fcre\u011fin derinliklerinden s\u00fcz\u00fclen dualar\u0131n, k\u0131rg\u0131nl\u0131klar\u0131n, sevin\u00e7lerin ve hayallerin sat\u0131rlara d\u00f6k\u00fcld\u00fc\u011f\u00fc bir yolculuk. Bu sayfalarda bazen bir veda, bazen bir ba\u015flang\u0131\u00e7, bazen bir i\u00e7 \u00e7eki\u015f sakl\u0131. Her \u015fiirde kendinizden bir iz, bir s\u0131r, bir umut bulacaks\u0131n. \u00c7\u00fcnk\u00fc bu kitap, sadece \u0130stanbul\u2019u de\u011fil; kalbinden ta\u015f\u0131d\u0131\u011f\u0131n ne varsa onu anlat\u0131yor&#8230;<\/p>\n","protected":false},"excerpt":{"rendered":"<p>Hayalim \u0130stanbul, bir y\u00fcre\u011fin derinliklerinden s\u00fcz\u00fclen dualar\u0131n, k\u0131rg\u0131nl\u0131klar\u0131n, sevin\u00e7lerin ve hayallerin sat\u0131rlara d\u00f6k\u00fcld\u00fc\u011f\u00fc bir yolculuk. Bu sayfalarda bazen bir veda, bazen bir ba\u015flang\u0131\u00e7, bazen bir i\u00e7<span class=\"excerpt-hellip\"> [\u2026]<\/span><\/p>\n","protected":false},"featured_media":0,"template":"","meta":{"_monsterinsights_skip_tracking":false,"_monsterinsights_sitenote_active":false,"_monsterinsights_sitenote_note":"","_monsterinsights_sitenote_category":0},"product_brand":[],"product_cat":[12291,12509],"product_tag":[],"class_list":{"0":"post-780890","1":"product","2":"type-product","3":"status-publish","5":"product_cat-edebiyat","6":"product_cat-siir","7":"pa_cilt-ciltsiz","8":"pa_tur-kitap","9":"pa_yayinevi-zet-yayinlari","10":"pa_yazar-meryem-cicek","12":"first","13":"instock","14":"sale","15":"shipping-taxable","16":"purchasable","17":"product-type-simple"},"_links":{"self":[{"href":"https:\/\/roveyayinevi.com.tr\/index.php\/wp-json\/wp\/v2\/product\/780890","targetHints":{"allow":["GET"]}}],"collection":[{"href":"https:\/\/roveyayinevi.com.tr\/index.php\/wp-json\/wp\/v2\/product"}],"about":[{"href":"https:\/\/roveyayinevi.com.tr\/index.php\/wp-json\/wp\/v2\/types\/product"}],"wp:attachment":[{"href":"https:\/\/roveyayinevi.com.tr\/index.php\/wp-json\/wp\/v2\/media?parent=780890"}],"wp:term":[{"taxonomy":"product_brand","embeddable":true,"href":"https:\/\/roveyayinevi.com.tr\/index.php\/wp-json\/wp\/v2\/product_brand?post=780890"},{"taxonomy":"product_cat","embeddable":true,"href":"https:\/\/roveyayinevi.com.tr\/index.php\/wp-json\/wp\/v2\/product_cat?post=780890"},{"taxonomy":"product_tag","embeddable":true,"href":"https:\/\/roveyayinevi.com.tr\/index.php\/wp-json\/wp\/v2\/product_tag?post=780890"}],"curies":[{"name":"wp","href":"https:\/\/api.w.org\/{rel}","templated":true}]}}