{"id":780869,"date":"2026-01-20T04:25:54","date_gmt":"2026-01-20T01:25:54","guid":{"rendered":"https:\/\/roveyayinevi.com.tr\/index.php\/urun\/beni-de-yanina-alir-misin-arastirmak-benim-isim\/"},"modified":"2026-04-15T03:45:21","modified_gmt":"2026-04-15T00:45:21","slug":"beni-de-yanina-alir-misin-arastirmak-benim-isim","status":"publish","type":"product","link":"https:\/\/roveyayinevi.com.tr\/index.php\/urun\/beni-de-yanina-alir-misin-arastirmak-benim-isim\/","title":{"rendered":"Beni de Yan\u0131na Al\u0131r M\u0131s\u0131n? &#8211; Ara\u015ft\u0131rmak Benim \u0130\u015fim"},"content":{"rendered":"<p>Yeni bir macerada sen de sevdiklerini yan\u0131na al\u0131r m\u0131s\u0131n? Bir o\u015finolog gibi denizin alt\u0131nda ara\u015ft\u0131rma yapmak pek keyifli! En iyi arkada\u015flar\u0131nla mercanlar\u0131, yosunlar\u0131 ve denizin alt\u0131ndaki canl\u0131lar\u0131 ke\u015ffetmek de  \u00e7ok e\u011flenceli! Ama \u00f6nce atla arac\u0131na ve \u00e7\u0131k yola\u2026 Ke\u015fifler yolculuklarla ba\u015flar, unutma!<\/p>\n","protected":false},"excerpt":{"rendered":"<p>Yeni bir macerada sen de sevdiklerini yan\u0131na al\u0131r m\u0131s\u0131n? Bir o\u015finolog gibi denizin alt\u0131nda ara\u015ft\u0131rma yapmak pek keyifli! En iyi arkada\u015flar\u0131nla mercanlar\u0131, yosunlar\u0131 ve denizin alt\u0131ndaki<span class=\"excerpt-hellip\"> [\u2026]<\/span><\/p>\n","protected":false},"featured_media":0,"template":"","meta":{"_monsterinsights_skip_tracking":false,"_monsterinsights_sitenote_active":false,"_monsterinsights_sitenote_note":"","_monsterinsights_sitenote_category":0},"product_brand":[],"product_cat":[12274,12284],"product_tag":[],"class_list":{"0":"post-780869","1":"product","2":"type-product","3":"status-publish","5":"product_cat-cocuk-ve-genclik-kitaplari","6":"product_cat-hikayeler","7":"pa_cilt-ciltsiz","8":"pa_tur-kitap","9":"pa_yayinevi-sincap-kitap","10":"pa_yazar-kolektif","12":"first","13":"instock","14":"sale","15":"shipping-taxable","16":"purchasable","17":"product-type-simple"},"_links":{"self":[{"href":"https:\/\/roveyayinevi.com.tr\/index.php\/wp-json\/wp\/v2\/product\/780869","targetHints":{"allow":["GET"]}}],"collection":[{"href":"https:\/\/roveyayinevi.com.tr\/index.php\/wp-json\/wp\/v2\/product"}],"about":[{"href":"https:\/\/roveyayinevi.com.tr\/index.php\/wp-json\/wp\/v2\/types\/product"}],"wp:attachment":[{"href":"https:\/\/roveyayinevi.com.tr\/index.php\/wp-json\/wp\/v2\/media?parent=780869"}],"wp:term":[{"taxonomy":"product_brand","embeddable":true,"href":"https:\/\/roveyayinevi.com.tr\/index.php\/wp-json\/wp\/v2\/product_brand?post=780869"},{"taxonomy":"product_cat","embeddable":true,"href":"https:\/\/roveyayinevi.com.tr\/index.php\/wp-json\/wp\/v2\/product_cat?post=780869"},{"taxonomy":"product_tag","embeddable":true,"href":"https:\/\/roveyayinevi.com.tr\/index.php\/wp-json\/wp\/v2\/product_tag?post=780869"}],"curies":[{"name":"wp","href":"https:\/\/api.w.org\/{rel}","templated":true}]}}