{"id":780834,"date":"2026-01-20T04:23:24","date_gmt":"2026-01-20T01:23:24","guid":{"rendered":"https:\/\/roveyayinevi.com.tr\/index.php\/urun\/cocuklugun-golgesi-ucuncu-cilt-mavi\/"},"modified":"2026-04-15T03:45:20","modified_gmt":"2026-04-15T00:45:20","slug":"cocuklugun-golgesi-ucuncu-cilt-mavi","status":"publish","type":"product","link":"https:\/\/roveyayinevi.com.tr\/index.php\/urun\/cocuklugun-golgesi-ucuncu-cilt-mavi\/","title":{"rendered":"\u00c7ocuklu\u011fun G\u00f6lgesi \u00dc\u00e7u\u0308ncu\u0308 Cilt: Mavi"},"content":{"rendered":"<p>Bozk\u0131rda diyar diyar dola\u015fan bir dervi\u015f ve \u00e7\u0131ra\u011f\u0131, ge\u00e7mi\u015ften ald\u0131klar\u0131 ku\u0308ltu\u0308rel emaneti s\u00f6zu\u0308n bu\u0308yu\u0308su\u0308yle yeni bir zamana ta\u015f\u0131maktad\u0131rlar. Bugu\u0308nden yar\u0131n\u0131n du\u0308\u015fu\u0308nu\u0308 kuran gen\u00e7ler ise yakla\u015fmakta olan \u00e7\u0131\u011f\u0131n tela\u015f\u0131ndad\u0131rlar. \u00c7a\u011f de\u011fi\u015fmektedir. Du\u0308n ve yar\u0131n ayn\u0131 gedikte bulu\u015fmu\u015f, du\u0308nu\u0308n inad\u0131n\u0131n u\u0308stu\u0308ne gelece\u011fin g\u00f6lgesi du\u0308\u015fmeye ba\u015flam\u0131\u015ft\u0131r. \u201cKalkt\u0131m. Kutsal bir emir alm\u0131\u015f gibi lambay\u0131 yakt\u0131m. Bo\u015f bir defter koydum masaya. Kalemi defterin u\u0308stu\u0308ne b\u0131rakt\u0131m. Bir duvar ustas\u0131 s\u00f6ylemi\u015fti y\u0131llar \u00f6nce; ta\u015f bile duvar\u0131na al\u0131\u015fas\u0131ya y\u0131l ge\u00e7ermi\u015f. Kalem al\u0131\u015fs\u0131n istedim deftere. Sonra ald\u0131m kalemi elime. O gu\u0308nden beri i\u00e7ime bu\u0308tu\u0308n dertleri alm\u0131\u015f gibiyim; t\u0131pk\u0131 tu\u0308m renklerini hayata da\u011f\u0131tan su gibi&#8230;\u201d Kurtkulak Da\u011f\u0131\u2019n\u0131n ard\u0131ndan elinde foto\u011fraf makinesiyle Mavi \u00e7\u0131kagelir. Mevsim, gelecek sonbahardan habersiz, kendi kendine bahara de\u011fi\u015fir. Hik\u00e2yenin art\u0131k u\u0308stu\u0308 ba\u015f\u0131 toplanacak, i\u015fler hal yoluna konacak ve bozk\u0131ra kad\u0131n eli de\u011fecektir. \u00c7ocuklu\u011fun G\u00f6lgesi, son tableti Mavi ile s\u00f6zu\u0308 ve sesi kurmaya devam ediyor.<\/p>\n","protected":false},"excerpt":{"rendered":"<p>Bozk\u0131rda diyar diyar dola\u015fan bir dervi\u015f ve \u00e7\u0131ra\u011f\u0131, ge\u00e7mi\u015ften ald\u0131klar\u0131 ku\u0308ltu\u0308rel emaneti s\u00f6zu\u0308n bu\u0308yu\u0308su\u0308yle yeni bir zamana ta\u015f\u0131maktad\u0131rlar. Bugu\u0308nden yar\u0131n\u0131n du\u0308\u015fu\u0308nu\u0308 kuran gen\u00e7ler ise yakla\u015fmakta olan<span class=\"excerpt-hellip\"> [\u2026]<\/span><\/p>\n","protected":false},"featured_media":0,"template":"","meta":{"_monsterinsights_skip_tracking":false,"_monsterinsights_sitenote_active":false,"_monsterinsights_sitenote_note":"","_monsterinsights_sitenote_category":0},"product_brand":[],"product_cat":[12291],"product_tag":[],"class_list":{"0":"post-780834","1":"product","2":"type-product","3":"status-publish","5":"product_cat-edebiyat","6":"pa_cilt-ciltsiz","7":"pa_tur-kitap","8":"pa_yayinevi-ayrinti-yayinlari","9":"pa_yazar-hasan-sever","11":"first","12":"instock","13":"sale","14":"shipping-taxable","15":"purchasable","16":"product-type-simple"},"_links":{"self":[{"href":"https:\/\/roveyayinevi.com.tr\/index.php\/wp-json\/wp\/v2\/product\/780834","targetHints":{"allow":["GET"]}}],"collection":[{"href":"https:\/\/roveyayinevi.com.tr\/index.php\/wp-json\/wp\/v2\/product"}],"about":[{"href":"https:\/\/roveyayinevi.com.tr\/index.php\/wp-json\/wp\/v2\/types\/product"}],"wp:attachment":[{"href":"https:\/\/roveyayinevi.com.tr\/index.php\/wp-json\/wp\/v2\/media?parent=780834"}],"wp:term":[{"taxonomy":"product_brand","embeddable":true,"href":"https:\/\/roveyayinevi.com.tr\/index.php\/wp-json\/wp\/v2\/product_brand?post=780834"},{"taxonomy":"product_cat","embeddable":true,"href":"https:\/\/roveyayinevi.com.tr\/index.php\/wp-json\/wp\/v2\/product_cat?post=780834"},{"taxonomy":"product_tag","embeddable":true,"href":"https:\/\/roveyayinevi.com.tr\/index.php\/wp-json\/wp\/v2\/product_tag?post=780834"}],"curies":[{"name":"wp","href":"https:\/\/api.w.org\/{rel}","templated":true}]}}