{"id":780795,"date":"2026-01-20T04:21:07","date_gmt":"2026-01-20T01:21:07","guid":{"rendered":"https:\/\/roveyayinevi.com.tr\/index.php\/urun\/siaya-cevap-veriyorum\/"},"modified":"2026-04-15T03:45:19","modified_gmt":"2026-04-15T00:45:19","slug":"siaya-cevap-veriyorum","status":"publish","type":"product","link":"https:\/\/roveyayinevi.com.tr\/index.php\/urun\/siaya-cevap-veriyorum\/","title":{"rendered":"\u015eia\u2019ya Cevap Veriyorum"},"content":{"rendered":"<p>Allahu Te\u00e2la, evrende iki trilyon galaksi var etmi\u015ftir. Her galakside ortalama \u00fc\u00e7 y\u00fcz milyar y\u0131ld\u0131z mevcuttur. Yery\u00fcz\u00fc, bu devasa varl\u0131k \u00e2lemi i\u00e7erisinden se\u00e7ilerek insano\u011flu i\u00e7in bir hane olarak d\u00fczenlenmi\u015ftir. B\u00fct\u00fcn bu yarat\u0131l\u0131\u015f; Y\u00fcce Allah\u2019\u0131n ilim, kudret ve iradesinin ve sair isim ve s\u0131fatlar\u0131n\u0131n bilinmesi; yani onun kullar\u0131 taraf\u0131ndan tan\u0131nmas\u0131 i\u00e7indir. Hz. Ali (r.a) da d\u00e2hil olmak \u00fczere hi\u00e7bir \u015fah\u0131s, yarat\u0131l\u0131\u015f\u0131n asli gayesi ve iman\u0131n temel r\u00fckn\u00fc de\u011fildir. Bu noktada yaln\u0131zca, el\u00e7i olmas\u0131ndan dolay\u0131 Hz. Peygamber aleyhisselam\u0131n ayr\u0131cal\u0131\u011f\u0131 s\u00f6z konusudur. Hz. Ali gibi zatlar ise, Y\u00fcce Allah\u2019a ula\u015fma noktas\u0131nda vesile ve m\u00fcr\u015fitlerimizdir. \u015eia, Hz. Ali ve evlatlar\u0131n\u0131 varl\u0131\u011f\u0131n asli gayesi ve inanc\u0131n temel r\u00fckn\u00fc h\u00e2line getirmi\u015ftir. Selefilik ekol\u00fc ise onlar\u0131n faziletlerini ve vesilelik cihetlerini yok saymaktad\u0131r. S\u00fcnnet ehli olarak bizler, her iki a\u015f\u0131r\u0131 tutumdan sak\u0131narak, \u00c2l-i Beyt\u2019e hak ettikleri ger\u00e7ek de\u011ferlerini izafe etmekteyiz; vesselam!<\/p>\n","protected":false},"excerpt":{"rendered":"<p>Allahu Te\u00e2la, evrende iki trilyon galaksi var etmi\u015ftir. Her galakside ortalama \u00fc\u00e7 y\u00fcz milyar y\u0131ld\u0131z mevcuttur. Yery\u00fcz\u00fc, bu devasa varl\u0131k \u00e2lemi i\u00e7erisinden se\u00e7ilerek insano\u011flu i\u00e7in bir<span class=\"excerpt-hellip\"> [\u2026]<\/span><\/p>\n","protected":false},"featured_media":0,"template":"","meta":{"_monsterinsights_skip_tracking":false,"_monsterinsights_sitenote_active":false,"_monsterinsights_sitenote_note":"","_monsterinsights_sitenote_category":0},"product_brand":[],"product_cat":[13036,12718,12719],"product_tag":[],"class_list":{"0":"post-780795","1":"product","2":"type-product","3":"status-publish","5":"product_cat-arastirma-inceleme-islam","6":"product_cat-din","7":"product_cat-islam","8":"pa_cilt-ciltsiz","9":"pa_tur-kitap","10":"pa_yayinevi-karina-yayinevi","11":"pa_yazar-abdulhamit-selman-kaya","13":"first","14":"instock","15":"sale","16":"shipping-taxable","17":"purchasable","18":"product-type-simple"},"_links":{"self":[{"href":"https:\/\/roveyayinevi.com.tr\/index.php\/wp-json\/wp\/v2\/product\/780795","targetHints":{"allow":["GET"]}}],"collection":[{"href":"https:\/\/roveyayinevi.com.tr\/index.php\/wp-json\/wp\/v2\/product"}],"about":[{"href":"https:\/\/roveyayinevi.com.tr\/index.php\/wp-json\/wp\/v2\/types\/product"}],"wp:attachment":[{"href":"https:\/\/roveyayinevi.com.tr\/index.php\/wp-json\/wp\/v2\/media?parent=780795"}],"wp:term":[{"taxonomy":"product_brand","embeddable":true,"href":"https:\/\/roveyayinevi.com.tr\/index.php\/wp-json\/wp\/v2\/product_brand?post=780795"},{"taxonomy":"product_cat","embeddable":true,"href":"https:\/\/roveyayinevi.com.tr\/index.php\/wp-json\/wp\/v2\/product_cat?post=780795"},{"taxonomy":"product_tag","embeddable":true,"href":"https:\/\/roveyayinevi.com.tr\/index.php\/wp-json\/wp\/v2\/product_tag?post=780795"}],"curies":[{"name":"wp","href":"https:\/\/api.w.org\/{rel}","templated":true}]}}