{"id":780770,"date":"2026-01-20T04:20:01","date_gmt":"2026-01-20T01:20:01","guid":{"rendered":"https:\/\/roveyayinevi.com.tr\/index.php\/urun\/gizemli-yol-arkadasim-ankarada-kis-macerasi\/"},"modified":"2026-04-15T03:44:54","modified_gmt":"2026-04-15T00:44:54","slug":"gizemli-yol-arkadasim-ankarada-kis-macerasi","status":"publish","type":"product","link":"https:\/\/roveyayinevi.com.tr\/index.php\/urun\/gizemli-yol-arkadasim-ankarada-kis-macerasi\/","title":{"rendered":"Gizemli Yol Arkada\u015f\u0131m &#8211; Ankara\u2019da K\u0131\u015f Maceras\u0131"},"content":{"rendered":"<p>Gizemli Yol Arkada\u015f\u0131m &#8211; Ankara\u2019da K\u0131\u015f Maceras\u0131 Bir u\u00e7ak yolculu\u011fu\u2026 Bir dilek\u2026 Ve bir anda beliriveren gizemli bir arkada\u015f: \u00d6yk\u00fc. Fato\u015f, anneannesi ve dedesiyle Ankara\u2019y\u0131 ke\u015ffederken bekledi\u011finden \u00e7ok daha fazlas\u0131yla kar\u015f\u0131la\u015f\u0131yor: An\u0131tkabir\u2019de heyecan, Ku\u011fulu Park\u2019ta mini bir ke\u015fif, evde dedesinin haz\u0131rlad\u0131\u011f\u0131 gizemli bir hazine av\u0131, bah\u00e7ede yank\u0131lanan ko\u015fu\u015fturmalar, saklamba\u00e7lar, yakan toplar&#8230; T\u00fcm bu maceralar\u0131 unutulmaz yapansa arkada\u015fl\u0131\u011f\u0131n en beklenmedik h\u00e2li. Fato\u015f ve \u00d6yk\u00fc\u2019n\u00fcn Ankara\u2019daki ad\u0131mlar\u0131, \u015fehri bir macera haritas\u0131na d\u00f6n\u00fc\u015ft\u00fcr\u00fcyor. Belki sen de bu macerada kendi \u201c\u00f6yk\u00fc\u201dn\u00fc bulursun, ne dersin?<\/p>\n","protected":false},"excerpt":{"rendered":"<p>Gizemli Yol Arkada\u015f\u0131m &#8211; Ankara\u2019da K\u0131\u015f Maceras\u0131 Bir u\u00e7ak yolculu\u011fu\u2026 Bir dilek\u2026 Ve bir anda beliriveren gizemli bir arkada\u015f: \u00d6yk\u00fc. Fato\u015f, anneannesi ve dedesiyle Ankara\u2019y\u0131 ke\u015ffederken<span class=\"excerpt-hellip\"> [\u2026]<\/span><\/p>\n","protected":false},"featured_media":0,"template":"","meta":{"_monsterinsights_skip_tracking":false,"_monsterinsights_sitenote_active":false,"_monsterinsights_sitenote_note":"","_monsterinsights_sitenote_category":0},"product_brand":[],"product_cat":[12274,12284],"product_tag":[],"class_list":{"0":"post-780770","1":"product","2":"type-product","3":"status-publish","5":"product_cat-cocuk-ve-genclik-kitaplari","6":"product_cat-hikayeler","7":"pa_cilt-ciltsiz","8":"pa_tur-kitap","9":"pa_yayinevi-beyaz-balina-yayinlari","10":"pa_yazar-filiz-cicek","12":"first","13":"instock","14":"sale","15":"shipping-taxable","16":"purchasable","17":"product-type-simple"},"_links":{"self":[{"href":"https:\/\/roveyayinevi.com.tr\/index.php\/wp-json\/wp\/v2\/product\/780770","targetHints":{"allow":["GET"]}}],"collection":[{"href":"https:\/\/roveyayinevi.com.tr\/index.php\/wp-json\/wp\/v2\/product"}],"about":[{"href":"https:\/\/roveyayinevi.com.tr\/index.php\/wp-json\/wp\/v2\/types\/product"}],"wp:attachment":[{"href":"https:\/\/roveyayinevi.com.tr\/index.php\/wp-json\/wp\/v2\/media?parent=780770"}],"wp:term":[{"taxonomy":"product_brand","embeddable":true,"href":"https:\/\/roveyayinevi.com.tr\/index.php\/wp-json\/wp\/v2\/product_brand?post=780770"},{"taxonomy":"product_cat","embeddable":true,"href":"https:\/\/roveyayinevi.com.tr\/index.php\/wp-json\/wp\/v2\/product_cat?post=780770"},{"taxonomy":"product_tag","embeddable":true,"href":"https:\/\/roveyayinevi.com.tr\/index.php\/wp-json\/wp\/v2\/product_tag?post=780770"}],"curies":[{"name":"wp","href":"https:\/\/api.w.org\/{rel}","templated":true}]}}