{"id":780766,"date":"2026-01-20T04:19:51","date_gmt":"2026-01-20T01:19:51","guid":{"rendered":"https:\/\/roveyayinevi.com.tr\/index.php\/urun\/dogruluk\/"},"modified":"2026-04-15T03:44:53","modified_gmt":"2026-04-15T00:44:53","slug":"dogruluk","status":"publish","type":"product","link":"https:\/\/roveyayinevi.com.tr\/index.php\/urun\/dogruluk\/","title":{"rendered":"Do\u011fruluk"},"content":{"rendered":"<p>B\u00fct\u00fcn do\u011frular\u0131n, onlar\u0131 yanl\u0131\u015flardan ay\u0131ran ortak bir niteli\u011fi var m\u0131d\u0131r? Do\u011fruluk, insan d\u00fc\u015f\u00fcncesinden ba\u011f\u0131ms\u0131z m\u0131d\u0131r, yoksa bir \u015fekilde inand\u0131klar\u0131m\u0131za ya da inanmakta hakl\u0131 olaca\u011f\u0131m\u0131z \u015feylere mi ba\u011fl\u0131d\u0131r? \u0130nan\u00e7lar\u0131n ya da \u00f6nermelerin do\u011fru olmas\u0131, yanl\u0131\u015f olmas\u0131na k\u0131yasla hangi anlamda \u2013varsa\u2013 daha iyidir? Bu s\u00fcr\u00fckleyici ve eri\u015filebilir giri\u015f kitab\u0131nda Chase Wrenn, do\u011frulu\u011fun do\u011fas\u0131na ili\u015fkin \u00e7e\u015fitli kuramlar\u0131 inceliyor ve bunlar\u0131n felsefi sonu\u00e7lar\u0131n\u0131 ve kazan\u0131mlar\u0131n\u0131 de\u011ferlendiriyor. Do\u011frulu\u011fu a\u00e7\u0131klamaya \u00e7al\u0131\u015fan farkl\u0131 kuramlar\u0131 \u2013klasik uygunluk kuram\u0131ndan deflasyonist ve \u00e7o\u011fulcu g\u00f6r\u00fc\u015flere kadar\u2013 kar\u015f\u0131la\u015ft\u0131r\u0131yor ve bunlar\u0131n do\u011frulu\u011fu nas\u0131l a\u00e7\u0131klad\u0131\u011f\u0131n\u0131 ve ger\u00e7ek\u00e7ilikle nas\u0131l ili\u015fkilendirdi\u011fini ele al\u0131yor. Kitap, konuya yeni ad\u0131m atanlar i\u00e7in a\u00e7\u0131k ve anla\u015f\u0131l\u0131r bir giri\u015f sunarken, alanda \u00e7al\u0131\u015fan okurlar i\u00e7in de tart\u0131\u015fmalara yeni katk\u0131lar getiriyor; \u00f6rne\u011fin deflasyonizmin nedensel uygunluk ve \u00e7o\u011fulculuk kuramlar\u0131na \u00fcst\u00fcnl\u00fc\u011f\u00fcn\u00fc savunan \u00f6zg\u00fcn bir arg\u00fcman gibi. Hem geleneksel hem de \u00e7a\u011fda\u015f tart\u0131\u015fmalardan beslenen bu \u00e7al\u0131\u015fma, do\u011frulu\u011fun do\u011fas\u0131 ve de\u011feriyle ilgilenen \u00f6\u011frenci, ara\u015ft\u0131rmac\u0131 ve t\u00fcm okurlar i\u00e7in vazge\u00e7ilmez bir kaynak niteli\u011finde.<\/p>\n","protected":false},"excerpt":{"rendered":"<p>B\u00fct\u00fcn do\u011frular\u0131n, onlar\u0131 yanl\u0131\u015flardan ay\u0131ran ortak bir niteli\u011fi var m\u0131d\u0131r? Do\u011fruluk, insan d\u00fc\u015f\u00fcncesinden ba\u011f\u0131ms\u0131z m\u0131d\u0131r, yoksa bir \u015fekilde inand\u0131klar\u0131m\u0131za ya da inanmakta hakl\u0131 olaca\u011f\u0131m\u0131z \u015feylere mi<span class=\"excerpt-hellip\"> [\u2026]<\/span><\/p>\n","protected":false},"featured_media":0,"template":"","meta":{"_monsterinsights_skip_tracking":false,"_monsterinsights_sitenote_active":false,"_monsterinsights_sitenote_note":"","_monsterinsights_sitenote_category":0},"product_brand":[],"product_cat":[12389,12388],"product_tag":[],"class_list":{"0":"post-780766","1":"product","2":"type-product","3":"status-publish","5":"product_cat-diger-felsefe","6":"product_cat-felsefe","7":"pa_cilt-ciltsiz","8":"pa_tur-kitap","9":"pa_yayinevi-say-yayinlari","10":"pa_yazar-chase-wrenn","12":"first","13":"instock","14":"sale","15":"shipping-taxable","16":"purchasable","17":"product-type-simple"},"_links":{"self":[{"href":"https:\/\/roveyayinevi.com.tr\/index.php\/wp-json\/wp\/v2\/product\/780766","targetHints":{"allow":["GET"]}}],"collection":[{"href":"https:\/\/roveyayinevi.com.tr\/index.php\/wp-json\/wp\/v2\/product"}],"about":[{"href":"https:\/\/roveyayinevi.com.tr\/index.php\/wp-json\/wp\/v2\/types\/product"}],"wp:attachment":[{"href":"https:\/\/roveyayinevi.com.tr\/index.php\/wp-json\/wp\/v2\/media?parent=780766"}],"wp:term":[{"taxonomy":"product_brand","embeddable":true,"href":"https:\/\/roveyayinevi.com.tr\/index.php\/wp-json\/wp\/v2\/product_brand?post=780766"},{"taxonomy":"product_cat","embeddable":true,"href":"https:\/\/roveyayinevi.com.tr\/index.php\/wp-json\/wp\/v2\/product_cat?post=780766"},{"taxonomy":"product_tag","embeddable":true,"href":"https:\/\/roveyayinevi.com.tr\/index.php\/wp-json\/wp\/v2\/product_tag?post=780766"}],"curies":[{"name":"wp","href":"https:\/\/api.w.org\/{rel}","templated":true}]}}