{"id":780759,"date":"2026-01-20T04:19:33","date_gmt":"2026-01-20T01:19:33","guid":{"rendered":"https:\/\/roveyayinevi.com.tr\/index.php\/urun\/incindigin-yerdir-gurbet\/"},"modified":"2026-04-15T03:44:53","modified_gmt":"2026-04-15T00:44:53","slug":"incindigin-yerdir-gurbet","status":"publish","type":"product","link":"https:\/\/roveyayinevi.com.tr\/index.php\/urun\/incindigin-yerdir-gurbet\/","title":{"rendered":"\u0130ncindi\u011fin Yerdir Gurbet"},"content":{"rendered":"<p>Hi\u00e7bir \u00e7ehre \u00e7ocukluk arkada\u015flar\u0131m\u0131 an\u0131msatm\u0131yor bana burdaSokak aralar\u0131nda ko\u015fmad\u0131m buran\u0131nNe bir lo\u011fusa \u015ferbeti getirdi kom\u015fularBana ne de \u00f6l\u00fc lokmas\u0131Ne ilk avaz\u0131n\u0131 i\u015fittim kom\u015fu \u00e7ocu\u011fununNe omuzlarda ta\u015f\u0131nan bir tabut g\u00f6rd\u00fcm.Ramazanda top patlam\u0131yor buradaBayramyeri kurulmuyorSokaklar\u0131nda toz olmuyor ayakkab\u0131mTerleten bir g\u00fcne\u015fi bile yok buran\u0131nBilemedi\u011fim i\u00e7in dilini gelmi\u015fim dile.<\/p>\n","protected":false},"excerpt":{"rendered":"<p>Hi\u00e7bir \u00e7ehre \u00e7ocukluk arkada\u015flar\u0131m\u0131 an\u0131msatm\u0131yor bana burdaSokak aralar\u0131nda ko\u015fmad\u0131m buran\u0131nNe bir lo\u011fusa \u015ferbeti getirdi kom\u015fularBana ne de \u00f6l\u00fc lokmas\u0131Ne ilk avaz\u0131n\u0131 i\u015fittim kom\u015fu \u00e7ocu\u011fununNe omuzlarda ta\u015f\u0131nan<span class=\"excerpt-hellip\"> [\u2026]<\/span><\/p>\n","protected":false},"featured_media":0,"template":"","meta":{"_monsterinsights_skip_tracking":false,"_monsterinsights_sitenote_active":false,"_monsterinsights_sitenote_note":"","_monsterinsights_sitenote_category":0},"product_brand":[],"product_cat":[12291,12509],"product_tag":[],"class_list":{"0":"post-780759","1":"product","2":"type-product","3":"status-publish","5":"product_cat-edebiyat","6":"product_cat-siir","7":"pa_cilt-ciltsiz","8":"pa_tur-kitap","9":"pa_yayinevi-cem-yayinevi","10":"pa_yazar-yuksel-pazarkaya","12":"first","13":"instock","14":"sale","15":"shipping-taxable","16":"purchasable","17":"product-type-simple"},"_links":{"self":[{"href":"https:\/\/roveyayinevi.com.tr\/index.php\/wp-json\/wp\/v2\/product\/780759","targetHints":{"allow":["GET"]}}],"collection":[{"href":"https:\/\/roveyayinevi.com.tr\/index.php\/wp-json\/wp\/v2\/product"}],"about":[{"href":"https:\/\/roveyayinevi.com.tr\/index.php\/wp-json\/wp\/v2\/types\/product"}],"wp:attachment":[{"href":"https:\/\/roveyayinevi.com.tr\/index.php\/wp-json\/wp\/v2\/media?parent=780759"}],"wp:term":[{"taxonomy":"product_brand","embeddable":true,"href":"https:\/\/roveyayinevi.com.tr\/index.php\/wp-json\/wp\/v2\/product_brand?post=780759"},{"taxonomy":"product_cat","embeddable":true,"href":"https:\/\/roveyayinevi.com.tr\/index.php\/wp-json\/wp\/v2\/product_cat?post=780759"},{"taxonomy":"product_tag","embeddable":true,"href":"https:\/\/roveyayinevi.com.tr\/index.php\/wp-json\/wp\/v2\/product_tag?post=780759"}],"curies":[{"name":"wp","href":"https:\/\/api.w.org\/{rel}","templated":true}]}}