{"id":780753,"date":"2026-01-20T04:19:19","date_gmt":"2026-01-20T01:19:19","guid":{"rendered":"https:\/\/roveyayinevi.com.tr\/index.php\/urun\/atomik-aliskanliklar-calisma-kitabi\/"},"modified":"2026-04-15T03:44:53","modified_gmt":"2026-04-15T00:44:53","slug":"atomik-aliskanliklar-calisma-kitabi","status":"publish","type":"product","link":"https:\/\/roveyayinevi.com.tr\/index.php\/urun\/atomik-aliskanliklar-calisma-kitabi\/","title":{"rendered":"Atomik Al\u0131\u015fkanl\u0131klar \u00c7al\u0131\u015fma Kitab\u0131"},"content":{"rendered":"<p>\u0130stedi\u011finiz Hayat\u0131 \u0130n\u015fa Etmeniz \u0130\u00e7in Basit EgzersizlerUluslararas\u0131 1 Numaral\u0131 \u00c7oksatan Atomik Al\u0131\u015fkanl\u0131klar \u0130\u00e7in Tamamlay\u0131c\u0131 Bir K\u0131lavuzATOM\u0130K ALI\u015eKANLIKLAR\u2019\u0131n \u015fimdiye kadarki ba\u015far\u0131lar\u0131:\u2022 25 milyonu a\u015fk\u0131n sat\u0131\u015f rakam\u0131na ula\u015ft\u0131\u2022 65\u2019ten fazla dile \u00e7evrildi\u2022 1 numaral\u0131 New York Times \u00e7oksatan\u0131\u2022 1 numaral\u0131 Wall Street Journal \u00e7oksatan\u0131 \u2022 1 numaral\u0131 Audible \u00e7oksatan\u0131 \u2022 Goodreads\u2019te al\u0131\u015fkanl\u0131k konulu kitaplar aras\u0131nda t\u00fcm zamanlar\u0131n en y\u00fcksek puanl\u0131 kitab\u0131T\u00fcm d\u00fcnyada 25 milyondan fazla okuyucuya ula\u015fan 1 numaral\u0131 New York Times \u00e7oksatan\u0131 Atomik Al\u0131\u015fkanl\u0131klar\u2019dan yola \u00e7\u0131k\u0131larak kaleme al\u0131nm\u0131\u015f, iyi al\u0131\u015fkanl\u0131klar in\u015fa ederken k\u00f6t\u00fc al\u0131\u015fkanl\u0131klardan kurtulman\u0131z\u0131 sa\u011flayacak interaktif bir rehberYay\u0131mland\u0131\u011f\u0131 andan itibaren \u00e7ok ses getiren Atomik Al\u0131\u015fkanl\u0131klar\u2019\u0131n tamamlay\u0131c\u0131s\u0131 olarak ya da tek ba\u015f\u0131na kullanabilece\u011finiz bu \u00e7al\u0131\u015fma kitab\u0131, al\u0131\u015fkanl\u0131klar\u0131n\u0131z \u00fczerinde \u00e7al\u0131\u015f\u0131rken ihtiyac\u0131n\u0131z olan alet \u00e7antas\u0131n\u0131 bir \u00fcst seviyeye ta\u015f\u0131yor. G\u00fcnl\u00fck egzersizleri sayesinde al\u0131\u015fkanl\u0131klar\u0131n\u0131z\u0131 ve onlar\u0131 etkileyen unsurlar\u0131 daha iyi y\u00f6netmenizi sa\u011flamak, d\u00fc\u015f\u00fcnd\u00fcr\u00fcc\u00fc sorular\u0131yla Atomik Al\u0131\u015fkanl\u0131klar teorisini prati\u011fe d\u00f6kmenizi kolayla\u015ft\u0131rmak ve hayat\u0131n\u0131z\u0131 g\u00fcnden g\u00fcne iyile\u015ftirmek i\u00e7in tasarlanan bu kapsaml\u0131 \u00e7al\u0131\u015fma kitab\u0131ndaki ad\u0131mlar\u0131 izledikten sonra al\u0131\u015fkanl\u0131klar\u0131n\u0131z\u0131 anlamakla kalmayacak, ger\u00e7ek anlamda ya\u015famaya ba\u015flayacaks\u0131n\u0131z. James Clear\u2019\u0131n sistemi k\u00f6t\u00fc al\u0131\u015fkanl\u0131klar\u0131 ortadan kald\u0131r\u0131rken iyi al\u0131\u015fkanl\u0131klar\u0131n do\u011fal bir \u015fekilde ortaya \u00e7\u0131kmas\u0131na yard\u0131mc\u0131 olmak \u00fczerine kurulu. \u00c7al\u0131\u015fma kitab\u0131nda sizi \u015funlar bekliyor: \u2022 Al\u0131\u015fkanl\u0131k takibi ve al\u0131\u015fkanl\u0131k istifleme y\u00f6ntemlerini kolayca uygulaman\u0131z\u0131 sa\u011flayacak y\u00f6nlendirici \u015fablonlar, \u2022 Fiziksel ve sosyal \u00e7evrenizi g\u00f6zden ge\u00e7irmenize yard\u0131m edecek, al\u0131\u015fkanl\u0131klar\u0131n\u0131z\u0131 etkileyen fakt\u00f6rleri tespit etmenizi ve al\u0131\u015fkanl\u0131klar konusunda size en b\u00fcy\u00fck ba\u015far\u0131y\u0131 getirecek stratejiyi benimsemenizi sa\u011flayacak g\u00fcnl\u00fck de\u011ferlendirme sorular\u0131, \u2022 Al\u0131\u015fkanl\u0131k platosunu a\u015fman\u0131z\u0131 ve i\u015fler zorla\u015ft\u0131\u011f\u0131nda bile al\u0131\u015fkanl\u0131klar\u0131n\u0131za ba\u011fl\u0131 kalman\u0131z\u0131 sa\u011flayacak stratejiler, \u2022 Al\u0131\u015fkanl\u0131klar\u0131n\u0131z\u0131 her an de\u011fi\u015fen hayat\u0131n\u0131zla uyumlu h\u00e2le getirmenizi m\u00fcmk\u00fcn k\u0131lacak planlar\u2022 ve al\u0131\u015fkanl\u0131k olu\u015fturma s\u00fcrecinde e\u011flencenin rol\u00fcne dair yeni fikirler.\u0130pu\u00e7lar\u0131, p\u00fcf noktalar\u0131 ve aktiviteler de i\u00e7eren Atomik Al\u0131\u015fkanl\u0131klar \u00c7al\u0131\u015fma Kitab\u0131, al\u0131\u015fkanl\u0131klar\u0131n\u0131z\u0131 d\u00f6n\u00fc\u015ft\u00fcrecek ve ola\u011fan\u00fcst\u00fc sonu\u00e7lar elde etmenizi sa\u011flayacak k\u00fc\u00e7\u00fck de\u011fi\u015fiklikleri hayata ge\u00e7irme yolculu\u011funda size her an e\u015flik edecek.<\/p>\n","protected":false},"excerpt":{"rendered":"<p>\u0130stedi\u011finiz Hayat\u0131 \u0130n\u015fa Etmeniz \u0130\u00e7in Basit EgzersizlerUluslararas\u0131 1 Numaral\u0131 \u00c7oksatan Atomik Al\u0131\u015fkanl\u0131klar \u0130\u00e7in Tamamlay\u0131c\u0131 Bir K\u0131lavuzATOM\u0130K ALI\u015eKANLIKLAR\u2019\u0131n \u015fimdiye kadarki ba\u015far\u0131lar\u0131:\u2022 25 milyonu a\u015fk\u0131n sat\u0131\u015f rakam\u0131na ula\u015ft\u0131\u2022<span class=\"excerpt-hellip\"> [\u2026]<\/span><\/p>\n","protected":false},"featured_media":0,"template":"","meta":{"_monsterinsights_skip_tracking":false,"_monsterinsights_sitenote_active":false,"_monsterinsights_sitenote_note":"","_monsterinsights_sitenote_category":0},"product_brand":[],"product_cat":[12364,12376],"product_tag":[],"class_list":{"0":"post-780753","1":"product","2":"type-product","3":"status-publish","5":"product_cat-genel-konular","6":"product_cat-kisisel-gelisim","7":"pa_cilt-ciltsiz","8":"pa_tur-kitap","9":"pa_yayinevi-pegasus-yayinlari","10":"pa_yazar-james-clear","12":"first","13":"instock","14":"sale","15":"shipping-taxable","16":"purchasable","17":"product-type-simple"},"_links":{"self":[{"href":"https:\/\/roveyayinevi.com.tr\/index.php\/wp-json\/wp\/v2\/product\/780753","targetHints":{"allow":["GET"]}}],"collection":[{"href":"https:\/\/roveyayinevi.com.tr\/index.php\/wp-json\/wp\/v2\/product"}],"about":[{"href":"https:\/\/roveyayinevi.com.tr\/index.php\/wp-json\/wp\/v2\/types\/product"}],"wp:attachment":[{"href":"https:\/\/roveyayinevi.com.tr\/index.php\/wp-json\/wp\/v2\/media?parent=780753"}],"wp:term":[{"taxonomy":"product_brand","embeddable":true,"href":"https:\/\/roveyayinevi.com.tr\/index.php\/wp-json\/wp\/v2\/product_brand?post=780753"},{"taxonomy":"product_cat","embeddable":true,"href":"https:\/\/roveyayinevi.com.tr\/index.php\/wp-json\/wp\/v2\/product_cat?post=780753"},{"taxonomy":"product_tag","embeddable":true,"href":"https:\/\/roveyayinevi.com.tr\/index.php\/wp-json\/wp\/v2\/product_tag?post=780753"}],"curies":[{"name":"wp","href":"https:\/\/api.w.org\/{rel}","templated":true}]}}