{"id":780737,"date":"2026-01-20T04:18:48","date_gmt":"2026-01-20T01:18:48","guid":{"rendered":"https:\/\/roveyayinevi.com.tr\/index.php\/urun\/guzden-yapraklar\/"},"modified":"2026-03-12T03:42:14","modified_gmt":"2026-03-12T00:42:14","slug":"guzden-yapraklar","status":"publish","type":"product","link":"https:\/\/roveyayinevi.com.tr\/index.php\/urun\/guzden-yapraklar\/","title":{"rendered":"G\u00fcz\u2019den Yapraklar"},"content":{"rendered":"<p>Ya\u015fam ve \u00f6l\u00fcm, ikisi de durmadan birbirini kovalar. Bu iki z\u0131t kavram gen\u00e7 bir bedende bir araya gelirse ne olur? Ne s\u0131cakl\u0131\u011f\u0131, \u015fakala\u015fmalar\u0131 ve sevin\u00e7leri tam olarak sevebilir, ne de her \u015feyden kendisini uzak tutup bir k\u00f6\u015fede \u00f6lmeyi bekleyebilir. Arafta kal\u0131r, Berceste misali G\u00fcz\u2019\u00fcn \u015eairi kesilir. Her insan\u0131n hayat\u0131nda bir mevsim gibi gelip ge\u00e7en ama izleri silinmeyen d\u00f6nemler vard\u0131r. G\u00fcz\u2019den Yapraklar, Efe Cem Ustah\u00fcseyin\u2019in ruhunda kalan izlerin kelimelere b\u00fcr\u00fcn\u00fcp yaz\u0131ya d\u00f6n\u00fc\u015fm\u00fc\u015f halidir. Yak\u0131nlar\u0131yla ya\u015fad\u0131\u011f\u0131 duygu ve d\u00fc\u015f\u00fcnce dolu hadiselere, \u015fefkatin ya\u015fam dolu g\u00fcc\u00fcne, edebiyat\u0131n y\u00f6nlerine ve toplumun geli\u015fimine de\u011finen Berceste; a\u015fka, ya\u015fama ve \u00f6l\u00fcme dair yeni bir pencere a\u00e7\u0131yor. G\u00fcz\u2019den Yapraklar sadece bir deneme kitab\u0131 de\u011fil, hayat\u0131n her y\u00f6n\u00fcn\u00fc inceleyerek yaz\u0131lm\u0131\u015f bir yol haritas\u0131. \u015eefkat, \u00f6zlem, umut ve ac\u0131yla harmanlanan bu yapraklardan kendinize ait bir par\u00e7a bulacak, G\u00fcz G\u00fcne\u015fi\u2019nin \u0131\u015f\u0131\u011f\u0131n\u0131 ruhunuzda hissedeceksiniz. <\/p>\n","protected":false},"excerpt":{"rendered":"<p>Ya\u015fam ve \u00f6l\u00fcm, ikisi de durmadan birbirini kovalar. Bu iki z\u0131t kavram gen\u00e7 bir bedende bir araya gelirse ne olur? Ne s\u0131cakl\u0131\u011f\u0131, \u015fakala\u015fmalar\u0131 ve sevin\u00e7leri tam<span class=\"excerpt-hellip\"> [\u2026]<\/span><\/p>\n","protected":false},"featured_media":0,"template":"","meta":{"_monsterinsights_skip_tracking":false,"_monsterinsights_sitenote_active":false,"_monsterinsights_sitenote_note":"","_monsterinsights_sitenote_category":0},"product_brand":[],"product_cat":[12777,12291],"product_tag":[],"class_list":{"0":"post-780737","1":"product","2":"type-product","3":"status-publish","5":"product_cat-deneme","6":"product_cat-edebiyat","7":"pa_cilt-ciltsiz","8":"pa_tur-kitap","9":"pa_yayinevi-kirmizi-cati-yayinlari","10":"pa_yazar-efe-cem-ustahuseyin","12":"first","13":"instock","14":"sale","15":"shipping-taxable","16":"purchasable","17":"product-type-simple"},"_links":{"self":[{"href":"https:\/\/roveyayinevi.com.tr\/index.php\/wp-json\/wp\/v2\/product\/780737","targetHints":{"allow":["GET"]}}],"collection":[{"href":"https:\/\/roveyayinevi.com.tr\/index.php\/wp-json\/wp\/v2\/product"}],"about":[{"href":"https:\/\/roveyayinevi.com.tr\/index.php\/wp-json\/wp\/v2\/types\/product"}],"wp:attachment":[{"href":"https:\/\/roveyayinevi.com.tr\/index.php\/wp-json\/wp\/v2\/media?parent=780737"}],"wp:term":[{"taxonomy":"product_brand","embeddable":true,"href":"https:\/\/roveyayinevi.com.tr\/index.php\/wp-json\/wp\/v2\/product_brand?post=780737"},{"taxonomy":"product_cat","embeddable":true,"href":"https:\/\/roveyayinevi.com.tr\/index.php\/wp-json\/wp\/v2\/product_cat?post=780737"},{"taxonomy":"product_tag","embeddable":true,"href":"https:\/\/roveyayinevi.com.tr\/index.php\/wp-json\/wp\/v2\/product_tag?post=780737"}],"curies":[{"name":"wp","href":"https:\/\/api.w.org\/{rel}","templated":true}]}}