{"id":780733,"date":"2026-01-20T04:18:40","date_gmt":"2026-01-20T01:18:40","guid":{"rendered":"https:\/\/roveyayinevi.com.tr\/index.php\/urun\/islamcilar-ve-yeni-rejim\/"},"modified":"2026-04-15T03:44:52","modified_gmt":"2026-04-15T00:44:52","slug":"islamcilar-ve-yeni-rejim","status":"publish","type":"product","link":"https:\/\/roveyayinevi.com.tr\/index.php\/urun\/islamcilar-ve-yeni-rejim\/","title":{"rendered":"\u0130slamc\u0131lar ve Yeni Rejim"},"content":{"rendered":"<p>\u0130stanbul\u2019un i\u015fgal edilip Osmanl\u0131 Mebusan Meclisinin \u0130stanbul\u2019da toplanma imkan\u0131n\u0131n ortadan kalkmas\u0131yla birlikte, Anadolu\u2019da \u00f6rg\u00fctlenmi\u015f olan Milli Hareket, Meclisin Ankara\u2019da toplanmas\u0131n\u0131 sa\u011flad\u0131. Bu Meclis, sava\u015f sonras\u0131nda in\u015fa edilecek yeni bir rejimin n\u00fcvesi olacakt\u0131r. \u00c7al\u0131\u015fmam\u0131z, d\u00f6nemin \u0130slamc\u0131lar\u0131n\u0131n bu s\u00fcre\u00e7teki tutum ve d\u00fc\u015f\u00fcncesini incelemektedir. Bu kapsamda, \u0130slamc\u0131lar\u0131n Anadolu\u2019da geli\u015fen Milli M\u00fccadele ve siyasi inisiyatifi ele alan B\u00fcy\u00fck Millet Meclisine bak\u0131\u015flar\u0131 nas\u0131ld\u0131r? \u0130slamc\u0131lar, \u00f6mr\u00fc 1300 y\u0131la yakla\u015fan saltanat ve hilafet yap\u0131lar\u0131 tarihe intikal ederken nas\u0131l bir pozisyon benimsemi\u015fler, bu kavramlar\u0131 nas\u0131l ele alm\u0131\u015flard\u0131r? Yeni bir siyasal rejim in\u015fa edilmesi s\u00fcrecinde \u0130slamc\u0131lar\u0131n talep, beklenti veya varsa teklifleri nelerdir? gibi sorulara cevap aranm\u0131\u015ft\u0131r. <\/p>\n","protected":false},"excerpt":{"rendered":"<p>\u0130stanbul\u2019un i\u015fgal edilip Osmanl\u0131 Mebusan Meclisinin \u0130stanbul\u2019da toplanma imkan\u0131n\u0131n ortadan kalkmas\u0131yla birlikte, Anadolu\u2019da \u00f6rg\u00fctlenmi\u015f olan Milli Hareket, Meclisin Ankara\u2019da toplanmas\u0131n\u0131 sa\u011flad\u0131. Bu Meclis, sava\u015f sonras\u0131nda in\u015fa<span class=\"excerpt-hellip\"> [\u2026]<\/span><\/p>\n","protected":false},"featured_media":0,"template":"","meta":{"_monsterinsights_skip_tracking":false,"_monsterinsights_sitenote_active":false,"_monsterinsights_sitenote_note":"","_monsterinsights_sitenote_category":0},"product_brand":[],"product_cat":[13590,12337],"product_tag":[],"class_list":{"0":"post-780733","1":"product","2":"type-product","3":"status-publish","5":"product_cat-arastirma-inceleme-politika-siyaset","6":"product_cat-politika-siyaset","7":"pa_cilt-ciltsiz","8":"pa_tur-kitap","9":"pa_yayinevi-soncag-akademik-kitaplar","10":"pa_yazar-ali-osman-cakmak","12":"first","13":"instock","14":"sale","15":"shipping-taxable","16":"purchasable","17":"product-type-simple"},"_links":{"self":[{"href":"https:\/\/roveyayinevi.com.tr\/index.php\/wp-json\/wp\/v2\/product\/780733","targetHints":{"allow":["GET"]}}],"collection":[{"href":"https:\/\/roveyayinevi.com.tr\/index.php\/wp-json\/wp\/v2\/product"}],"about":[{"href":"https:\/\/roveyayinevi.com.tr\/index.php\/wp-json\/wp\/v2\/types\/product"}],"wp:attachment":[{"href":"https:\/\/roveyayinevi.com.tr\/index.php\/wp-json\/wp\/v2\/media?parent=780733"}],"wp:term":[{"taxonomy":"product_brand","embeddable":true,"href":"https:\/\/roveyayinevi.com.tr\/index.php\/wp-json\/wp\/v2\/product_brand?post=780733"},{"taxonomy":"product_cat","embeddable":true,"href":"https:\/\/roveyayinevi.com.tr\/index.php\/wp-json\/wp\/v2\/product_cat?post=780733"},{"taxonomy":"product_tag","embeddable":true,"href":"https:\/\/roveyayinevi.com.tr\/index.php\/wp-json\/wp\/v2\/product_tag?post=780733"}],"curies":[{"name":"wp","href":"https:\/\/api.w.org\/{rel}","templated":true}]}}