{"id":780731,"date":"2026-01-20T04:18:36","date_gmt":"2026-01-20T01:18:36","guid":{"rendered":"https:\/\/roveyayinevi.com.tr\/index.php\/urun\/hikayeni-yeniden-yaz-ciltli\/"},"modified":"2026-04-08T03:41:39","modified_gmt":"2026-04-08T00:41:39","slug":"hikayeni-yeniden-yaz-ciltli","status":"publish","type":"product","link":"https:\/\/roveyayinevi.com.tr\/index.php\/urun\/hikayeni-yeniden-yaz-ciltli\/","title":{"rendered":"Hikayeni Yeniden Yaz! (Ciltli)"},"content":{"rendered":"<p>2025 y\u0131l\u0131n\u0131n en \u00e7ok dinlenen podcasti Ortamlarda Sat\u0131lacak Bilgi, sesin \u00f6tesine ge\u00e7erek Kendimi Nas\u0131l \u0130yile\u015ftiririm ile sat\u0131rlara ta\u015f\u0131nm\u0131\u015ft\u0131. Bu b\u00fcy\u00fcleyici bilgi senfonisi Hik\u00e2yeni Yeniden Yaz ile bir kez daha okuruyla bulu\u015fuyor. Mitolojiden, tarihten, bilimden, do\u011fadan ve sanattan olu\u015fan yeni rotalarla hik\u00e2yemize d\u0131\u015far\u0131dan bakabilece\u011fimiz bu e\u015fsiz ke\u015fif atlas\u0131nda sayfalar ilerledik\u00e7e\u015funu fark edece\u011fiz: Tek h\u00fccreli bir canl\u0131n\u0131n \u015fa\u015f\u0131rt\u0131c\u0131 y\u00f6neli\u015finden ad\u0131msayar kar\u0131ncalara, A\u011fa\u00e7lar\u0131n \u00f6zgecili\u011fi ve korumac\u0131l\u0131\u011f\u0131ndan incilerin kararl\u0131l\u0131\u011f\u0131na, Aborjin anlat\u0131lar\u0131ndan And uygarl\u0131klar\u0131n\u0131n bilgeli\u011fine, Mitolojik kahramanlardan ejderhalar\u0131n iyi ve k\u00f6t\u00fcyle olan ili\u015fkisine uzanan bu hayat\u0131n i\u00e7erdi\u011fi her \u015feyle ba\u011flant\u0131l\u0131y\u0131z, \u00fcstelik yaln\u0131z ve sabit de de\u011filiz. Hik\u00e2yeni Yeniden Yaz, kendi hik\u00e2yesini anlamland\u0131rmaya \u00e7al\u0131\u015fan herkesin, asl\u0131nda ayn\u0131 oyunun i\u00e7inde oldu\u011funu hat\u0131rlat\u0131yor. \u201cOyun oynayal\u0131m m\u0131?\u201d diyen o iki \u00e7ocu\u011fun i\u00e7tenli\u011fi gibi, bu kitap da samimi bir teklif sunuyor. Sonunda nereye varaca\u011f\u0131n\u0131 bilmiyorsunuz. Belki bekledi\u011finiz YER\u2019e, belk akl\u0131n\u0131za hi\u00e7 gelmeyecek bir yere. Belki de hik\u00e2yeyi, ilk kez ger\u00e7ekten siz yazmaya ba\u015flayacaks\u0131n\u0131z.<\/p>\n","protected":false},"excerpt":{"rendered":"<p>2025 y\u0131l\u0131n\u0131n en \u00e7ok dinlenen podcasti Ortamlarda Sat\u0131lacak Bilgi, sesin \u00f6tesine ge\u00e7erek Kendimi Nas\u0131l \u0130yile\u015ftiririm ile sat\u0131rlara ta\u015f\u0131nm\u0131\u015ft\u0131. Bu b\u00fcy\u00fcleyici bilgi senfonisi Hik\u00e2yeni Yeniden Yaz ile<span class=\"excerpt-hellip\"> [\u2026]<\/span><\/p>\n","protected":false},"featured_media":0,"template":"","meta":{"_monsterinsights_skip_tracking":false,"_monsterinsights_sitenote_active":false,"_monsterinsights_sitenote_note":"","_monsterinsights_sitenote_category":0},"product_brand":[],"product_cat":[12364,12376],"product_tag":[],"class_list":{"0":"post-780731","1":"product","2":"type-product","3":"status-publish","5":"product_cat-genel-konular","6":"product_cat-kisisel-gelisim","7":"pa_cilt-ciltli","8":"pa_tur-kitap","9":"pa_yayinevi-alfa-yayinlari","10":"pa_yazar-kolektif","12":"first","13":"instock","14":"sale","15":"shipping-taxable","16":"purchasable","17":"product-type-simple"},"_links":{"self":[{"href":"https:\/\/roveyayinevi.com.tr\/index.php\/wp-json\/wp\/v2\/product\/780731","targetHints":{"allow":["GET"]}}],"collection":[{"href":"https:\/\/roveyayinevi.com.tr\/index.php\/wp-json\/wp\/v2\/product"}],"about":[{"href":"https:\/\/roveyayinevi.com.tr\/index.php\/wp-json\/wp\/v2\/types\/product"}],"wp:attachment":[{"href":"https:\/\/roveyayinevi.com.tr\/index.php\/wp-json\/wp\/v2\/media?parent=780731"}],"wp:term":[{"taxonomy":"product_brand","embeddable":true,"href":"https:\/\/roveyayinevi.com.tr\/index.php\/wp-json\/wp\/v2\/product_brand?post=780731"},{"taxonomy":"product_cat","embeddable":true,"href":"https:\/\/roveyayinevi.com.tr\/index.php\/wp-json\/wp\/v2\/product_cat?post=780731"},{"taxonomy":"product_tag","embeddable":true,"href":"https:\/\/roveyayinevi.com.tr\/index.php\/wp-json\/wp\/v2\/product_tag?post=780731"}],"curies":[{"name":"wp","href":"https:\/\/api.w.org\/{rel}","templated":true}]}}