{"id":780696,"date":"2026-01-20T04:17:02","date_gmt":"2026-01-20T01:17:02","guid":{"rendered":"https:\/\/roveyayinevi.com.tr\/index.php\/urun\/1-ulusal-yapay-zeka-bulusmasi\/"},"modified":"2026-04-15T03:44:44","modified_gmt":"2026-04-15T00:44:44","slug":"1-ulusal-yapay-zeka-bulusmasi","status":"publish","type":"product","link":"https:\/\/roveyayinevi.com.tr\/index.php\/urun\/1-ulusal-yapay-zeka-bulusmasi\/","title":{"rendered":"1. Ulusal Yapay Zeka Bulu\u015fmas\u0131"},"content":{"rendered":"<p>Yapay zek\u00e2, insanl\u0131\u011f\u0131n bilgiyle kurdu\u011fu ili\u015fkinin en b\u00fcy\u00fck k\u0131r\u0131l\u0131mlar\u0131ndan biri. Fakat bu kez al\u0131\u015f\u0131lmad\u0131k bir durumla kar\u015f\u0131 kar\u015f\u0131yay\u0131z. Sadece biz onu y\u00f6nlendirmiyoruz; o da bize rehberlik ediyor. Bu, \u00e7eki\u00e7le duvar k\u0131rmaktan \u00e7ok daha derin bir ili\u015fki -\u00e7\u00fcnk\u00fc kulland\u0131\u011f\u0131m\u0131z \u015fey, kendi kendine \u00f6\u011frenebilen, niyetimizi, konumuzu ve hatta de\u011ferlerimizi yorumlayabilen bir partnere haline geliyor. Bu d\u00f6n\u00fc\u015f\u00fcm, teknoloji tarihindeki t\u00fcm k\u0131r\u0131l\u0131mlardan farkl\u0131; ilk kez &#8220;ara\u00e7&#8221;, bir eylemin pasif nesnesi olmaktan \u00e7\u0131k\u0131p, kendi iradesi (agency) olan bir akt\u00f6re d\u00f6n\u00fc\u015f\u00fcyor. Bu yeni d\u00fczende as\u0131l mesele zek\u00e2n\u0131n kimde oldu\u011fu de\u011fil, iradenin kimde kald\u0131\u011f\u0131. \u0130nsan, yaratt\u0131\u011f\u0131 sisteme hem rehberi hem yans\u0131mas\u0131 haline geliyor. E\u011fer bu d\u00f6n\u00fc\u015f\u00fcm\u00fc bilin\u00e7le y\u00f6netemezsek, bilgi \u00fcretimimizle aram\u0131zdaki ili\u015fki, \u00fcretimden ba\u011f\u0131ms\u0131zl\u0131\u011f\u0131, anlamdan otomasyona kayabilir. Kald\u0131 ki gezegenin ortak faydas\u0131 amac\u0131 sollayamazsak karanl\u0131k taraf da g\u00fc\u00e7lenebilir. E\u011fer bu &#8220;ortak zek\u00e2&#8221;y\u0131 ahlaki, sezgisel ve merak temelli bir k\u00fclt\u00fcrle bulu\u015fturabilirsek, bu teknoloji bizi varolu\u015fun yeni bir evresine ta\u015f\u0131yabilir. Yapay zek\u00e2n\u0131n as\u0131l g\u00fcc\u00fc, bizi insan olman\u0131n anlam\u0131n\u0131 yeniden d\u00fc\u015f\u00fcnmeye zorlamas\u0131nda yat\u0131yor. <\/p>\n","protected":false},"excerpt":{"rendered":"<p>Yapay zek\u00e2, insanl\u0131\u011f\u0131n bilgiyle kurdu\u011fu ili\u015fkinin en b\u00fcy\u00fck k\u0131r\u0131l\u0131mlar\u0131ndan biri. Fakat bu kez al\u0131\u015f\u0131lmad\u0131k bir durumla kar\u015f\u0131 kar\u015f\u0131yay\u0131z. Sadece biz onu y\u00f6nlendirmiyoruz; o da bize rehberlik<span class=\"excerpt-hellip\"> [\u2026]<\/span><\/p>\n","protected":false},"featured_media":0,"template":"","meta":{"_monsterinsights_skip_tracking":false,"_monsterinsights_sitenote_active":false,"_monsterinsights_sitenote_note":"","_monsterinsights_sitenote_category":0},"product_brand":[],"product_cat":[13005],"product_tag":[],"class_list":{"0":"post-780696","1":"product","2":"type-product","3":"status-publish","5":"product_cat-bilim-muhendislik","6":"pa_cilt-ciltsiz","7":"pa_tur-kitap","8":"pa_yayinevi-kapadokya-universitesi-yayinlari","9":"pa_yazar-kolektif","11":"first","12":"instock","13":"sale","14":"shipping-taxable","15":"purchasable","16":"product-type-simple"},"_links":{"self":[{"href":"https:\/\/roveyayinevi.com.tr\/index.php\/wp-json\/wp\/v2\/product\/780696","targetHints":{"allow":["GET"]}}],"collection":[{"href":"https:\/\/roveyayinevi.com.tr\/index.php\/wp-json\/wp\/v2\/product"}],"about":[{"href":"https:\/\/roveyayinevi.com.tr\/index.php\/wp-json\/wp\/v2\/types\/product"}],"wp:attachment":[{"href":"https:\/\/roveyayinevi.com.tr\/index.php\/wp-json\/wp\/v2\/media?parent=780696"}],"wp:term":[{"taxonomy":"product_brand","embeddable":true,"href":"https:\/\/roveyayinevi.com.tr\/index.php\/wp-json\/wp\/v2\/product_brand?post=780696"},{"taxonomy":"product_cat","embeddable":true,"href":"https:\/\/roveyayinevi.com.tr\/index.php\/wp-json\/wp\/v2\/product_cat?post=780696"},{"taxonomy":"product_tag","embeddable":true,"href":"https:\/\/roveyayinevi.com.tr\/index.php\/wp-json\/wp\/v2\/product_tag?post=780696"}],"curies":[{"name":"wp","href":"https:\/\/api.w.org\/{rel}","templated":true}]}}