{"id":780692,"date":"2026-01-20T04:16:51","date_gmt":"2026-01-20T01:16:51","guid":{"rendered":"https:\/\/roveyayinevi.com.tr\/index.php\/urun\/hiristiyan-teolojisinde-triteizm-uc-tanricilik\/"},"modified":"2026-04-15T03:44:42","modified_gmt":"2026-04-15T00:44:42","slug":"hiristiyan-teolojisinde-triteizm-uc-tanricilik","status":"publish","type":"product","link":"https:\/\/roveyayinevi.com.tr\/index.php\/urun\/hiristiyan-teolojisinde-triteizm-uc-tanricilik\/","title":{"rendered":"H\u0131ristiyan Teolojisinde Triteizm \u00dc\u00e7 Tanr\u0131c\u0131l\u0131k"},"content":{"rendered":"<p>Hristiyan d\u00fc\u015f\u00fcnce tarihinin en tart\u0131\u015fmal\u0131 ve en az anla\u015f\u0131lan ba\u015fl\u0131klar\u0131ndan biri olan Triteizm, \u00e7o\u011fu zaman yaln\u0131zca bir &#8220;yanl\u0131\u015f inan\u00e7&#8221; etiketiyle an\u0131lm\u0131\u015f; ancak k\u00f6kenleri, fikri zemini ve tarihsel geli\u015fimi yeterince derinlemesine incelenmemi\u015ftir. Bu kitap, Triteizmin arka plan\u0131nda yer alan felsefi d\u00fc\u015f\u00fcnce birikimini, kilise babalar\u0131n\u0131n miras\u0131n\u0131 ve Orta \u00c7a\u011f&#8217;\u0131n entelekt\u00fcel atmosferini titizlikle analiz ederek bu ihmal edilmi\u015f ba\u015fl\u0131\u011f\u0131 yeniden g\u00fcndeme ta\u015f\u0131maktad\u0131r.  Eserde, Triteizmin \u015fekillenmesinde Aristoteles\u00e7i metafizi\u011fin, \u00f6z-t\u00f6z ayr\u0131mlar\u0131n\u0131n ve erken d\u00f6nem Hristiyan teolojisindeki birlik-\u00e7okluk tart\u0131\u015fmalar\u0131n\u0131n belirleyici etkileri ele al\u0131nmaktad\u0131r. Bunun yan\u0131nda, Triteizmin en \u00f6nemli temsilcilerinden John Philoponus ile Compiegne&#8217;li Roscelin&#8217;in hayat\u0131, d\u00fc\u015f\u00fcnce d\u00fcnyas\u0131 ve Tanr\u0131 tasavvurlar\u0131 tarihsel ba\u011flam\u0131 i\u00e7inde incelenmekte; her iki fig\u00fcr\u00fcn hem klasik teolojiye meydan okuyan y\u00f6nleri hem de kendi d\u00f6nemlerinde do\u011furduklar\u0131 teolojik ve kurumsal krizler kapsaml\u0131 bi\u00e7imde de\u011ferlendirilmektedir.  Elinizdeki kitap, yaln\u0131zca bir heterodoksi hik\u00e2yesi sunmuyor; ayn\u0131 zamanda Hristiyanl\u0131kta Tanr\u0131&#8217;n\u0131n birli\u011fi ve \u00fc\u00e7l\u00fc\u011f\u00fc meselesinin ne denli karma\u015f\u0131k, \u00e7ok katmanl\u0131 ve felsefi a\u00e7\u0131dan zengin oldu\u011funu g\u00f6zler \u00f6n\u00fcne seriyor. Triteizmin, basit bir sapk\u0131nl\u0131k kategorisinin \u00e7ok \u00f6tesinde, erken Hristiyan d\u00fc\u015f\u00fcncesinin s\u0131n\u0131rlar\u0131n\u0131 zorlayan \u00f6zg\u00fcn bir entelekt\u00fcel \u00e7aba oldu\u011funu ortaya koymaya \u00e7al\u0131\u015f\u0131yor. <\/p>\n","protected":false},"excerpt":{"rendered":"<p>Hristiyan d\u00fc\u015f\u00fcnce tarihinin en tart\u0131\u015fmal\u0131 ve en az anla\u015f\u0131lan ba\u015fl\u0131klar\u0131ndan biri olan Triteizm, \u00e7o\u011fu zaman yaln\u0131zca bir &#8220;yanl\u0131\u015f inan\u00e7&#8221; etiketiyle an\u0131lm\u0131\u015f; ancak k\u00f6kenleri, fikri zemini ve<span class=\"excerpt-hellip\"> [\u2026]<\/span><\/p>\n","protected":false},"featured_media":0,"template":"","meta":{"_monsterinsights_skip_tracking":false,"_monsterinsights_sitenote_active":false,"_monsterinsights_sitenote_note":"","_monsterinsights_sitenote_category":0},"product_brand":[],"product_cat":[12718,12807],"product_tag":[],"class_list":{"0":"post-780692","1":"product","2":"type-product","3":"status-publish","5":"product_cat-din","6":"product_cat-hristiyanlik","7":"pa_cilt-ciltsiz","8":"pa_tur-kitap","9":"pa_yayinevi-soncag-akademik-kitaplar","10":"pa_yazar-suheda-kahraman","12":"first","13":"instock","14":"sale","15":"shipping-taxable","16":"purchasable","17":"product-type-simple"},"_links":{"self":[{"href":"https:\/\/roveyayinevi.com.tr\/index.php\/wp-json\/wp\/v2\/product\/780692","targetHints":{"allow":["GET"]}}],"collection":[{"href":"https:\/\/roveyayinevi.com.tr\/index.php\/wp-json\/wp\/v2\/product"}],"about":[{"href":"https:\/\/roveyayinevi.com.tr\/index.php\/wp-json\/wp\/v2\/types\/product"}],"wp:attachment":[{"href":"https:\/\/roveyayinevi.com.tr\/index.php\/wp-json\/wp\/v2\/media?parent=780692"}],"wp:term":[{"taxonomy":"product_brand","embeddable":true,"href":"https:\/\/roveyayinevi.com.tr\/index.php\/wp-json\/wp\/v2\/product_brand?post=780692"},{"taxonomy":"product_cat","embeddable":true,"href":"https:\/\/roveyayinevi.com.tr\/index.php\/wp-json\/wp\/v2\/product_cat?post=780692"},{"taxonomy":"product_tag","embeddable":true,"href":"https:\/\/roveyayinevi.com.tr\/index.php\/wp-json\/wp\/v2\/product_tag?post=780692"}],"curies":[{"name":"wp","href":"https:\/\/api.w.org\/{rel}","templated":true}]}}