{"id":780689,"date":"2026-01-20T04:16:44","date_gmt":"2026-01-20T01:16:44","guid":{"rendered":"https:\/\/roveyayinevi.com.tr\/index.php\/urun\/cilgin-dinozorlar\/"},"modified":"2026-04-15T03:44:40","modified_gmt":"2026-04-15T00:44:40","slug":"cilgin-dinozorlar","status":"publish","type":"product","link":"https:\/\/roveyayinevi.com.tr\/index.php\/urun\/cilgin-dinozorlar\/","title":{"rendered":"\u00c7\u0131lg\u0131n Dinozorlar"},"content":{"rendered":"<p>Pencereleri a\u00e7, \u00e7\u0131lg\u0131n dinozorlar\u0131 ke\u015ffet!Merakl\u0131 minikler bu kitapla milyonlarca y\u0131l \u00f6ncesine yolculuk yap\u0131yor! Pencereleri kald\u0131r\u0131p \u00e7\u0131lg\u0131n dinozorlar\u0131 tan\u0131rken hem e\u011flenecek hem de \u00f6\u011frenmenin keyfine varacaklar.Kazan\u0131mlar:Merak ve ke\u015ffetme duygusunu desteklerEl-g\u00f6z koordinasyonunu geli\u015ftirirDinozorlar hakk\u0131nda temel bilgiler sunar\u0130nteraktif \u00f6\u011frenmeyi te\u015fvik eder\u00d6\u011frenme Becerileri:Kelime \u00d6\u011frenmeProblem \u00c7\u00f6zmeDuyusal Geli\u015fimD\u00fcnyay\u0131 Ke\u015ffet<\/p>\n","protected":false},"excerpt":{"rendered":"<p>Pencereleri a\u00e7, \u00e7\u0131lg\u0131n dinozorlar\u0131 ke\u015ffet!Merakl\u0131 minikler bu kitapla milyonlarca y\u0131l \u00f6ncesine yolculuk yap\u0131yor! Pencereleri kald\u0131r\u0131p \u00e7\u0131lg\u0131n dinozorlar\u0131 tan\u0131rken hem e\u011flenecek hem de \u00f6\u011frenmenin keyfine varacaklar.Kazan\u0131mlar:Merak ve<span class=\"excerpt-hellip\"> [\u2026]<\/span><\/p>\n","protected":false},"featured_media":0,"template":"","meta":{"_monsterinsights_skip_tracking":false,"_monsterinsights_sitenote_active":false,"_monsterinsights_sitenote_note":"","_monsterinsights_sitenote_category":0},"product_brand":[],"product_cat":[12274,12518],"product_tag":[],"class_list":{"0":"post-780689","1":"product","2":"type-product","3":"status-publish","5":"product_cat-cocuk-ve-genclik-kitaplari","6":"product_cat-okul-oncesi-kitaplar","7":"pa_cilt-ciltsiz","8":"pa_tur-kitap","9":"pa_yayinevi-ucan-fil-yayinlari","10":"pa_yazar-kolektif","12":"first","13":"instock","14":"sale","15":"shipping-taxable","16":"purchasable","17":"product-type-simple"},"_links":{"self":[{"href":"https:\/\/roveyayinevi.com.tr\/index.php\/wp-json\/wp\/v2\/product\/780689","targetHints":{"allow":["GET"]}}],"collection":[{"href":"https:\/\/roveyayinevi.com.tr\/index.php\/wp-json\/wp\/v2\/product"}],"about":[{"href":"https:\/\/roveyayinevi.com.tr\/index.php\/wp-json\/wp\/v2\/types\/product"}],"wp:attachment":[{"href":"https:\/\/roveyayinevi.com.tr\/index.php\/wp-json\/wp\/v2\/media?parent=780689"}],"wp:term":[{"taxonomy":"product_brand","embeddable":true,"href":"https:\/\/roveyayinevi.com.tr\/index.php\/wp-json\/wp\/v2\/product_brand?post=780689"},{"taxonomy":"product_cat","embeddable":true,"href":"https:\/\/roveyayinevi.com.tr\/index.php\/wp-json\/wp\/v2\/product_cat?post=780689"},{"taxonomy":"product_tag","embeddable":true,"href":"https:\/\/roveyayinevi.com.tr\/index.php\/wp-json\/wp\/v2\/product_tag?post=780689"}],"curies":[{"name":"wp","href":"https:\/\/api.w.org\/{rel}","templated":true}]}}