{"id":780683,"date":"2026-01-20T04:16:16","date_gmt":"2026-01-20T01:16:16","guid":{"rendered":"https:\/\/roveyayinevi.com.tr\/index.php\/urun\/ayrinti-dergisi-sayi-49-guz-2025\/"},"modified":"2026-04-15T03:44:39","modified_gmt":"2026-04-15T00:44:39","slug":"ayrinti-dergisi-sayi-49-guz-2025","status":"publish","type":"product","link":"https:\/\/roveyayinevi.com.tr\/index.php\/urun\/ayrinti-dergisi-sayi-49-guz-2025\/","title":{"rendered":"Ayr\u0131nt\u0131 Dergisi Say\u0131: 49 G\u00fcz 2025"},"content":{"rendered":"<p>Ayr\u0131nt\u0131 Dergi\u2019nin 49. Say\u0131s\u0131 19 Mart sonras\u0131 su\u0308re\u00e7lere odaklan\u0131yor. Derginin gu\u0308ndem b\u00f6lu\u0308mu\u0308nde Kumru Ba\u015fer\u2019in \u0130ngiltere\u2019de yeni bir sol siyasi olu\u015fumu inceledi\u011fi yaz\u0131s\u0131 var. Makale Jeremy Corbyn ve Zarah Sultana\u2019n\u0131n \u00f6ncu\u0308lu\u0308\u011fu\u0308nde kurulan \u015fa\u015f\u0131rt\u0131c\u0131 derecede yo\u011fun bir ilgiyle kar\u015f\u0131la\u015fan, \u00e7ok k\u0131sa su\u0308re i\u00e7inde i\u00e7eride sars\u0131nt\u0131 ya\u015fayan Your Party\u2019e ili\u015fkin ilk de\u011ferlendirmeler ve \u00f6ng\u00f6ru\u0308leri i\u00e7eriyor.  Dosya b\u00f6lu\u0308mu\u0308 Onur Y\u0131ld\u0131z\u2019\u0131n CHP\u2019nin i\u00e7ine du\u0308\u015fu\u0308ru\u0308ldu\u0308\u011fu\u0308 krize kar\u015f\u0131 izledi\u011fi politikan\u0131n d\u00f6nu\u0308\u015fu\u0308mu\u0308nu\u0308 vurgulad\u0131\u011f\u0131, bu niteliksel d\u00f6nu\u0308\u015fu\u0308mu\u0308n sadece kadro de\u011fi\u015fimi de\u011fil, krize ili\u015fkin siyasal bir yan\u0131t verme giri\u015fimi oldu\u011funu ileri su\u0308ren \u00e7al\u0131\u015fmas\u0131 ile ba\u015fl\u0131yor.  Duygu Tan\u0131\u015f \u2013 Zafero\u011flu, biraz da geriye giderek toplumsal hareket literatu\u0308ru\u0308 i\u00e7inden ele ald\u0131\u011f\u0131 19 Mart sonras\u0131 hareketlili\u011fin kar\u015f\u0131\u2013hegemonya olu\u015fturucu nitelikte olup olmad\u0131\u011f\u0131n sorguluyor. Emre Tansu Keten \u201cPropagandadan Sansu\u0308re: 19 Mart\u2019\u0131n Medya ve \u0130leti\u015fim Stratejisi\u201d ba\u015fl\u0131kl\u0131 yaz\u0131s\u0131nda AKP\u2019nin ileti\u015fim stratejisinin genel i\u015fleyi\u015fini ve \u00f6zel olarak iktidar\u0131n \u0130mamo\u011flu kampanyas\u0131n\u0131n u\u0308zerine in\u015fa edildi\u011fi stratejiyi analiz ediyor.<\/p>\n","protected":false},"excerpt":{"rendered":"<p>Ayr\u0131nt\u0131 Dergi\u2019nin 49. Say\u0131s\u0131 19 Mart sonras\u0131 su\u0308re\u00e7lere odaklan\u0131yor. Derginin gu\u0308ndem b\u00f6lu\u0308mu\u0308nde Kumru Ba\u015fer\u2019in \u0130ngiltere\u2019de yeni bir sol siyasi olu\u015fumu inceledi\u011fi yaz\u0131s\u0131 var. Makale Jeremy Corbyn<span class=\"excerpt-hellip\"> [\u2026]<\/span><\/p>\n","protected":false},"featured_media":0,"template":"","meta":{"_monsterinsights_skip_tracking":false,"_monsterinsights_sitenote_active":false,"_monsterinsights_sitenote_note":"","_monsterinsights_sitenote_category":0},"product_brand":[],"product_cat":[13527],"product_tag":[],"class_list":{"0":"post-780683","1":"product","2":"type-product","3":"status-publish","5":"product_cat-sureli-yayinlar","6":"pa_cilt-ciltsiz","7":"pa_tur-dergi","8":"pa_yayinevi-ayrinti-yayinlari","9":"pa_yazar-kolektif","11":"first","12":"instock","13":"sale","14":"shipping-taxable","15":"purchasable","16":"product-type-simple"},"_links":{"self":[{"href":"https:\/\/roveyayinevi.com.tr\/index.php\/wp-json\/wp\/v2\/product\/780683","targetHints":{"allow":["GET"]}}],"collection":[{"href":"https:\/\/roveyayinevi.com.tr\/index.php\/wp-json\/wp\/v2\/product"}],"about":[{"href":"https:\/\/roveyayinevi.com.tr\/index.php\/wp-json\/wp\/v2\/types\/product"}],"wp:attachment":[{"href":"https:\/\/roveyayinevi.com.tr\/index.php\/wp-json\/wp\/v2\/media?parent=780683"}],"wp:term":[{"taxonomy":"product_brand","embeddable":true,"href":"https:\/\/roveyayinevi.com.tr\/index.php\/wp-json\/wp\/v2\/product_brand?post=780683"},{"taxonomy":"product_cat","embeddable":true,"href":"https:\/\/roveyayinevi.com.tr\/index.php\/wp-json\/wp\/v2\/product_cat?post=780683"},{"taxonomy":"product_tag","embeddable":true,"href":"https:\/\/roveyayinevi.com.tr\/index.php\/wp-json\/wp\/v2\/product_tag?post=780683"}],"curies":[{"name":"wp","href":"https:\/\/api.w.org\/{rel}","templated":true}]}}