{"id":780680,"date":"2026-01-20T04:16:05","date_gmt":"2026-01-20T01:16:05","guid":{"rendered":"https:\/\/roveyayinevi.com.tr\/index.php\/urun\/tyt-sosyal-bilimler-konu-konu-cikmis-sorular\/"},"modified":"2026-04-05T03:36:04","modified_gmt":"2026-04-05T00:36:04","slug":"tyt-sosyal-bilimler-konu-konu-cikmis-sorular","status":"publish","type":"product","link":"https:\/\/roveyayinevi.com.tr\/index.php\/urun\/tyt-sosyal-bilimler-konu-konu-cikmis-sorular\/","title":{"rendered":"TYT Sosyal Bilimler Konu Konu \u00c7\u0131km\u0131\u015f sorular"},"content":{"rendered":"<p>TYT Sosyal Bilimler Konu Konu Son 8 Y\u0131l \u00c7\u0131km\u0131\u015f Sorular<\/p>\n","protected":false},"excerpt":{"rendered":"<p>TYT Sosyal Bilimler Konu Konu Son 8 Y\u0131l \u00c7\u0131km\u0131\u015f Sorular<\/p>\n","protected":false},"featured_media":0,"template":"","meta":{"_monsterinsights_skip_tracking":false,"_monsterinsights_sitenote_active":false,"_monsterinsights_sitenote_note":"","_monsterinsights_sitenote_category":0},"product_brand":[],"product_cat":[12566,13473],"product_tag":[],"class_list":{"0":"post-780680","1":"product","2":"type-product","3":"status-publish","5":"product_cat-egitim","6":"product_cat-sinavlara-hazirlik-okula-yardimci-kaynaklar","7":"pa_cilt-ciltsiz","8":"pa_tur-kitap","9":"pa_yayinevi-marka-yayinlari","10":"pa_yazar-kolektif","12":"first","13":"instock","14":"sale","15":"shipping-taxable","16":"purchasable","17":"product-type-simple"},"_links":{"self":[{"href":"https:\/\/roveyayinevi.com.tr\/index.php\/wp-json\/wp\/v2\/product\/780680","targetHints":{"allow":["GET"]}}],"collection":[{"href":"https:\/\/roveyayinevi.com.tr\/index.php\/wp-json\/wp\/v2\/product"}],"about":[{"href":"https:\/\/roveyayinevi.com.tr\/index.php\/wp-json\/wp\/v2\/types\/product"}],"wp:attachment":[{"href":"https:\/\/roveyayinevi.com.tr\/index.php\/wp-json\/wp\/v2\/media?parent=780680"}],"wp:term":[{"taxonomy":"product_brand","embeddable":true,"href":"https:\/\/roveyayinevi.com.tr\/index.php\/wp-json\/wp\/v2\/product_brand?post=780680"},{"taxonomy":"product_cat","embeddable":true,"href":"https:\/\/roveyayinevi.com.tr\/index.php\/wp-json\/wp\/v2\/product_cat?post=780680"},{"taxonomy":"product_tag","embeddable":true,"href":"https:\/\/roveyayinevi.com.tr\/index.php\/wp-json\/wp\/v2\/product_tag?post=780680"}],"curies":[{"name":"wp","href":"https:\/\/api.w.org\/{rel}","templated":true}]}}