{"id":780670,"date":"2026-01-20T04:15:31","date_gmt":"2026-01-20T01:15:31","guid":{"rendered":"https:\/\/roveyayinevi.com.tr\/index.php\/urun\/faytoncular-caddesi\/"},"modified":"2026-01-30T04:16:45","modified_gmt":"2026-01-30T01:16:45","slug":"faytoncular-caddesi","status":"publish","type":"product","link":"https:\/\/roveyayinevi.com.tr\/index.php\/urun\/faytoncular-caddesi\/","title":{"rendered":"Faytoncular Caddesi"},"content":{"rendered":"<p>Faytoncular Caddesi&#8217;ne \u00f6l\u00fcm sessizli\u011fi \u00e7\u00f6km\u00fc\u015ft\u00fc. Sokaklar bombo\u015f, \u0131ss\u0131z ve o eski g\u00f6steri\u015fli h\u00e2linden \u00e7ok uzakt\u0131. \u00d6m\u00fcrl\u00fck bir yoldan gelmi\u015f bir yolcu misali sokak aralar\u0131na s\u0131z\u0131p kuytularda dinlenmek isteyen r\u00fczg\u00e2r, Faytoncular Caddesi&#8217;nin \u00fczerine serpilen \u00f6l\u00fc topra\u011f\u0131n\u0131 g\u00f6ky\u00fcz\u00fcne savuruyor ve ac\u0131 bir \u00e7\u0131\u011fl\u0131\u011fa d\u00f6n\u00fc\u015ferek \u00e7at\u0131 aralar\u0131ndan i\u00e7eri s\u00fcz\u00fcl\u00fcyordu. Toprak kokusuna sinen ya\u011fmur kokusu, \u00e7ocuksu bir masumiyetin pe\u015findeydi. Damla damla h\u00fcz\u00fcn olup Faytoncular Caddesi&#8217;nden bo\u015fan\u0131yordu ya\u011fmur. Hat\u0131ralar kadar yorgun, eski bir foto\u011fraf kadar yaralay\u0131c\u0131 bir \u015fark\u0131n\u0131n izini s\u00fcren ihtiyarlar vard\u0131 k\u00f6hnemi\u015f balkonlarda. Yar\u0131m kalm\u0131\u015f hik\u00e2yeler biriktirip yar\u0131na kalan d\u00fc\u015flerle avunanlar\u0131n ayak sesleri duyulmuyordu Faytoncular Caddesi&#8217;nde. Ak\u015fam\u0131n serin karanl\u0131\u011f\u0131, ince bir s\u0131z\u0131yd\u0131 her bir bak\u0131\u015fta. Yaln\u0131zl\u0131\u011f\u0131n ve h\u00fczn\u00fcn \u0131ss\u0131zl\u0131\u011f\u0131n\u0131 b\u00fcr\u00fcnm\u00fc\u015ft\u00fc kald\u0131r\u0131mlar. Matem ya\u011f\u0131yordu Faytoncular Caddesi&#8217;ne.  Murat AYB\u0130RD\u0130<\/p>\n","protected":false},"excerpt":{"rendered":"<p>Faytoncular Caddesi&#8217;ne \u00f6l\u00fcm sessizli\u011fi \u00e7\u00f6km\u00fc\u015ft\u00fc. Sokaklar bombo\u015f, \u0131ss\u0131z ve o eski g\u00f6steri\u015fli h\u00e2linden \u00e7ok uzakt\u0131. \u00d6m\u00fcrl\u00fck bir yoldan gelmi\u015f bir yolcu misali sokak aralar\u0131na s\u0131z\u0131p kuytularda<span class=\"excerpt-hellip\"> [\u2026]<\/span><\/p>\n","protected":false},"featured_media":0,"template":"","meta":{"_monsterinsights_skip_tracking":false,"_monsterinsights_sitenote_active":false,"_monsterinsights_sitenote_note":"","_monsterinsights_sitenote_category":0},"product_brand":[],"product_cat":[12291,12711],"product_tag":[],"class_list":{"0":"post-780670","1":"product","2":"type-product","3":"status-publish","5":"product_cat-edebiyat","6":"product_cat-roman-oyku","7":"pa_cilt-ciltsiz","8":"pa_tur-kitap","9":"pa_yayinevi-vova-yayinlari","10":"pa_yazar-murat-aybirdi","12":"first","13":"instock","14":"sale","15":"shipping-taxable","16":"purchasable","17":"product-type-simple"},"_links":{"self":[{"href":"https:\/\/roveyayinevi.com.tr\/index.php\/wp-json\/wp\/v2\/product\/780670","targetHints":{"allow":["GET"]}}],"collection":[{"href":"https:\/\/roveyayinevi.com.tr\/index.php\/wp-json\/wp\/v2\/product"}],"about":[{"href":"https:\/\/roveyayinevi.com.tr\/index.php\/wp-json\/wp\/v2\/types\/product"}],"wp:attachment":[{"href":"https:\/\/roveyayinevi.com.tr\/index.php\/wp-json\/wp\/v2\/media?parent=780670"}],"wp:term":[{"taxonomy":"product_brand","embeddable":true,"href":"https:\/\/roveyayinevi.com.tr\/index.php\/wp-json\/wp\/v2\/product_brand?post=780670"},{"taxonomy":"product_cat","embeddable":true,"href":"https:\/\/roveyayinevi.com.tr\/index.php\/wp-json\/wp\/v2\/product_cat?post=780670"},{"taxonomy":"product_tag","embeddable":true,"href":"https:\/\/roveyayinevi.com.tr\/index.php\/wp-json\/wp\/v2\/product_tag?post=780670"}],"curies":[{"name":"wp","href":"https:\/\/api.w.org\/{rel}","templated":true}]}}