{"id":780662,"date":"2026-01-20T04:14:44","date_gmt":"2026-01-20T01:14:44","guid":{"rendered":"https:\/\/roveyayinevi.com.tr\/index.php\/urun\/orgutsel-davranis-modern-yaklasimlar-ve-zit-kutuplar\/"},"modified":"2026-04-15T03:43:45","modified_gmt":"2026-04-15T00:43:45","slug":"orgutsel-davranis-modern-yaklasimlar-ve-zit-kutuplar","status":"publish","type":"product","link":"https:\/\/roveyayinevi.com.tr\/index.php\/urun\/orgutsel-davranis-modern-yaklasimlar-ve-zit-kutuplar\/","title":{"rendered":"\u00d6rg\u00fctsel Davran\u0131\u015f: Modern Yakla\u015f\u0131mlar Ve Z\u0131t Kutuplar"},"content":{"rendered":"<p>\u0130\u00e7indekiler :     B\u00d6L\u00dcM 1 \u0130\u015e TA\u015eMASI (JOB CREEP)   B\u00d6L\u00dcM 2 V\u0130CDAN\u0130 ZEK\u00c2   B\u00d6L\u00dcM 3 \u0130MPOSTER SENDROMU   B\u00d6L\u00dcM 4 SOSYOTEL\u0130ZM   B\u00d6L\u00dcM 5 \u0130\u015e MERKEZL\u0130L\u0130\u011e\u0130   B\u00d6L\u00dcM 6 KAR\u0130YER MEMNUN\u0130YET\u0130   B\u00d6L\u00dcM 7 SANAL DI\u015eLANMA   B\u00d6L\u00dcM 8 LEAV\u0130SM         B\u00d6L\u00dcM 9 KORKU \u0130KL\u0130M\u0130   B\u00d6L\u00dcM 10 \u0130\u015e G\u00dcVENCES\u0130ZL\u0130\u011e\u0130 <\/p>\n","protected":false},"excerpt":{"rendered":"<p>\u0130\u00e7indekiler : B\u00d6L\u00dcM 1 \u0130\u015e TA\u015eMASI (JOB CREEP) B\u00d6L\u00dcM 2 V\u0130CDAN\u0130 ZEK\u00c2 B\u00d6L\u00dcM 3 \u0130MPOSTER SENDROMU B\u00d6L\u00dcM 4 SOSYOTEL\u0130ZM B\u00d6L\u00dcM 5 \u0130\u015e MERKEZL\u0130L\u0130\u011e\u0130 B\u00d6L\u00dcM 6 KAR\u0130YER<span class=\"excerpt-hellip\"> [\u2026]<\/span><\/p>\n","protected":false},"featured_media":0,"template":"","meta":{"_monsterinsights_skip_tracking":false,"_monsterinsights_sitenote_active":false,"_monsterinsights_sitenote_note":"","_monsterinsights_sitenote_category":0},"product_brand":[],"product_cat":[13043,19008],"product_tag":[],"class_list":{"0":"post-780662","1":"product","2":"type-product","3":"status-publish","5":"product_cat-ekonomi","6":"product_cat-yonetim","7":"pa_cilt-ciltsiz","8":"pa_tur-kitap","9":"pa_yayinevi-gazi-kitabevi","10":"pa_yazar-kolektif","12":"first","13":"instock","14":"sale","15":"shipping-taxable","16":"purchasable","17":"product-type-simple"},"_links":{"self":[{"href":"https:\/\/roveyayinevi.com.tr\/index.php\/wp-json\/wp\/v2\/product\/780662","targetHints":{"allow":["GET"]}}],"collection":[{"href":"https:\/\/roveyayinevi.com.tr\/index.php\/wp-json\/wp\/v2\/product"}],"about":[{"href":"https:\/\/roveyayinevi.com.tr\/index.php\/wp-json\/wp\/v2\/types\/product"}],"wp:attachment":[{"href":"https:\/\/roveyayinevi.com.tr\/index.php\/wp-json\/wp\/v2\/media?parent=780662"}],"wp:term":[{"taxonomy":"product_brand","embeddable":true,"href":"https:\/\/roveyayinevi.com.tr\/index.php\/wp-json\/wp\/v2\/product_brand?post=780662"},{"taxonomy":"product_cat","embeddable":true,"href":"https:\/\/roveyayinevi.com.tr\/index.php\/wp-json\/wp\/v2\/product_cat?post=780662"},{"taxonomy":"product_tag","embeddable":true,"href":"https:\/\/roveyayinevi.com.tr\/index.php\/wp-json\/wp\/v2\/product_tag?post=780662"}],"curies":[{"name":"wp","href":"https:\/\/api.w.org\/{rel}","templated":true}]}}