{"id":780658,"date":"2026-01-20T04:13:00","date_gmt":"2026-01-20T01:13:00","guid":{"rendered":"https:\/\/roveyayinevi.com.tr\/index.php\/urun\/baslangic-3\/"},"modified":"2026-04-15T03:41:46","modified_gmt":"2026-04-15T00:41:46","slug":"baslangic-3","status":"publish","type":"product","link":"https:\/\/roveyayinevi.com.tr\/index.php\/urun\/baslangic-3\/","title":{"rendered":"Ba\u015flang\u0131\u00e7"},"content":{"rendered":"<p>Her veda bizi ba\u015fka bir yolculu\u011fa, ba\u015fka bir ba\u015flang\u0131ca ta\u015f\u0131r.  Bitti dedi\u011fimiz yerden yeniden ba\u015flar\u0131z, her zaman!  Hayat, ard\u0131nda b\u0131rakt\u0131\u011f\u0131m\u0131z her \u015feyle bizi biraz daha \u201cBen\u201d yapar.  Her biti\u015f, yeni bir BA\u015eLANGI\u00c7 asl\u0131nda.<\/p>\n","protected":false},"excerpt":{"rendered":"<p>Her veda bizi ba\u015fka bir yolculu\u011fa, ba\u015fka bir ba\u015flang\u0131ca ta\u015f\u0131r. Bitti dedi\u011fimiz yerden yeniden ba\u015flar\u0131z, her zaman! Hayat, ard\u0131nda b\u0131rakt\u0131\u011f\u0131m\u0131z her \u015feyle bizi biraz daha \u201cBen\u201d<span class=\"excerpt-hellip\"> [\u2026]<\/span><\/p>\n","protected":false},"featured_media":0,"template":"","meta":{"_monsterinsights_skip_tracking":false,"_monsterinsights_sitenote_active":false,"_monsterinsights_sitenote_note":"","_monsterinsights_sitenote_category":0},"product_brand":[],"product_cat":[12274,12284],"product_tag":[],"class_list":{"0":"post-780658","1":"product","2":"type-product","3":"status-publish","5":"product_cat-cocuk-ve-genclik-kitaplari","6":"product_cat-hikayeler","7":"pa_cilt-ciltsiz","8":"pa_tur-kitap","9":"pa_yayinevi-sincap-kitap","10":"pa_yazar-ayse-aydemir","12":"first","13":"instock","14":"sale","15":"shipping-taxable","16":"purchasable","17":"product-type-simple"},"_links":{"self":[{"href":"https:\/\/roveyayinevi.com.tr\/index.php\/wp-json\/wp\/v2\/product\/780658","targetHints":{"allow":["GET"]}}],"collection":[{"href":"https:\/\/roveyayinevi.com.tr\/index.php\/wp-json\/wp\/v2\/product"}],"about":[{"href":"https:\/\/roveyayinevi.com.tr\/index.php\/wp-json\/wp\/v2\/types\/product"}],"wp:attachment":[{"href":"https:\/\/roveyayinevi.com.tr\/index.php\/wp-json\/wp\/v2\/media?parent=780658"}],"wp:term":[{"taxonomy":"product_brand","embeddable":true,"href":"https:\/\/roveyayinevi.com.tr\/index.php\/wp-json\/wp\/v2\/product_brand?post=780658"},{"taxonomy":"product_cat","embeddable":true,"href":"https:\/\/roveyayinevi.com.tr\/index.php\/wp-json\/wp\/v2\/product_cat?post=780658"},{"taxonomy":"product_tag","embeddable":true,"href":"https:\/\/roveyayinevi.com.tr\/index.php\/wp-json\/wp\/v2\/product_tag?post=780658"}],"curies":[{"name":"wp","href":"https:\/\/api.w.org\/{rel}","templated":true}]}}