{"id":780652,"date":"2026-01-20T04:12:06","date_gmt":"2026-01-20T01:12:06","guid":{"rendered":"https:\/\/roveyayinevi.com.tr\/index.php\/urun\/bak-bul-kaydir-dogada-ciltli\/"},"modified":"2026-04-15T03:39:54","modified_gmt":"2026-04-15T00:39:54","slug":"bak-bul-kaydir-dogada-ciltli","status":"publish","type":"product","link":"https:\/\/roveyayinevi.com.tr\/index.php\/urun\/bak-bul-kaydir-dogada-ciltli\/","title":{"rendered":"Bak, Bul, Kayd\u0131r &#8211; Do\u011fada (Ciltli)"},"content":{"rendered":"<p>Her sayfada kayd\u0131rabilece\u011fin 6 ek sayfa!   Kayd\u0131rmal\u0131 sayfalarla heyecan dolu bir maceraya haz\u0131r m\u0131s\u0131n?   Bu harika vah\u015fi do\u011fay\u0131 ke\u015ffederken rengarenk mercan resiflerinden y\u00fcksek da\u011flara \u00e7\u0131kaca\u011f\u0131n bir yolculuk seni bekliyor. Kayd\u0131racak, bulacak ve alt\u0131nda neyin sakl\u0131 oldu\u011funa bakacaks\u0131n. Kayd\u0131rd\u0131\u011f\u0131n her sayfada ke\u015ffetmeni bekleyen bir s\u00fcrpriz var. Hadi, ba\u015flayal\u0131m! <\/p>\n","protected":false},"excerpt":{"rendered":"<p>Her sayfada kayd\u0131rabilece\u011fin 6 ek sayfa! Kayd\u0131rmal\u0131 sayfalarla heyecan dolu bir maceraya haz\u0131r m\u0131s\u0131n? Bu harika vah\u015fi do\u011fay\u0131 ke\u015ffederken rengarenk mercan resiflerinden y\u00fcksek da\u011flara \u00e7\u0131kaca\u011f\u0131n bir<span class=\"excerpt-hellip\"> [\u2026]<\/span><\/p>\n","protected":false},"featured_media":0,"template":"","meta":{"_monsterinsights_skip_tracking":false,"_monsterinsights_sitenote_active":false,"_monsterinsights_sitenote_note":"","_monsterinsights_sitenote_category":0},"product_brand":[],"product_cat":[12274,12284],"product_tag":[],"class_list":{"0":"post-780652","1":"product","2":"type-product","3":"status-publish","5":"product_cat-cocuk-ve-genclik-kitaplari","6":"product_cat-hikayeler","7":"pa_cilt-ciltli","8":"pa_tur-kitap","9":"pa_yayinevi-indigo-cocuk","10":"pa_yazar-kolektif","12":"first","13":"instock","14":"sale","15":"shipping-taxable","16":"purchasable","17":"product-type-simple"},"_links":{"self":[{"href":"https:\/\/roveyayinevi.com.tr\/index.php\/wp-json\/wp\/v2\/product\/780652","targetHints":{"allow":["GET"]}}],"collection":[{"href":"https:\/\/roveyayinevi.com.tr\/index.php\/wp-json\/wp\/v2\/product"}],"about":[{"href":"https:\/\/roveyayinevi.com.tr\/index.php\/wp-json\/wp\/v2\/types\/product"}],"wp:attachment":[{"href":"https:\/\/roveyayinevi.com.tr\/index.php\/wp-json\/wp\/v2\/media?parent=780652"}],"wp:term":[{"taxonomy":"product_brand","embeddable":true,"href":"https:\/\/roveyayinevi.com.tr\/index.php\/wp-json\/wp\/v2\/product_brand?post=780652"},{"taxonomy":"product_cat","embeddable":true,"href":"https:\/\/roveyayinevi.com.tr\/index.php\/wp-json\/wp\/v2\/product_cat?post=780652"},{"taxonomy":"product_tag","embeddable":true,"href":"https:\/\/roveyayinevi.com.tr\/index.php\/wp-json\/wp\/v2\/product_tag?post=780652"}],"curies":[{"name":"wp","href":"https:\/\/api.w.org\/{rel}","templated":true}]}}