{"id":780649,"date":"2026-01-20T04:11:30","date_gmt":"2026-01-20T01:11:30","guid":{"rendered":"https:\/\/roveyayinevi.com.tr\/index.php\/urun\/minik-eller-boyuyor-harfler-boyama-kitabi-ornek-resimli\/"},"modified":"2026-04-15T03:39:29","modified_gmt":"2026-04-15T00:39:29","slug":"minik-eller-boyuyor-harfler-boyama-kitabi-ornek-resimli","status":"publish","type":"product","link":"https:\/\/roveyayinevi.com.tr\/index.php\/urun\/minik-eller-boyuyor-harfler-boyama-kitabi-ornek-resimli\/","title":{"rendered":"Minik Eller Boyuyor &#8211; Harfler Boyama Kitab\u0131 (\u00d6rnek Resimli)"},"content":{"rendered":"<p>Harflerle tan\u0131\u015fmaya haz\u0131r m\u0131s\u0131n?O h\u00e2lde bu kitap tam sana g\u00f6re!Bu boyama kitab\u0131, A\u2019dan Z\u2019ye sevimli harflerle dolu!Harfleri boyarken hem alfabenin sihirli kap\u0131lar\u0131n\u0131 aralayacak hem de okuma sevgisi edineceksin.Haydi, eline kalemi al ve hayal g\u00fcc\u00fcn\u00fc konu\u015ftur!<\/p>\n","protected":false},"excerpt":{"rendered":"<p>Harflerle tan\u0131\u015fmaya haz\u0131r m\u0131s\u0131n?O h\u00e2lde bu kitap tam sana g\u00f6re!Bu boyama kitab\u0131, A\u2019dan Z\u2019ye sevimli harflerle dolu!Harfleri boyarken hem alfabenin sihirli kap\u0131lar\u0131n\u0131 aralayacak hem de okuma<span class=\"excerpt-hellip\"> [\u2026]<\/span><\/p>\n","protected":false},"featured_media":0,"template":"","meta":{"_monsterinsights_skip_tracking":false,"_monsterinsights_sitenote_active":false,"_monsterinsights_sitenote_note":"","_monsterinsights_sitenote_category":0},"product_brand":[],"product_cat":[12644,12274],"product_tag":[],"class_list":{"0":"post-780649","1":"product","2":"type-product","3":"status-publish","5":"product_cat-boyama-kitaplari","6":"product_cat-cocuk-ve-genclik-kitaplari","7":"pa_cilt-ciltsiz","8":"pa_tur-kitap","9":"pa_yayinevi-bilgi-park","10":"pa_yazar-bilge-yorulmaz","12":"first","13":"instock","14":"sale","15":"shipping-taxable","16":"purchasable","17":"product-type-simple"},"_links":{"self":[{"href":"https:\/\/roveyayinevi.com.tr\/index.php\/wp-json\/wp\/v2\/product\/780649","targetHints":{"allow":["GET"]}}],"collection":[{"href":"https:\/\/roveyayinevi.com.tr\/index.php\/wp-json\/wp\/v2\/product"}],"about":[{"href":"https:\/\/roveyayinevi.com.tr\/index.php\/wp-json\/wp\/v2\/types\/product"}],"wp:attachment":[{"href":"https:\/\/roveyayinevi.com.tr\/index.php\/wp-json\/wp\/v2\/media?parent=780649"}],"wp:term":[{"taxonomy":"product_brand","embeddable":true,"href":"https:\/\/roveyayinevi.com.tr\/index.php\/wp-json\/wp\/v2\/product_brand?post=780649"},{"taxonomy":"product_cat","embeddable":true,"href":"https:\/\/roveyayinevi.com.tr\/index.php\/wp-json\/wp\/v2\/product_cat?post=780649"},{"taxonomy":"product_tag","embeddable":true,"href":"https:\/\/roveyayinevi.com.tr\/index.php\/wp-json\/wp\/v2\/product_tag?post=780649"}],"curies":[{"name":"wp","href":"https:\/\/api.w.org\/{rel}","templated":true}]}}