{"id":780641,"date":"2026-01-20T03:58:02","date_gmt":"2026-01-20T00:58:02","guid":{"rendered":"https:\/\/roveyayinevi.com.tr\/index.php\/urun\/daniel-yeni-bir-yemek-deniyor\/"},"modified":"2026-04-15T03:28:37","modified_gmt":"2026-04-15T00:28:37","slug":"daniel-yeni-bir-yemek-deniyor","status":"publish","type":"product","link":"https:\/\/roveyayinevi.com.tr\/index.php\/urun\/daniel-yeni-bir-yemek-deniyor\/","title":{"rendered":"Daniel Yeni Bir Yemek Deniyor"},"content":{"rendered":"<p>\u00c7itlembik ak\u015fam yeme\u011fine geliyor ve Anne Kaplan iki \u00e7ok \u00f6zel yemek haz\u0131rl\u0131yor! Daniel yemekleri deneme konusunda pek hevesli de\u011fil. Ya tatlar\u0131n\u0131 be\u011fenmezse? Annesi ve \u00c7itlembik, Daniel\u2019a yeni lezzetlere a\u00e7\u0131k olmam\u0131z gerekti\u011fini s\u00f6yl\u00fcyorlar! <\/p>\n","protected":false},"excerpt":{"rendered":"<p>\u00c7itlembik ak\u015fam yeme\u011fine geliyor ve Anne Kaplan iki \u00e7ok \u00f6zel yemek haz\u0131rl\u0131yor! Daniel yemekleri deneme konusunda pek hevesli de\u011fil. Ya tatlar\u0131n\u0131 be\u011fenmezse? Annesi ve \u00c7itlembik, Daniel\u2019a<span class=\"excerpt-hellip\"> [\u2026]<\/span><\/p>\n","protected":false},"featured_media":0,"template":"","meta":{"_monsterinsights_skip_tracking":false,"_monsterinsights_sitenote_active":false,"_monsterinsights_sitenote_note":"","_monsterinsights_sitenote_category":0},"product_brand":[],"product_cat":[12274,12284],"product_tag":[],"class_list":{"0":"post-780641","1":"product","2":"type-product","3":"status-publish","5":"product_cat-cocuk-ve-genclik-kitaplari","6":"product_cat-hikayeler","7":"pa_cilt-ciltsiz","8":"pa_tur-kitap","9":"pa_yayinevi-eksik-parca-yayinlari","10":"pa_yazar-becky-friedman","12":"first","13":"instock","14":"sale","15":"shipping-taxable","16":"purchasable","17":"product-type-simple"},"_links":{"self":[{"href":"https:\/\/roveyayinevi.com.tr\/index.php\/wp-json\/wp\/v2\/product\/780641","targetHints":{"allow":["GET"]}}],"collection":[{"href":"https:\/\/roveyayinevi.com.tr\/index.php\/wp-json\/wp\/v2\/product"}],"about":[{"href":"https:\/\/roveyayinevi.com.tr\/index.php\/wp-json\/wp\/v2\/types\/product"}],"wp:attachment":[{"href":"https:\/\/roveyayinevi.com.tr\/index.php\/wp-json\/wp\/v2\/media?parent=780641"}],"wp:term":[{"taxonomy":"product_brand","embeddable":true,"href":"https:\/\/roveyayinevi.com.tr\/index.php\/wp-json\/wp\/v2\/product_brand?post=780641"},{"taxonomy":"product_cat","embeddable":true,"href":"https:\/\/roveyayinevi.com.tr\/index.php\/wp-json\/wp\/v2\/product_cat?post=780641"},{"taxonomy":"product_tag","embeddable":true,"href":"https:\/\/roveyayinevi.com.tr\/index.php\/wp-json\/wp\/v2\/product_tag?post=780641"}],"curies":[{"name":"wp","href":"https:\/\/api.w.org\/{rel}","templated":true}]}}